000
CXUS55 KLKN 011844
CLMWMC


CLIMATE REPORT
NATIONAL WEATHER SERVICE ELKO NV
1132 AM PDT SUN APR 1 2018

...................................

...THE WINNEMUCCA AIRPORT NV CLIMATE SUMMARY FOR THE MONTH OF MARCH 2018...

CLIMATE NORMAL PERIOD 1981 TO 2010
CLIMATE RECORD PERIOD 1877 TO 2018

WEATHER         OBSERVED          NORMAL  DEPART  LAST YEAR`S
                 VALUE   DATE(S)  VALUE   FROM    VALUE  DATE(S)
                                          NORMAL
................................................................
TEMPERATURE (F)
RECORD
 HIGH              82   03/29/1879
 LOW               -3   03/02/1971
                        03/01/1971
                        03/12/1954
HIGHEST            71   03/31        71       0       74  03/14
                        03/30
LOWEST             15   03/18        12       3       16  03/01
                        03/05
AVG. MAXIMUM     52.8              55.7    -2.9     59.2
AVG. MINIMUM     26.5              26.6    -0.1     29.7
MEAN             39.6              41.1    -1.5     44.5
DAYS MAX >= 90      0               0.0     0.0        0
DAYS MAX <= 32      0               0.0     0.0        0
DAYS MIN <= 32     26              23.8     2.2       18
DAYS MIN <= 0       0               0.0     0.0        0

PRECIPITATION (INCHES)
RECORD
 MAXIMUM         3.04   1899
 MINIMUM         0.03   2004
TOTALS           1.88              0.83    1.05     1.28
DAILY AVG.       0.06              0.03    0.03     0.04
DAYS >= .01        12               8.2     3.8       10
DAYS >= .10         8               3.0     5.0        5
DAYS >= .50         1               0.1     0.9        1
DAYS >= 1.00        0               0.0     0.0        0
GREATEST
 24 HR. TOTAL    0.80   03/16 TO 03/16              0.61

SNOWFALL (INCHES)
RECORDS
 TOTAL           23.4   1952
TOTALS           15.2               3.2    12.0      2.2
SINCE 7/1        26.4              19.2     7.2     18.3
SNOWDEPTH AVG.      1                                  0
DAYS >= TRACE       8               2.7     5.3        4
DAYS >= 1.0         5               1.1     3.9        1
GREATEST
 SNOW DEPTH         8R  03/17                         -1
 24 HR TOTAL      8.7R  03/16 TO 03/16               1.3

DEGREE_DAYS
HEATING TOTAL     778               739      39      626
 SINCE 7/1       5017              5328    -311     5065
COOLING TOTAL       0                 0       0        0
 SINCE 1/1          0                 0       0        0
.................................................................

WIND (MPH)
AVERAGE WIND SPEED              7.8
HIGHEST WIND SPEED/DIRECTION    47/230    DATE  03/13
HIGHEST GUST SPEED/DIRECTION    60/220    DATE  03/13

AVERAGE RH (PERCENT)     58

WEATHER CONDITIONS. NUMBER OF DAYS WITH
THUNDERSTORM              1     MIXED PRECIP               0
HEAVY RAIN                0     RAIN                       2
LIGHT RAIN                5     FREEZING RAIN              0
LT FREEZING RAIN          0     HAIL                       0
HEAVY SNOW                1     SNOW                       4
LIGHT SNOW                8     SLEET                      0
FOG                      10     FOG W/VIS <= 1/4 MILE      1
HAZE                      4

-  INDICATES NEGATIVE NUMBERS.
R  INDICATES RECORD WAS SET OR TIED.
MM INDICATES DATA IS MISSING.
T  INDICATES TRACE AMOUNT.

&&

=====================================================================

...7TH WETTEST MARCH ON RECORD IN WINNEMUCCA...
...6TH SNOWIEST MARCH ON RECORD IN WINNEMUCCA...

A RECORD DAILY RAINFALL OF 0.80 INCHES WAS SET ON THE 16TH.
A RECORD DAILY SNOWFALL OF 8.7 INCHES WAS SET ON THE 16TH.
A RECORD DAILY SNOWFALL OF 2.3 INCHES WAS SET ON TEH 24TH.

$$

DS
