000
CXUS56 KMTR 011843
CLMWVI


CLIMATE REPORT
NATIONAL WEATHER SERVICE SAN FRANCISCO BAY AREA
1142 AM PDT SUN APR 1 2018

...................................

...THE WATSONVILLE AIRPORT CLIMATE SUMMARY FOR THE MONTH OF MARCH 2018...

CLIMATE NORMAL PERIOD 1981 TO 2010
CLIMATE RECORD PERIOD 1998 TO 2018

WEATHER         OBSERVED          NORMAL   LAST YEAR`S
                 VALUE   DATE(S)  VALUE    VALUE  DATE(S)

.........................................................
TEMPERATURE (F)
HIGHEST            82   03/30        MM        85  03/13
LOWEST             33R  03/05        MM        34  03/02
AVG. MAXIMUM     63.4                        66.7
AVG. MINIMUM     42.5                        45.2
MEAN             52.9              53.2      56.0
DAYS MAX >= 90      0                           0
DAYS MAX <= 32      0                           0
DAYS MIN <= 32      0                           0
DAYS MIN <= 0       0                           0

PRECIPITATION (INCHES)
RECORD
 MAXIMUM           MM   MM
 MINIMUM           MM   MM
TOTALS           5.41                        3.99
DAILY AVG.       0.23                        0.13
DAYS >= .01        13                           9
DAYS >= .10         9                           7
DAYS >= .50         6                           4
DAYS >= 1.00        1                           0
GREATEST
 24 HR. TOTAL    1.09   03/21 TO 03/21    03/22 TO 03/22
                                                   03/31 TO 03/31
                                                   03/31 TO 03/31

DEGREE_DAYS
HEATING TOTAL     365                         273
 SINCE 7/1       1933                        2232
COOLING TOTAL       0                           0
 SINCE 1/1          0                           0
..........................................................

WIND (MPH)
AVERAGE WIND SPEED              4.9
RESULTANT WIND SPEED/DIRECTION   2/221
HIGHEST WIND SPEED/DIRECTION    28/180    DATE  03/01
HIGHEST GUST SPEED/DIRECTION    37/190    DATE  03/01

SKY COVER
POSSIBLE SUNSHINE (PERCENT)   MM
AVERAGE SKY COVER           0.40
NUMBER OF DAYS FAIR           16
NUMBER OF DAYS PC              7
NUMBER OF DAYS CLOUDY          8

AVERAGE RH (PERCENT)     75

WEATHER CONDITIONS. NUMBER OF DAYS WITH
  0
 11
  0
  0
  0
  0
  3
HAZE                      7

-  INDICATES NEGATIVE NUMBERS.
R  INDICATES RECORD WAS SET OR TIED.
MM INDICATES DATA IS MISSING.
T  INDICATES TRACE AMOUNT.

$$
