000
CXUS51 KCLE 061457
CLMYNG


CLIMATE REPORT
NATIONAL WEATHER SERVICE CLEVELAND OH
1047 AM EDT SUN MAY 6 2018

...................................

...THE YOUNGSTOWN OH CLIMATE SUMMARY FOR THE MONTH OF APRIL 2018...

CLIMATE NORMAL PERIOD 1981 TO 2010
CLIMATE RECORD PERIOD 1897 TO 2018

WEATHER         OBSERVED          NORMAL  DEPART  LAST YEAR`S
                 VALUE   DATE(S)  VALUE   FROM    VALUE
                                          NORMAL
.............................................................
TEMPERATURE (F)
RECORD
 HIGH              88   04/27/1990
                        04/10/1945
 LOW               11   04/14/1950
HIGHEST            80   04/13
LOWEST             20   04/10
                        04/07
AVG. MAXIMUM     54.4              59.0    -4.6     66.2
AVG. MINIMUM     32.7              38.0    -5.3     43.5
MEAN             43.6              48.5    -4.9     54.8
DAYS MAX >= 90      0               0.0     0.0        0
DAYS MAX <= 32      0               0.3    -0.3        0
DAYS MIN <= 32     16               8.6     7.4        4
DAYS MIN <= 0       0               0.0     0.0        0

PRECIPITATION (INCHES)
RECORD
 MAXIMUM         7.29   1998
 MINIMUM         1.01
TOTALS           4.44              3.36    1.08     3.84
DAYS >= .01        18              14.5     3.5       16
DAYS >= .10        10               7.8     2.2       11
DAYS >= .50         3               2.0     1.0        1
DAYS >= 1.00        2               0.6     1.4        0
GREATEST
 24 HR. TOTAL    1.21   04/15 TO 04/15              1.12

SNOWFALL (INCHES)
RECORDS
 TOTAL           14.8   2005
TOTALS            7.6               3.0     4.6      2.0
SINCE 7/1        81.3              62.7    18.6     69.5
DAYS >= 1.0         4               0.6     3.4        1
GREATEST
 24 HR TOTAL      2.5   04/06 TO 04/06

DEGREE_DAYS
HEATING TOTAL     636               503     133      311
 SINCE 7/1       5927              6027    -100     4965
COOLING TOTAL       2                 8      -6       16
 SINCE 1/1          4                 9      -5       16
..............................................................

WIND (MPH)
AVERAGE WIND SPEED              9.4
HIGHEST WIND SPEED/DIRECTION    37/240    DATE  04/06
HIGHEST GUST SPEED/DIRECTION    52/260    DATE  04/04

SKY COVER
AVERAGE SKY COVER           0.80

AVERAGE RH (PERCENT)     66


-  INDICATES NEGATIVE NUMBERS.
R  INDICATES RECORD WAS SET OR TIED.
MM INDICATES DATA IS MISSING.
T  INDICATES TRACE AMOUNT.

$$
