000
CXUS51 KALY 031351
CLSPSF

CLIMATE REPORT
NATIONAL WEATHER SERVICE ALBANY NY
836 AM EST SAT MAR 3 2018

...................................

...THE PITTSFIELD MA CLIMATE SUMMARY FOR THE SEASON, FROM
12/1/2017 TO 2/28/2018...

CLIMATE NORMAL PERIOD 1981 TO 2010
CLIMATE RECORD PERIOD 9999 TO 9999

WEATHER         OBSERVED          NORMAL  DEPART  LAST YEAR`S
                 VALUE   DATE(S)  VALUE   FROM    VALUE  DATE(S)
                                          NORMAL
................................................................
TEMPERATURE (F)
HIGHEST            73   02/21                         69  02/24
LOWEST            -10   01/07                         -4  01/09
AVG. MAXIMUM     34.5              31.7     2.8     36.0
AVG. MINIMUM     17.3              15.4     1.9     20.3
MEAN             25.9              23.6     2.3     28.2
DAYS MAX >= 90      0               0.0     0.0        0
DAYS MAX <= 32     39              47.8    -8.8       32
DAYS MIN <= 32     81              85.4    -4.4       81
DAYS MIN <= 0      12               8.7     3.3        4

PRECIPITATION (INCHES)
TOTALS          10.90              8.60    2.30     8.60
DAILY AVG.       0.12              0.10    0.02     0.10
DAYS >= .01        35                                 40
DAYS >= .10        23                                 22
DAYS >= .50         6                                  4
DAYS >= 1.00        2                                  0
GREATEST
 24 HR. TOTAL    2.35   01/12 TO 01/12

DEGREE_DAYS
HEATING TOTAL    3517              3729    -212
 SINCE 7/1       4842              5380    -538
COOLING TOTAL       0                 0       0
 SINCE 1/1          0                 0       0

FREEZE DATES
EARLIEST                        10/04
LATEST                          05/07
.................................................................

WIND (MPH)
AVERAGE WIND SPEED              7.5
HIGHEST WIND SPEED/DIRECTION    38/300    DATE  01/05
HIGHEST GUST SPEED/DIRECTION    52/280    DATE  01/05


WEATHER CONDITIONS. NUMBER OF DAYS WITH
THUNDERSTORM              0     MIXED PRECIP               0
HEAVY RAIN                2     RAIN                       7
LIGHT RAIN               24     FREEZING RAIN              2
LT FREEZING RAIN          5     HAIL                       0
HEAVY SNOW                4     SNOW                      11
LIGHT SNOW               37     SLEET                      0
FOG                      47     FOG W/VIS <= 1/4 MILE     15
HAZE                     40

-  INDICATES NEGATIVE NUMBERS.
R  INDICATES RECORD WAS SET OR TIED.
MM INDICATES DATA IS MISSING.
T  INDICATES TRACE AMOUNT.

$$
