000
CXUS51 KBOX 012200
CLSPVD
CLIMATE REPORT
NATIONAL WEATHER SERVICE BOSTON/NORTON MA
456 PM EST FRI MAR 01 2024
...................................
...THE PROVIDENCE RI CLIMATE SUMMARY FOR THE SEASON, FROM
12/1/2023 TO 2/29/2024...
CLIMATE NORMAL PERIOD 1991 TO 2020
CLIMATE RECORD PERIOD 1904 TO 2024
WEATHER OBSERVED NORMAL DEPART LAST YEAR`S
VALUE DATE(S) VALUE FROM VALUE
NORMAL
..............................................................
TEMPERATURE (F)
RECORD
HIGH 77 12/07/1998
LOW -17 02/09/1934
HIGHEST 62 12/11 71
LOWEST 12 01/21 -9
AVG. MAXIMUM 43.1 40.7 2.4
AVG. MINIMUM 28.0 24.4 3.6
MEAN 35.6 32.5 3.1
DAYS MAX >= 90 0 0.0 0.0
DAYS MAX <= 32 5 18.2 -13.2
DAYS MIN <= 32 63 73.0 -10.0
DAYS MIN <= 0 0 0.8 -0.8
PRECIPITATION (INCHES)
RECORD
MAXIMUM 20.93 1979
MINIMUM 4.37 1980
TOTALS 19.05 12.05 7.00
DAILY AVG. 0.21 NAN NAN
DAYS >= .01 33 33.4 -0.4
DAYS >= .10 21 20.8 0.2
DAYS >= .50 14 8.6 5.4
DAYS >= 1.00 7 3.3 3.7
GREATEST
24 HR. TOTAL 3.94 01/09 TO 01/10
SNOWFALL (INCHES)
RECORDS
MAXIMUM 65.3 1948
MINIMUM 4.0 1937
SNOW DEPTH 30 02/05/1961
TOTALS 18.3 28.4 -10.1
LIQUID EQUIV 1.80
SINCE 7/1 18.3 29.6 -11.3
SNOWDEPTH AVG. 1
DAYS >= TRACE 19 14.5 4.5
DAYS >= 1.0 4 7.2 -3.2
GREATEST
SNOW DEPTH 4 01/07
02/14
24 HR TOTAL 6.2 02/13 TO 02/13
DEGREE DAYS
HEATING TOTAL 2656 2917 -261
SINCE 7/1 3659 4002 -343
COOLING TOTAL 0 0 0
SINCE 1/1 0 0 0
FREEZE DATES
RECORD
EARLIEST 10/05/1965
LATEST 05/12/1907
EARLIEST 11/02
LATEST 04/10
..............................................................
WIND (MPH)
AVERAGE WIND SPEED 8.1
RESULTANT WIND SPEED/DIRECTION 3/300
HIGHEST WIND SPEED/DIRECTION 40/150 DATE 12/18
HIGHEST GUST SPEED/DIRECTION 63/140 DATE 12/18
SKY COVER
POSSIBLE SUNSHINE (PERCENT) MM
AVERAGE SKY COVER 0.59
NUMBER OF DAYS FAIR 24
NUMBER OF DAYS PC 31
NUMBER OF DAYS CLOUDY 36
AVERAGE RH (PERCENT) 73
WEATHER CONDITIONS. NUMBER OF DAYS WITH
THUNDERSTORM 0 MIXED PRECIP 0
HEAVY RAIN 7 RAIN 13
LIGHT RAIN 31 FREEZING RAIN 0
LT FREEZING RAIN 1 HAIL 0
HEAVY SNOW 1 SNOW 3
LIGHT SNOW 19 SLEET 2
FOG 47 FOG W/VIS <= 1/4 MILE 9
HAZE 5
- INDICATES NEGATIVE NUMBERS.
R INDICATES RECORD WAS SET OR TIED.
MM INDICATES DATA IS MISSING.
T INDICATES TRACE AMOUNT.
$$