000
CXHW50 PHFO 011250
CF6JRF
PRELIMINARY LOCAL CLIMATOLOGICAL DATA (WS FORM: F-6)
STATION: KALAELOA ARPT/OAHU HI
MONTH: JULY
YEAR: 2021
LATITUDE: 21 19 N
LONGITUDE: 158 4 W
TEMPERATURE IN F: :PCPN: SNOW: WIND :SUNSHINE: SKY :PK WND
================================================================================
1 2 3 4 5 6A 6B 7 8 9 10 11 12 13 14 15 16 17 18
12Z AVG MX 2MIN
DY MAX MIN AVG DEP HDD CDD WTR SNW DPTH SPD SPD DIR MIN PSBL S-S WX SPD DR
================================================================================
1 89 71 80 0 0 15 0.00 M M 7.5 16 50 M M 4 8 24 80
2 88 76 82 2 0 17 T M M 8.7 17 40 M M 4 8 26 80
3 86 74 80 0 0 15 T M M 8.1 17 30 M M 6 8 27 50
4 86 72 79 -1 0 14 0.01 M M 7.4 16 50 M M 7 8 24 30
5 90 70 80 0 0 15 T M M 7.6 16 120 M M 4 8 23 90
6 89 73 81 1 0 16 T M M 7.7 15 30 M M 4 25 100
7 89 73 81 1 0 16 0.01 M M 7.2 14 70 M M 3 21 70
8 89 72 81 1 0 16 T M M 7.6 17 140 M M 2 23 120
9 87 73 80 0 0 15 T M M 8.3 21 120 M M 2 27 130
10 88 72 80 0 0 15 T M M 7.5 20 130 M M 3 23 120
11 89 75 82 2 0 17 0.00 M M 7.4 16 70 M M 2 24 80
12 87 73 80 0 0 15 0.03 M M 7.9 18 140 M M 3 23 130
13 90 71 81 1 0 16 0.03 M M 6.2 15 50 M M 4 22 50
14 88 71 80 0 0 15 0.02 M M 6.3 15 120 M M 5 19 110
15 91 80 86 6 0 21 0.00 M M 8.4 18 110 M M 2 25 100
16 90 77 84 4 0 19 0.00 M M 8.3 17 50 M M 4 28 50
17 91 76 84 4 0 19 T M M 7.2 17 60 M M 6 25 90
18 91 76 84 4 0 19 0.00 M M 7.4 16 60 M M 5 24 60
19 90 72 81 1 0 16 T M M 7.9 16 90 M M 5 26 80
20 90 75 83 3 0 18 T M M 8.0 18 40 M M 3 29 50
21 88 76 82 2 0 17 T M M 8.3 16 100 M M 4 25 60
22 90 77 84 4 0 19 0.00 M M 8.0 18 60 M M 3 30 80
23 90 76 83 3 0 18 T M M 8.6 17 100 M M 4 25 110
24 92 78 85 5 0 20 0.00 M M 8.3 15 40 M M 4 23 70
25 92 78 85 5 0 20 0.00 M M 8.2 16 40 M M 3 24 40
26 92 77 85 5 0 20 0.00 M M 7.8 16 40 M M 2 26 30
27 92 75 84 3 0 19 0.00 M M 7.8 15 50 M M 1 22 30
28 88 77 83 2 0 18 0.00 M M 6.9 14 80 M M 2 21 80
29 91 75 83 2 0 18 0.00 M M 7.7 14 40 M M 4 21 40
30 91 74 83 2 0 18 0.00 M M 8.0 17 130 M M 3 26 70
31 92 77 85 4 0 20 0.00 M M 8.8 18 80 M M 1 29 90
================================================================================
SM 2776 2312 0 536 0.10 M 241.0 M 109
================================================================================
AV 89.5 74.6 7.8 FASTST M M 4 MAX(MPH)
MISC ----> 21 120 30 80
================================================================================
NOTES:
# LAST OF SEVERAL OCCURRENCES
COLUMN 17 PEAK WIND IN M.P.H.
PRELIMINARY LOCAL CLIMATOLOGICAL DATA (WS FORM: F-6) , PAGE 2
STATION: KALAELOA ARPT/OAHU HI
MONTH: JULY
YEAR: 2021
LATITUDE: 21 19 N
LONGITUDE: 158 4 W
[TEMPERATURE DATA] [PRECIPITATION DATA] SYMBOLS USED IN COLUMN 16
AVERAGE MONTHLY: 82.1 TOTAL FOR MONTH: 0.10 1 = FOG OR MIST
DPTR FM NORMAL: 1.8 DPTR FM NORMAL: -0.19 2 = FOG REDUCING VISIBILITY
HIGHEST: 92 ON 31,27 GRTST 24HR 0.03 ON 12-12 TO 1/4 MILE OR LESS
LOWEST: 70 ON 5 3 = THUNDER
SNOW, ICE PELLETS, HAIL 4 = ICE PELLETS
TOTAL MONTH: M 5 = HAIL
GRTST 24HR M ON M 6 = FREEZING RAIN OR DRIZZLE
GRTST DEPTH: M ON M 7 = DUSTSTORM OR SANDSTORM:
VSBY 1/2 MILE OR LESS
8 = SMOKE OR HAZE
[NO. OF DAYS WITH] [WEATHER - DAYS WITH] 9 = BLOWING SNOW
X = TORNADO
MAX 32 OR BELOW: 0 0.01 INCH OR MORE: 5
MAX 90 OR ABOVE: 17 0.10 INCH OR MORE: 0
MIN 32 OR BELOW: 0 0.50 INCH OR MORE: 0
MIN 0 OR BELOW: 0 1.00 INCH OR MORE: 0
[HDD (BASE 65) ]
TOTAL THIS MO. 0 CLEAR (SCALE 0-3) 12
DPTR FM NORMAL 0 PTCLDY (SCALE 4-7) 19
TOTAL FM JUL 1 0 CLOUDY (SCALE 8-10) 0
DPTR FM NORMAL 0
[CDD (BASE 65) ]
TOTAL THIS MO. 536
DPTR FM NORMAL 63 [PRESSURE DATA]
TOTAL FM JAN 1 2511 HIGHEST SLP 30.14 ON 20
DPTR FM NORMAL 180 LOWEST SLP 29.96 ON 8
[REMARKS]
#FINAL-07-21#