000
CXHW53 PHFO 011250
CF6KOA
PRELIMINARY LOCAL CLIMATOLOGICAL DATA (WS FORM: F-6)
STATION: KONA HI
MONTH: AUGUST
YEAR: 2022
LATITUDE: 19 38 N
LONGITUDE: 156 0 W
TEMPERATURE IN F: :PCPN: SNOW: WIND :SUNSHINE: SKY :PK WND
================================================================================
1 2 3 4 5 6A 6B 7 8 9 10 11 12 13 14 15 16 17 18
12Z AVG MX 2MIN
DY MAX MIN AVG DEP HDD CDD WTR SNW DPTH SPD SPD DIR MIN PSBL S-S WX SPD DR
================================================================================
1 88 75 82 1 0 17 0.00 M M 8.1 21 160 M M 4 27 160
2 86 73 80 -1 0 15 0.25 M M 7.4 17 180 M M 3 8 23 160
3 85 72 79 -2 0 14 0.00 M M 6.9 15 210 M M 2 20 210
4 85 74 80 -1 0 15 0.00 M M 6.2 15 300 M M 5 18 290
5 87 73 80 -1 0 15 0.00 M M 9.4 17 330 M M 2 21 320
6 88 75 82 0 0 17 0.00 M M 9.4 16 190 M M 2 20 200
7 88 77 83 1 0 18 0.00 M M 8.2 15 260 M M 7 18 260
8 87 75 81 -1 0 16 0.10 M M 9.6 22 10 M M 5 1 27 50
9 88 75 82 0 0 17 0.00 M M 7.4 21 20 M M 3 27 20
10 89 77 83 1 0 18 0.00 M M 11.8 28 60 M M 1 36 80
11 88 76 82 0 0 17 0.00 M M 7.8 17 30 M M 4 21 40
12 87 76 82 0 0 17 0.03 M M 8.8 18 170 M M 5 23 170
13 85 73 79 -3 0 14 0.00 M M 6.4 14 240 M M 5 16 250
14 86 75 81 -1 0 16 0.00 M M 8.2 14 260 M M 4 18 210
15 87 73 80 -2 0 15 0.00 M M 7.7 14 140 M M 2 16 130
16 87 75 81 -1 0 16 0.00 M M 6.9 17 180 M M 2 20 180
17 87 78 83 1 0 18 0.22 M M 6.9 13 200 M M 6 1 16 230
18 86 76 81 -1 0 16 0.75 M M 7.3 15 10 M M 6 1 18 350
19 86 73 80 -2 0 15 0.00 M M 8.2 14 30 M M 5 17 50
20 88 76 82 0 0 17 0.00 M M 8.1 18 50 M M 4 23 60
21 87 74 81 -1 0 16 0.00 M M 7.4 21 50 M M 3 23 50
22 87 74 81 -1 0 16 0.00 M M 7.8 18 180 M M 5 22 180
23 87 75 81 -1 0 16 0.00 M M 9.5 16 320 M M 3 20 10
24 87 79 83 1 0 18 T M M 8.2 15 240 M M 6 18 240
25 87 78 83 1 0 18 0.02 M M 8.9 15 230 M M 7 18 230
26 87 73 80 -2 0 15 T M M 7.1 15 190 M M 4 19 180
27 M M M M M M T M M 8.1 16 200 M M 6 20 210
28 M M M M M M 0.00 M M 8.3 16 180 M M 2 20 190
29 M M M M M M 0.00 M M 6.9 15 140 M M 2 20 120
30 M M M M M M 0.00 M M 7.0 15 190 M M 2 19 190
31 87 76 82 1 0 17 T M M 8.5 18 190 M M 5 22 30
================================================================================
SM 2347 2026 0 439 1.37 M 248.4 M 122
================================================================================
AV 86.9 75.0 8.0 FASTST M M 4 MAX(MPH)
MISC ----> 28 60 36 80
================================================================================
NOTES:
# LAST OF SEVERAL OCCURRENCES
COLUMN 17 PEAK WIND IN M.P.H.
PRELIMINARY LOCAL CLIMATOLOGICAL DATA (WS FORM: F-6) , PAGE 2
STATION: KONA HI
MONTH: AUGUST
YEAR: 2022
LATITUDE: 19 38 N
LONGITUDE: 156 0 W
[TEMPERATURE DATA] [PRECIPITATION DATA] SYMBOLS USED IN COLUMN 16
AVERAGE MONTHLY: 81.0 TOTAL FOR MONTH: 1.37 1 = FOG OR MIST
DPTR FM NORMAL: -0.5 DPTR FM NORMAL: 0.83 2 = FOG REDUCING VISIBILITY
HIGHEST: 89 ON 10 GRTST 24HR 0.97 ON 17-18 TO 1/4 MILE OR LESS
LOWEST: 72 ON 3 3 = THUNDER
SNOW, ICE PELLETS, HAIL 4 = ICE PELLETS
TOTAL MONTH: M 5 = HAIL
GRTST 24HR M ON M 6 = FREEZING RAIN OR DRIZZLE
GRTST DEPTH: M ON M 7 = DUSTSTORM OR SANDSTORM:
VSBY 1/2 MILE OR LESS
8 = SMOKE OR HAZE
[NO. OF DAYS WITH] [WEATHER - DAYS WITH] 9 = BLOWING SNOW
X = TORNADO
MAX 32 OR BELOW: 0 0.01 INCH OR MORE: 6
MAX 90 OR ABOVE: 0 0.10 INCH OR MORE: 4
MIN 32 OR BELOW: 0 0.50 INCH OR MORE: 1
MIN 0 OR BELOW: 0 1.00 INCH OR MORE: 0
[HDD (BASE 65) ]
TOTAL THIS MO. 0 CLEAR (SCALE 0-3) 12
DPTR FM NORMAL 0 PTCLDY (SCALE 4-7) 19
TOTAL FM JUL 1 0 CLOUDY (SCALE 8-10) 0
DPTR FM NORMAL 0
[CDD (BASE 65) ]
TOTAL THIS MO. 439
DPTR FM NORMAL -73 [PRESSURE DATA]
TOTAL FM JAN 1 3306 HIGHEST SLP 30.07 ON 11
DPTR FM NORMAL 171 LOWEST SLP 29.89 ON 29
[REMARKS]
#FINAL-08-22#