000
CXHW51 PHFO 011250
CF6LIH
PRELIMINARY LOCAL CLIMATOLOGICAL DATA (WS FORM: F-6)
STATION: LIHUE HI
MONTH: APRIL
YEAR: 2021
LATITUDE: 21 58 N
LONGITUDE: 159 21 W
TEMPERATURE IN F: :PCPN: SNOW: WIND :SUNSHINE: SKY :PK WND
================================================================================
1 2 3 4 5 6A 6B 7 8 9 10 11 12 13 14 15 16 17 18
12Z AVG MX 2MIN
DY MAX MIN AVG DEP HDD CDD WTR SNW DPTH SPD SPD DIR MIN PSBL S-S WX SPD DR
================================================================================
1 81 72 77 3 0 12 0.20 M M 15.2 23 70 M M 5 18 27 70
2 80 71 76 2 0 11 0.06 M M 13.3 22 40 M M 7 18 27 40
3 80 70 75 1 0 10 0.15 M M 18.2 24 40 M M 6 8 30 50
4 79 72 76 2 0 11 T M M 17.9 24 60 M M 8 30 60
5 81 73 77 3 0 12 T M M 19.7 26 40 M M 7 31 40
6 79 70 75 1 0 10 T M M 20.8 29 40 M M 7 34 40
7 78 69 74 0 0 9 0.03 M M 20.5 26 40 M M 8 8 33 50
8 79 71 75 1 0 10 T M M 17.7 23 40 M M 5 27 40
9 79 67 73 -1 0 8 0.06 M M 13.7 22 60 M M 6 18 27 30
10 78 66 72 -2 0 7 0.43 M M 9.7 17 20 M M 6 1 M M
11 80 64 72 -2 0 7 0.04 M M 10.4 21 10 M M 5 25 20
12 80 63 72 -2 0 7 T M M 13.1 22 30 M M 2 8 27 50
13 79 65 72 -2 0 7 T M M 14.1 22 40 M M 4 25 40
14 80 67 74 0 0 9 0.01 M M 15.4 25 40 M M 5 29 30
15 80 69 75 1 0 10 T M M 11.2 22 30 M M 5 25 30
16 79 64 72 -2 0 7 0.18 M M 7.7 18 20 M M 7 21 20
17 77 66 72 -2 0 7 0.05 M M 10.3 16 20 M M 8 26 360
18 80 67 74 0 0 9 0.00 M M 10.1 16 50 M M 7 23 40
19 80 69 75 1 0 10 T M M 6.4 14 170 M M 5 1 18 180
20 79 69 74 0 0 9 0.06 M M 5.9 15 190 M M 7 1 19 220
21 80 67 74 0 0 9 T M M 7.0 13 50 M M 6 20 50
22 81 68 75 1 0 10 T M M 8.5 15 70 M M 4 17 70
23 81 73 77 3 0 12 T M M 15.0 23 70 M M 7 27 70
24 81 72 77 3 0 12 0.01 M M 17.1 22 70 M M 6 18 26 70
25 81 73 77 3 0 12 T M M 14.0 21 70 M M 5 24 70
26 80 69 75 1 0 10 T M M 9.5 17 80 M M 4 19 90
27 81 64 73 -1 0 8 0.08 M M 5.8 15 20 M M 3 18 20 280
28 78 66 72 -3 0 7 0.15 M M 9.4 18 40 M M 8 18 27 60
29 79 65 72 -3 0 7 T M M 12.3 18 40 M M 6 22 40
30 81 69 75 0 0 10 0.03 M M 13.0 20 40 M M 8 1 22 50
================================================================================
SM 2391 2050 0 279 1.54 M 382.9 M 177
================================================================================
AV 79.7 68.3 12.8 FASTST M M 6 MAX(MPH)
MISC ----> 29 40 34 40
================================================================================
NOTES:
# LAST OF SEVERAL OCCURRENCES
COLUMN 17 PEAK WIND IN M.P.H.
PRELIMINARY LOCAL CLIMATOLOGICAL DATA (WS FORM: F-6) , PAGE 2
STATION: LIHUE HI
MONTH: APRIL
YEAR: 2021
LATITUDE: 21 58 N
LONGITUDE: 159 21 W
[TEMPERATURE DATA] [PRECIPITATION DATA] SYMBOLS USED IN COLUMN 16
AVERAGE MONTHLY: 74.0 TOTAL FOR MONTH: 1.54 1 = FOG OR MIST
DPTR FM NORMAL: 0.0 DPTR FM NORMAL: -0.71 2 = FOG REDUCING VISIBILITY
HIGHEST: 81 ON 30,27 GRTST 24HR 0.47 ON 9-10 TO 1/4 MILE OR LESS
LOWEST: 63 ON 12 3 = THUNDER
SNOW, ICE PELLETS, HAIL 4 = ICE PELLETS
TOTAL MONTH: M 5 = HAIL
GRTST 24HR M ON M 6 = FREEZING RAIN OR DRIZZLE
GRTST DEPTH: M ON M 7 = DUSTSTORM OR SANDSTORM:
VSBY 1/2 MILE OR LESS
8 = SMOKE OR HAZE
[NO. OF DAYS WITH] [WEATHER - DAYS WITH] 9 = BLOWING SNOW
X = TORNADO
MAX 32 OR BELOW: 0 0.01 INCH OR MORE: 15
MAX 90 OR ABOVE: 0 0.10 INCH OR MORE: 5
MIN 32 OR BELOW: 0 0.50 INCH OR MORE: 0
MIN 0 OR BELOW: 0 1.00 INCH OR MORE: 0
[HDD (BASE 65) ]
TOTAL THIS MO. 0 CLEAR (SCALE 0-3) 1
DPTR FM NORMAL 0 PTCLDY (SCALE 4-7) 28
TOTAL FM JUL 1 60 CLOUDY (SCALE 8-10) 1
DPTR FM NORMAL 60
[CDD (BASE 65) ]
TOTAL THIS MO. 279
DPTR FM NORMAL 9 [PRESSURE DATA]
TOTAL FM JAN 1 1009 HIGHEST SLP 30.17 ON 5
DPTR FM NORMAL 105 LOWEST SLP 29.92 ON 12
[REMARKS]
#FINAL-04-21#