000
CXHW52 PHFO 011250
CF6MKK
PRELIMINARY LOCAL CLIMATOLOGICAL DATA (WS FORM: F-6)
STATION: MOLOKAI HI
MONTH: AUGUST
YEAR: 2023
LATITUDE: 21 8 N
LONGITUDE: 157 6 W
TEMPERATURE IN F: :PCPN: SNOW: WIND :SUNSHINE: SKY :PK WND
================================================================================
1 2 3 4 5 6A 6B 7 8 9 10 11 12 13 14 15 16 17 18
12Z AVG MX 2MIN
DY MAX MIN AVG DEP HDD CDD WTR SNW DPTH SPD SPD DIR MIN PSBL S-S WX SPD DR
================================================================================
1 87 73 80 0 0 15 T M M 13.7 25 60 M M 3 34 60
2 86 72 79 -1 0 14 T M M 14.2 26 50 M M 2 40 50
3 85 73 79 -1 0 14 0.00 M M 12.5 22 40 M M 2 34 50
4 86 71 79 -1 0 14 T M M 10.9 21 30 M M 4 29 30
5 87 72 80 0 0 15 0.01 M M 10.1 23 50 M M 3 30 30
6 89 69 79 -1 0 14 0.00 M M 9.3 23 50 M M 2 30 50
7 88 73 81 1 0 16 0.00 M M 18.4 30 40 M M 1 43 40
8 86 71 79 -1 0 14 0.00 M M 18.3 29 60 M M 4 43 60
9 86 72 79 -1 0 14 0.00 M M 17.2 28 60 M M 4 40 60
10 86 74 80 0 0 15 0.01 M M 13.4 23 50 M M 5 32 40
11 89 72 81 1 0 16 0.00 M M 12.4 22 50 M M 2 29 40
12 88 70 79 -1 0 14 0.00 M M 11.1 21 50 M M 1 30 30
13 87 72 80 0 0 15 0.00 M M 11.3 22 50 M M 1 30 40
14 86 71 79 -1 0 14 T M M 13.2 23 50 M M 3 30 40
15 88 74 81 1 0 16 0.00 M M 12.1 23 50 M M 3 32 40
16 89 74 82 2 0 17 0.00 M M 12.8 23 40 M M 3 33 30
17 86 74 80 0 0 15 0.00 M M 12.9 23 50 M M 1 33 30
18 87 72 80 0 0 15 0.00 M M 11.0 21 10 M M 1 30 10
19 85 72 79 -1 0 14 0.00 M M 10.3 21 30 M M 2 30 360
20 87 73 80 0 0 15 0.01 M M 11.0 21 10 M M 3 1 29 10
21 88 73 81 1 0 16 0.00 M M 11.5 25 50 M M 4 35 50
22 90 73 82 2 0 17 T M M 12.3 24 50 M M 1 32 40
23 86 74 80 0 0 15 0.00 M M 13.6 24 40 M M 1 33 30
24 87 72 80 0 0 15 0.00 M M 12.1 24 60 M M 2 34 60
25 86 72 79 -1 0 14 0.00 M M 11.8 22 30 M M 4 31 30
26 87 72 80 0 0 15 0.07 M M 12.7 24 50 M M 3 32 40
27 88 70 79 -1 0 14 T M M 11.5 22 50 M M 5 1 30 60
28 87 70 79 -1 0 14 0.03 M M 10.8 24 50 M M 5 1 32 40
29 87 71 79 -1 0 14 0.00 M M 12.2 29 50 M M 2 35 50
30 89 73 81 1 0 16 0.00 M M 14.9 25 50 M M 3 36 40
31 86 75 81 1 0 16 T M M 15.2 28 50 M M 3 36 40
================================================================================
SM 2699 2239 0 462 0.13 M 394.7 M 83
================================================================================
AV 87.1 72.2 12.7 FASTST M M 3 MAX(MPH)
MISC ----> 30 40 # 43 40
================================================================================
NOTES:
# LAST OF SEVERAL OCCURRENCES
COLUMN 17 PEAK WIND IN M.P.H.
PRELIMINARY LOCAL CLIMATOLOGICAL DATA (WS FORM: F-6) , PAGE 2
STATION: MOLOKAI HI
MONTH: AUGUST
YEAR: 2023
LATITUDE: 21 8 N
LONGITUDE: 157 6 W
[TEMPERATURE DATA] [PRECIPITATION DATA] SYMBOLS USED IN COLUMN 16
AVERAGE MONTHLY: 79.6 TOTAL FOR MONTH: 0.13 1 = FOG OR MIST
DPTR FM NORMAL: -0.4 DPTR FM NORMAL: -0.71 2 = FOG REDUCING VISIBILITY
HIGHEST: 90 ON 22 GRTST 24HR 0.07 ON 26-26 TO 1/4 MILE OR LESS
LOWEST: 69 ON 6 3 = THUNDER
SNOW, ICE PELLETS, HAIL 4 = ICE PELLETS
TOTAL MONTH: M 5 = HAIL
GRTST 24HR M ON M 6 = FREEZING RAIN OR DRIZZLE
GRTST DEPTH: M ON M 7 = DUSTSTORM OR SANDSTORM:
VSBY 1/2 MILE OR LESS
8 = SMOKE OR HAZE
[NO. OF DAYS WITH] [WEATHER - DAYS WITH] 9 = BLOWING SNOW
X = TORNADO
MAX 32 OR BELOW: 0 0.01 INCH OR MORE: 5
MAX 90 OR ABOVE: 1 0.10 INCH OR MORE: 0
MIN 32 OR BELOW: 0 0.50 INCH OR MORE: 0
MIN 0 OR BELOW: 0 1.00 INCH OR MORE: 0
[HDD (BASE 65) ]
TOTAL THIS MO. 0 CLEAR (SCALE 0-3) 19
DPTR FM NORMAL 0 PTCLDY (SCALE 4-7) 12
TOTAL FM JUL 1 0 CLOUDY (SCALE 8-10) 0
DPTR FM NORMAL 0
[CDD (BASE 65) ]
TOTAL THIS MO. 462
DPTR FM NORMAL -1 [PRESSURE DATA]
TOTAL FM JAN 1 2581 HIGHEST SLP 30.18 ON 8
DPTR FM NORMAL 60 LOWEST SLP 29.90 ON 27
[REMARKS]
#FINAL-08-23#