000
CXHW52 PHFO 011250
CF6OGG
PRELIMINARY LOCAL CLIMATOLOGICAL DATA (WS FORM: F-6)
STATION: KAHULUI HI
MONTH: FEBRUARY
YEAR: 2023
LATITUDE: 20 53 N
LONGITUDE: 156 26 W
TEMPERATURE IN F: :PCPN: SNOW: WIND :SUNSHINE: SKY :PK WND
================================================================================
1 2 3 4 5 6A 6B 7 8 9 10 11 12 13 14 15 16 17 18
12Z AVG MX 2MIN
DY MAX MIN AVG DEP HDD CDD WTR SNW DPTH SPD SPD DIR MIN PSBL S-S WX SPD DR
================================================================================
1 81 63 72 -1 0 7 0.00 M M 5.8 13 10 M M 1 19 350
2 84 62 73 0 0 8 0.00 M M 5.8 18 30 M M 2 21 30
3 84 65 75 2 0 10 0.00 M M 12.2 24 40 M M 3 29 40
4 81 69 75 2 0 10 0.01 M M 18.2 29 50 M M 3 18 37 50
5 81 65 73 0 0 8 T M M 15.3 28 70 M M 3 1 37 70
6 83 66 75 2 0 10 0.00 M M 15.9 26 60 M M 2 36 70
7 81 66 74 1 0 9 0.00 M M 16.6 28 60 M M 3 37 70
8 80 69 75 2 0 10 T M M 15.4 25 50 M M 3 38 70
9 79 69 74 1 0 9 0.01 M M 17.4 28 80 M M 4 42 60
10 78 69 74 1 0 9 0.03 M M 16.5 29 90 M M 6 43 70
11 79 68 74 1 0 9 0.02 M M 15.7 29 80 M M 3 8 40 60
12 79 67 73 0 0 8 0.07 M M 14.2 31 40 M M 4 1 39 40
13 80 68 74 1 0 9 0.04 M M 10.6 24 50 M M 2 8 30 50
14 79 65 72 -1 0 7 0.15 M M 12.6 24 30 M M 4 18 29 10
15 79 65 72 -1 0 7 0.01 M M 8.4 20 200 M M 3 1 26 190
16 78 64 71 -2 0 6 0.14 M M 4.4 15 40 M M 3 18 18 50
17 73 67 70 -3 0 5 0.25 M M 4.8 20 200 M M 7 1 26 210
18 80 67 74 1 0 9 0.15 M M 4.4 20 200 M M 5 1 25 200
19 82 61 72 -1 0 7 0.00 M M 5.6 22 70 M M 2 30 70
20 83 65 74 1 0 9 T M M 9.4 23 90 M M 2 32 90
21 85 66 76 3 0 11 T M M 11.7 26 90 M M 2 35 100
22 81 65 73 0 0 8 0.00 M M 14.6 31 80 M M 3 40 80
23 81 62 72 -1 0 7 0.00 M M 14.5 30 80 M M 3 41 50
24 79 68 74 1 0 9 0.03 M M 18.1 32 60 M M 3 18 42 70
25 79 67 73 0 0 8 0.01 M M 17.4 26 60 M M 4 36 60
26 79 66 73 0 0 8 T M M 12.9 26 40 M M 3 37 60
27 78 67 73 0 0 8 0.03 M M 15.3 28 70 M M 3 37 80
28 78 67 73 0 0 8 0.06 M M 14.8 26 60 M M 4 18 37 80
================================================================================
SM 2244 1848 0 233 1.01 M 348.5 M 90
================================================================================
AV 80.1 66.0 12.4 FASTST M M 3 MAX(MPH)
MISC ----> 32 60 43 70
================================================================================
NOTES:
# LAST OF SEVERAL OCCURRENCES
COLUMN 17 PEAK WIND IN M.P.H.
PRELIMINARY LOCAL CLIMATOLOGICAL DATA (WS FORM: F-6) , PAGE 2
STATION: KAHULUI HI
MONTH: FEBRUARY
YEAR: 2023
LATITUDE: 20 53 N
LONGITUDE: 156 26 W
[TEMPERATURE DATA] [PRECIPITATION DATA] SYMBOLS USED IN COLUMN 16
AVERAGE MONTHLY: 73.1 TOTAL FOR MONTH: 1.01 1 = FOG OR MIST
DPTR FM NORMAL: 0.1 DPTR FM NORMAL: -0.99 2 = FOG REDUCING VISIBILITY
HIGHEST: 85 ON 21 GRTST 24HR 0.39 ON 17-18 TO 1/4 MILE OR LESS
LOWEST: 61 ON 19 3 = THUNDER
SNOW, ICE PELLETS, HAIL 4 = ICE PELLETS
TOTAL MONTH: M 5 = HAIL
GRTST 24HR M ON M 6 = FREEZING RAIN OR DRIZZLE
GRTST DEPTH: M ON M 7 = DUSTSTORM OR SANDSTORM:
VSBY 1/2 MILE OR LESS
8 = SMOKE OR HAZE
[NO. OF DAYS WITH] [WEATHER - DAYS WITH] 9 = BLOWING SNOW
X = TORNADO
MAX 32 OR BELOW: 0 0.01 INCH OR MORE: 15
MAX 90 OR ABOVE: 0 0.10 INCH OR MORE: 4
MIN 32 OR BELOW: 0 0.50 INCH OR MORE: 0
MIN 0 OR BELOW: 0 1.00 INCH OR MORE: 0
[HDD (BASE 65) ]
TOTAL THIS MO. 0 CLEAR (SCALE 0-3) 15
DPTR FM NORMAL 0 PTCLDY (SCALE 4-7) 13
TOTAL FM JUL 1 0 CLOUDY (SCALE 8-10) 0
DPTR FM NORMAL 0
[CDD (BASE 65) ]
TOTAL THIS MO. 233
DPTR FM NORMAL 9 [PRESSURE DATA]
TOTAL FM JAN 1 449 HIGHEST SLP 30.21 ON 28
DPTR FM NORMAL -20 LOWEST SLP 29.81 ON 15
[REMARKS]
#FINAL-02-23#