000
CXHW52 PHFO 011250
CF6OGG
PRELIMINARY LOCAL CLIMATOLOGICAL DATA (WS FORM: F-6)
STATION: KAHULUI HI
MONTH: MAY
YEAR: 2022
LATITUDE: 20 53 N
LONGITUDE: 156 26 W
TEMPERATURE IN F: :PCPN: SNOW: WIND :SUNSHINE: SKY :PK WND
================================================================================
1 2 3 4 5 6A 6B 7 8 9 10 11 12 13 14 15 16 17 18
12Z AVG MX 2MIN
DY MAX MIN AVG DEP HDD CDD WTR SNW DPTH SPD SPD DIR MIN PSBL S-S WX SPD DR
================================================================================
1 81 71 76 0 0 11 0.15 M M 15.6 25 40 M M 5 18 33 50
2 82 69 76 0 0 11 T M M 15.6 28 50 M M 3 8 36 60
3 81 72 77 1 0 12 0.02 M M 16.5 28 40 M M 3 8 36 60
4 86 72 79 3 0 14 0.00 M M 18.4 31 50 M M 4 41 50
5 85 73 79 3 0 14 T M M 19.0 26 50 M M 5 36 60
6 85 73 79 3 0 14 0.00 M M 20.2 31 80 M M 3 42 70
7 85 74 80 4 0 15 T M M 17.0 30 50 M M 3 41 50
8 88 67 78 2 0 13 0.00 M M 13.0 26 80 M M 3 35 80
9 90 70 80 3 0 15 0.01 M M 15.8 31 40 M M 3 18 40 40
10 86 71 79 2 0 14 0.00 M M 18.4 32 70 M M 4 40 70
11 88 65 77 0 0 12 0.00 M M 13.4 29 80 M M 2 39 70
12 88 65 77 0 0 12 0.00 M M 17.2 30 80 M M 2 40 70
13 89 65 77 0 0 12 0.00 M M 12.7 25 70 M M 2 34 70
14 87 65 76 -1 0 11 0.00 M M 14.4 29 40 M M 2 34 40
15 90 65 78 1 0 13 0.00 M M 9.8 24 30 M M 2 30 30
16 89 64 77 0 0 12 0.00 M M 7.9 20 30 M M 3 24 30
17 89 66 78 1 0 13 0.00 M M 6.3 17 350 M M 3 23 210
18 86 71 79 2 0 14 0.00 M M 8.9 20 190 M M 3 24 190
19 91 72 82 5 0 17 T M M 10.4 23 200 M M 2 31 200
20 92 74 83 6 0 18 0.00 M M 7.9 17 30 M M 3 22 30
21 89 70 80 3 0 15 0.00 M M 12.5 26 50 M M 2 8 32 40
22 91 71 81 3 0 16 0.00 M M 14.4 28 60 M M 2 37 60
23 89 67 78 0 0 13 0.00 M M 13.2 26 40 M M 3 8 33 80
24 86 66 76 -2 0 11 0.00 M M 13.1 25 30 M M 3 8 31 40
25 85 61 73 -5 0 8 0.00 M M 11.4 22 40 M M 3 8 27 30
26 86 69 78 0 0 13 T M M 14.6 26 20 M M 4 8 32 30
27 85 67 76 -2 0 11 0.00 M M 13.5 26 40 M M 6 8 34 80
28 88 73 81 3 0 16 0.00 M M 11.7 28 40 M M 6 8 32 30
29 90 67 79 1 0 14 0.00 M M 8.7 22 30 M M 2 25 40
30 89 64 77 -1 0 12 0.00 M M 13.4 29 40 M M 2 32 40
31 87 71 79 1 0 14 0.00 M M 15.0 29 40 M M 3 36 40
================================================================================
SM 2703 2130 0 410 0.18 M 419.9 M 96
================================================================================
AV 87.2 68.7 13.5 FASTST M M 3 MAX(MPH)
MISC ----> 32 70 42 70
================================================================================
NOTES:
# LAST OF SEVERAL OCCURRENCES
COLUMN 17 PEAK WIND IN M.P.H.
PRELIMINARY LOCAL CLIMATOLOGICAL DATA (WS FORM: F-6) , PAGE 2
STATION: KAHULUI HI
MONTH: MAY
YEAR: 2022
LATITUDE: 20 53 N
LONGITUDE: 156 26 W
[TEMPERATURE DATA] [PRECIPITATION DATA] SYMBOLS USED IN COLUMN 16
AVERAGE MONTHLY: 78.0 TOTAL FOR MONTH: 0.18 1 = FOG OR MIST
DPTR FM NORMAL: 0.9 DPTR FM NORMAL: -0.53 2 = FOG REDUCING VISIBILITY
HIGHEST: 92 ON 20 GRTST 24HR 0.15 ON 30- 1 TO 1/4 MILE OR LESS
LOWEST: 61 ON 25 3 = THUNDER
SNOW, ICE PELLETS, HAIL 4 = ICE PELLETS
TOTAL MONTH: M 5 = HAIL
GRTST 24HR M ON M 6 = FREEZING RAIN OR DRIZZLE
GRTST DEPTH: M ON M 7 = DUSTSTORM OR SANDSTORM:
VSBY 1/2 MILE OR LESS
8 = SMOKE OR HAZE
[NO. OF DAYS WITH] [WEATHER - DAYS WITH] 9 = BLOWING SNOW
X = TORNADO
MAX 32 OR BELOW: 0 0.01 INCH OR MORE: 3
MAX 90 OR ABOVE: 6 0.10 INCH OR MORE: 1
MIN 32 OR BELOW: 0 0.50 INCH OR MORE: 0
MIN 0 OR BELOW: 0 1.00 INCH OR MORE: 0
[HDD (BASE 65) ]
TOTAL THIS MO. 0 CLEAR (SCALE 0-3) 18
DPTR FM NORMAL 0 PTCLDY (SCALE 4-7) 13
TOTAL FM JUL 1 0 CLOUDY (SCALE 8-10) 0
DPTR FM NORMAL 0
[CDD (BASE 65) ]
TOTAL THIS MO. 410
DPTR FM NORMAL 35 [PRESSURE DATA]
TOTAL FM JAN 1 1629 HIGHEST SLP 30.19 ON 7
DPTR FM NORMAL 190 LOWEST SLP 29.93 ON 10
[REMARKS]
#FINAL-05-22#