000
CXUS54 KFWD 010730
CF60F2
PRELIMINARY LOCAL CLIMATOLOGICAL DATA (WS FORM: F-6)
STATION: BOWIE
MONTH: JUNE
YEAR: 2021
LATITUDE: 33 36 N
LONGITUDE: 97 47 W
TEMPERATURE IN F: :PCPN: SNOW: WIND :SUNSHINE: SKY :PK WND
================================================================================
1 2 3 4 5 6A 6B 7 8 9 10 11 12 13 14 15 16 17 18
12Z AVG MX 2MIN
DY MAX MIN AVG DEP HDD CDD WTR SNW DPTH SPD SPD DIR MIN PSBL S-S WX SPD DR
================================================================================
1 74 59 67 -7 0 2 0.00 M M 6.5 13 340 M M 7 1 M M
2 79 56 68 -6 0 3 0.02 M M 0.7 5 90 M M 3 M M
3 83 58 71 -4 0 6 0.00 M M 3.4 10 160 M M 1 M M
4 83 60 72 -3 0 7 0.00 M M 2.0 8 130 M M 1 1 16 130
5 82 65 74 -1 0 9 0.17 M M 2.3 6 140 M M 7 22 20
6 84 65 75 0 0 10 0.00 M M 6.1 15 180 M M 3 1 20 180
7 81 66 74 -2 0 9 0.60 M M 5.0 16 190 M M 4 24 160
8 87 69 78 2 0 13 0.05 M M 4.8 9 200 M M 2 16 210
9 89 73 81 5 0 16 0.00 M M 6.6 13 190 M M 5 20 170
10 91 75 83 7 0 18 0.00 M M 7.6 13 160 M M 4 18 170
11 91 73 82 5 0 17 0.00 M M 9.2 16 170 M M 3 23 170
12 91 69 80 3 0 15 0.02 M M 4.1 13 170 M M 3 41 130
13 93 71 82 5 0 17 0.26 M M 2.5 12 10 M M 2 23 330
14 92 72 82 5 0 17 0.00 M M 2.9 8 360 M M 1 M M
15 92 69 81 3 0 16 0.00 M M 0.5 5 80 M M 1 M M
16 92 67 80 2 0 15 0.00 M M 1.5 5 150 M M 0 M M
17 92 67 80 2 0 15 0.00 M M 2.8 8 170 M M 0 M M
18 91 70 81 3 0 16 0.00 M M 4.4 10 200 M M 1 M M
19 92 66 79 1 0 14 0.00 M M 4.3 8 180 M M 0 M M
20 92 70 81 2 0 16 0.00 M M 9.0 15 170 M M 0 22 160
21 83 63 73 -6 0 8 0.04 M M 8.4 20 20 M M 6 36 20
22 84 58 71 -8 0 6 0.00 M M 4.2 9 160 M M 1 8 18 150
23 93 70 82 3 0 17 0.00 M M 10.2 20 190 M M 3 25 190
24 94 77 86 7 0 21 0.00 M M 11.0 16 170 M M 0 23 190
25 94 76 85 5 0 20 0.00 M M 11.8 17 180 M M 1 24 190
26 91 75 83 3 0 18 0.00 M M 9.9 17 170 M M 2 25 160
27 88 71 80 0 0 15 0.06 M M 5.8 15 170 M M 6 22 170
28 86 71 79 -1 0 14 0.30 M M 2.6 9 100 M M 6 23 30
29 87 72 80 0 0 15 0.30 M M 4.9 12 190 M M 7 18 140
30 89 70 80 0 0 15 0.00 M M 3.3 9 160 M M 4 1 M M
================================================================================
SM 2640 2043 0 400 1.82 M 158.1 M 84
================================================================================
AV 88.0 68.1 5.3 FASTST M M 3 MAX(MPH)
MISC ----> # 20 20 41 130
================================================================================
NOTES:
# LAST OF SEVERAL OCCURRENCES
COLUMN 17 PEAK WIND IN M.P.H.
PRELIMINARY LOCAL CLIMATOLOGICAL DATA (WS FORM: F-6) , PAGE 2
STATION: BOWIE
MONTH: JUNE
YEAR: 2021
LATITUDE: 33 36 N
LONGITUDE: 97 47 W
[TEMPERATURE DATA] [PRECIPITATION DATA] SYMBOLS USED IN COLUMN 16
AVERAGE MONTHLY: 78.1 TOTAL FOR MONTH: 1.82 1 = FOG OR MIST
DPTR FM NORMAL: 0.6 DPTR FM NORMAL: -2.52 2 = FOG REDUCING VISIBILITY
HIGHEST: 94 ON 25,24 GRTST 24HR 0.60 ON 7- 7 TO 1/4 MILE OR LESS
LOWEST: 56 ON 2 3 = THUNDER
SNOW, ICE PELLETS, HAIL 4 = ICE PELLETS
TOTAL MONTH: M 5 = HAIL
GRTST 24HR M ON M 6 = FREEZING RAIN OR DRIZZLE
GRTST DEPTH: M ON M 7 = DUSTSTORM OR SANDSTORM:
VSBY 1/2 MILE OR LESS
8 = SMOKE OR HAZE
[NO. OF DAYS WITH] [WEATHER - DAYS WITH] 9 = BLOWING SNOW
X = TORNADO
MAX 32 OR BELOW: 0 0.01 INCH OR MORE: 10
MAX 90 OR ABOVE: 15 0.10 INCH OR MORE: 5
MIN 32 OR BELOW: 0 0.50 INCH OR MORE: 1
MIN 0 OR BELOW: 0 1.00 INCH OR MORE: 0
[HDD (BASE 65) ]
TOTAL THIS MO. 0 CLEAR (SCALE 0-3) 17
DPTR FM NORMAL -1 PTCLDY (SCALE 4-7) 13
TOTAL FM JUL 1 2676 CLOUDY (SCALE 8-10) 0
DPTR FM NORMAL -403
[CDD (BASE 65) ]
TOTAL THIS MO. 400
DPTR FM NORMAL 23 [PRESSURE DATA]
TOTAL FM JAN 1 589 HIGHEST SLP M ON M
DPTR FM NORMAL -36 LOWEST SLP M ON M
[REMARKS]
#FINAL-06-21#