000
CXUS54 KFWD 010730
CF60F2
PRELIMINARY LOCAL CLIMATOLOGICAL DATA (WS FORM: F-6)
STATION: BOWIE
MONTH: JULY
YEAR: 2021
LATITUDE: 33 36 N
LONGITUDE: 97 47 W
TEMPERATURE IN F: :PCPN: SNOW: WIND :SUNSHINE: SKY :PK WND
================================================================================
1 2 3 4 5 6A 6B 7 8 9 10 11 12 13 14 15 16 17 18
12Z AVG MX 2MIN
DY MAX MIN AVG DEP HDD CDD WTR SNW DPTH SPD SPD DIR MIN PSBL S-S WX SPD DR
================================================================================
1 92 71 82 1 0 17 0.44 M M 3.1 20 30 M M 5 3 28 30
2 84 72 78 -3 0 13 0.06 M M 3.3 9 10 M M 6 1 M M
3 83 70 77 -4 0 12 0.02 M M 3.8 13 90 M M 5 1 17 90
4 87 67 77 -4 0 12 0.00 M M 2.4 7 130 M M 5 M M
5 89 69 79 -2 0 14 0.00 M M 3.6 9 140 M M 3 16 130
6 90 69 80 -1 0 15 0.00 M M 2.7 9 150 M M 3 1 M M
7 91 70 81 0 0 16 0.00 M M 1.8 13 20 M M 1 21 20
8 92 69 81 -1 0 16 0.00 M M 3.4 9 170 M M 1 M M
9 88 71 80 -2 0 15 0.00 M M 8.0 15 170 M M 5 21 170
10 91 73 82 0 0 17 0.00 M M 9.5 18 210 M M 6 28 180
11 89 65 77 -5 0 12 0.42 M M 4.6 10 170 M M 1 3 36 180
12 89 65 77 -5 0 12 0.00 M M 2.5 7 150 M M 1 M M
13 92 67 80 -2 0 15 0.00 M M 5.8 10 190 M M 1 16 210
14 90 68 79 -3 0 14 0.00 M M 9.9 15 170 M M 1 22 190
15 90 70 80 -2 0 15 M M M 10.1 15 170 M M 3 21 190
16 91 75 83 1 0 18 M M M 6.7 15 190 M M 3 20 190
17 92 73 83 1 0 18 0.01 M M 5.8 13 190 M M 3 16 160
18 93 72 83 1 0 18 0.12 M M 2.6 9 150 M M 2 17 150
19 90 71 81 -1 0 16 0.02 M M 2.4 8 10 M M 5 M M
20 88 68 78 -4 0 13 M M M 4.2 8 70 M M 1 16 70
21 89 65 77 -6 0 12 0.00 M M 1.2 6 80 M M 2 M M
22 91 65 78 -5 0 13 0.00 M M 2.6 8 170 M M 1 M M
23 92 72 82 -1 0 17 0.00 M M 7.9 14 190 M M 3 21 200
24 97 74 86 3 0 21 0.00 M M 6.4 12 180 M M 0 18 150
25 99 71 85 2 0 20 0.00 M M 4.5 12 200 M M 0 25 0
26 100 71 86 3 0 21 0.00 M M 1.7 9 350 M M 1 16 350
27 99 74 87 4 0 22 0.28 M M 2.2 8 110 M M 1 49 0
28 97 74 86 3 0 21 0.00 M M 2.5 7 160 M M 1 M M
29 97 73 85 2 0 20 0.00 M M 1.5 6 130 M M 0 M M
30 98 72 85 2 0 20 0.00 M M 2.4 8 140 M M 1 1 M M
31 98 73 86 3 0 21 0.00 M M 3.4 10 170 M M 1 M M
================================================================================
SM 2848 2179 0 506 1.37 M 132.6 M 72
================================================================================
AV 91.9 70.3 4.3 FASTST M M 2 MAX(MPH)
MISC ----> 20 30 49 0
================================================================================
NOTES:
# LAST OF SEVERAL OCCURRENCES
COLUMN 17 PEAK WIND IN M.P.H.
PRELIMINARY LOCAL CLIMATOLOGICAL DATA (WS FORM: F-6) , PAGE 2
STATION: BOWIE
MONTH: JULY
YEAR: 2021
LATITUDE: 33 36 N
LONGITUDE: 97 47 W
[TEMPERATURE DATA] [PRECIPITATION DATA] SYMBOLS USED IN COLUMN 16
AVERAGE MONTHLY: 81.1 TOTAL FOR MONTH: 1.37 1 = FOG OR MIST
DPTR FM NORMAL: -1.0 DPTR FM NORMAL: -0.61 2 = FOG REDUCING VISIBILITY
HIGHEST: 100 ON 26 GRTST 24HR 0.44 ON 1- 1 TO 1/4 MILE OR LESS
LOWEST: 65 ON 22,21 3 = THUNDER
SNOW, ICE PELLETS, HAIL 4 = ICE PELLETS
TOTAL MONTH: M 5 = HAIL
GRTST 24HR M ON M 6 = FREEZING RAIN OR DRIZZLE
GRTST DEPTH: M ON M 7 = DUSTSTORM OR SANDSTORM:
VSBY 1/2 MILE OR LESS
8 = SMOKE OR HAZE
[NO. OF DAYS WITH] [WEATHER - DAYS WITH] 9 = BLOWING SNOW
X = TORNADO
MAX 32 OR BELOW: 0 0.01 INCH OR MORE: 8
MAX 90 OR ABOVE: 22 0.10 INCH OR MORE: 4
MIN 32 OR BELOW: 0 0.50 INCH OR MORE: 0
MIN 0 OR BELOW: 0 1.00 INCH OR MORE: 0
[HDD (BASE 65) ]
TOTAL THIS MO. 0 CLEAR (SCALE 0-3) 22
DPTR FM NORMAL 0 PTCLDY (SCALE 4-7) 9
TOTAL FM JUL 1 0 CLOUDY (SCALE 8-10) 0
DPTR FM NORMAL 0
[CDD (BASE 65) ]
TOTAL THIS MO. 506
DPTR FM NORMAL -24 [PRESSURE DATA]
TOTAL FM JAN 1 1095 HIGHEST SLP M ON M
DPTR FM NORMAL -60 LOWEST SLP M ON M
[REMARKS]
#FINAL-07-21#