000
CXUS55 KBOU 010900
CF620V
PRELIMINARY LOCAL CLIMATOLOGICAL DATA (WS FORM: F-6)
STATION: KREMMLING
MONTH: APRIL
YEAR: 2021
LATITUDE: 40 3 N
LONGITUDE: 106 22 W
TEMPERATURE IN F: :PCPN: SNOW: WIND :SUNSHINE: SKY :PK WND
================================================================================
1 2 3 4 5 6A 6B 7 8 9 10 11 12 13 14 15 16 17 18
12Z AVG MX 2MIN
DY MAX MIN AVG DEP HDD CDD WTR SNW DPTH SPD SPD DIR MIN PSBL S-S WX SPD DR
================================================================================
1 41 14 28 M 37 0 0.00 M M 1.0 5 120 M M 0 M M
2 64 19 42 M 23 0 0.00 M M 1.5 8 270 M M 0 16 0
3 68 21 45 M 20 0 0.00 M M 1.4 9 240 M M 0 M M
4 68 23 46 M 19 0 0.00 M M 2.3 14 350 M M 2 24 350
5 68 23 46 M 19 0 0.00 M M 4.9 21 250 M M 0 32 250
6 54 30 42 M 23 0 0.00 M M 7.2 18 230 M M 5 28 230
7 52 30 41 M 24 0 0.00 M M 8.6 17 320 M M 6 23 320
8 59 21 40 M 25 0 0.00 M M 8.1 22 270 M M 3 39 290
9 48 27 38 M 27 0 0.00 M M 9.0 16 320 M M 3 31 310
10 59 16 38 M 27 0 0.00 M M 5.8 16 260 M M 2 32 300
11 59 23 41 M 24 0 0.00 M M 7.0 18 270 M M 1 26 270
12 54 18 36 M 29 0 0.00 M M 7.0 15 330 M M 0 27 340
13 50 30 40 M 25 0 0.07 M M 3.5 14 30 M M 8 24 230
14 59 27 43 M 22 0 0.07 M M 5.4 22 90 M M 7 1 30 90
15 46 30 38 M 27 0 0.08 M M 7.5 13 320 M M 9 23 320
16 37 23 30 M 35 0 0.00 M M 10.3 15 330 M M 9 1 21 330
17 41 23 32 M 33 0 0.00 M M 7.5 13 330 M M 7 22 340
18 50 14 32 M 33 0 0.00 M M 3.1 10 280 M M 2 18 240
19 55 19 37 M 28 0 0.00 M M 9.3 24 250 M M 8 37 250
20 41 12 27 M 38 0 0.00 M M 6.0 14 360 M M 2 22 360
21 39 18 29 M 36 0 0.02 M M 1.9 9 350 M M 8 M M
22 37 30 34 M 31 0 0.27 M M 2.4 14 260 M M 8 1 18 260
23 45 25 35 M 30 0 0.04 M M 3.8 17 240 M M 5 23 240
24 61 23 42 M 23 0 0.00 M M 7.4 23 250 M M 2 31 250
25 68 34 51 M 14 0 0.00 M M 12.0 30 220 M M 2 43 220
26 63 32 48 M 17 0 0.00 M M 15.7 29 230 M M 1 44 250
27 54 30 42 M 23 0 0.16 M M 5.7 14 280 M M 7 23 280
28 55 34 45 M 20 0 0.05 M M 4.2 14 320 M M 6 21 320
29 68 27 48 M 17 0 0.00 M M 1.4 7 340 M M 0 16 80
30 73 30 52 M 13 0 0.00 M M 2.4 9 330 M M 0 20 300
================================================================================
SM 1636 726 762 0 0.76 M 173.5 M 113
================================================================================
AV 54.5 24.2 5.8 FASTST M M 4 MAX(MPH)
MISC ----> 30 220 44 250
================================================================================
NOTES:
# LAST OF SEVERAL OCCURRENCES
COLUMN 17 PEAK WIND IN M.P.H.
PRELIMINARY LOCAL CLIMATOLOGICAL DATA (WS FORM: F-6) , PAGE 2
STATION: KREMMLING
MONTH: APRIL
YEAR: 2021
LATITUDE: 40 3 N
LONGITUDE: 106 22 W
[TEMPERATURE DATA] [PRECIPITATION DATA] SYMBOLS USED IN COLUMN 16
AVERAGE MONTHLY: 39.4 TOTAL FOR MONTH: 0.76 1 = FOG OR MIST
DPTR FM NORMAL: 0.0 DPTR FM NORMAL: M 2 = FOG REDUCING VISIBILITY
HIGHEST: 73 ON 30 GRTST 24HR 0.27 ON 22-22 TO 1/4 MILE OR LESS
LOWEST: 12 ON 20 3 = THUNDER
SNOW, ICE PELLETS, HAIL 4 = ICE PELLETS
TOTAL MONTH: M 5 = HAIL
GRTST 24HR M ON M 6 = FREEZING RAIN OR DRIZZLE
GRTST DEPTH: M ON M 7 = DUSTSTORM OR SANDSTORM:
VSBY 1/2 MILE OR LESS
8 = SMOKE OR HAZE
[NO. OF DAYS WITH] [WEATHER - DAYS WITH] 9 = BLOWING SNOW
X = TORNADO
MAX 32 OR BELOW: 0 0.01 INCH OR MORE: 8
MAX 90 OR ABOVE: 0 0.10 INCH OR MORE: 2
MIN 32 OR BELOW: 28 0.50 INCH OR MORE: 0
MIN 0 OR BELOW: 0 1.00 INCH OR MORE: 0
[HDD (BASE 65) ]
TOTAL THIS MO. 762 CLEAR (SCALE 0-3) 17
DPTR FM NORMAL M PTCLDY (SCALE 4-7) 10
TOTAL FM JUL 1 8032 CLOUDY (SCALE 8-10) 3
DPTR FM NORMAL M
[CDD (BASE 65) ]
TOTAL THIS MO. 0
DPTR FM NORMAL M [PRESSURE DATA]
TOTAL FM JAN 1 0 HIGHEST SLP M ON M
DPTR FM NORMAL M LOWEST SLP M ON M
[REMARKS]
#FINAL-04-21#