000
CXUS53 KUNR 010930
CF62WX
PRELIMINARY LOCAL CLIMATOLOGICAL DATA (WS FORM: F-6)
STATION: BUFFALO SD
MONTH: JULY
YEAR: 2023
LATITUDE: 45 35 N
LONGITUDE: 103 33 W
TEMPERATURE IN F: :PCPN: SNOW: WIND :SUNSHINE: SKY :PK WND
================================================================================
1 2 3 4 5 6A 6B 7 8 9 10 11 12 13 14 15 16 17 18
12Z AVG MX 2MIN
DY MAX MIN AVG DEP HDD CDD WTR SNW DPTH SPD SPD DIR MIN PSBL S-S WX SPD DR
================================================================================
1 89 59 74 5 0 9 0.00 M M 6.9 17 250 M M M 27 220
2 89 61 75 5 0 10 0.00 M M 12.3 23 290 M M M 31 330
3 80 57 69 -1 0 4 0.55 M M 13.8 46 320 M M M 55 320
4 67 50 59 -11 6 0 0.00 M M 12.7 26 330 M M M 34 320
5 72 46 59 -11 6 0 0.00 M M 5.3 14 150 M M M 17 150
6 80 50 65 -6 0 0 0.00 M M 7.4 20 220 M M M 27 230
7 78 57 68 -3 0 3 0.00 M M 8.9 18 30 M M M 23 40
8 80 55 68 -3 0 3 0.00 M M 6.9 16 170 M M M 23 180
9 88 58 73 2 0 8 0.00 M M 6.1 13 220 M M M 17 210
10 92 60 76 4 0 11 0.00 M M 9.2 23 80 M M M 31 80
11 85 59 72 0 0 7 0.02 M M 14.2 37 40 M M M 47 50
12 84 55 70 -2 0 5 0.00 M M 12.8 26 300 M M M 36 300
13 89 58 74 2 0 9 0.00 M M 14.4 28 310 M M M 36 300
14 82 58 70 -2 0 5 0.00 M M 14.8 29 310 M M M 40 290
15 78 57 68 -4 0 3 0.00 M M 12.4 26 320 M M M 38 270
16 80 57 69 -4 0 4 0.00 M M 7.6 18 60 M M M 23 70
17 83 53 68 -5 0 3 0.00 M M 11.9 23 130 M M M 32 140
18 90 58 74 1 0 9 0.00 M M 10.4 24 300 M M M 32 310
19 83 57 70 -3 0 5 0.00 M M 17.1 36 310 M M M 46 310
20 83 51 67 -6 0 2 0.00 M M 6.1 15 80 M M M 19 80
21 89 54 72 -1 0 7 0.00 M M 6.8 21 310 M M M 29 300
22 94 61 78 5 0 13 0.00 M M 6.9 25 20 M M M 32 10
23 101 62 82 9 0 17 0.00 M M 10.7 23 310 M M M 31 300
24 100 60 80 7 0 15 0.00 M M 13.2 45 170 M M M 62 170
25 99 69 84 11 0 19 0.00 M M 11.6 24 320 M M M 32 310
26 97 70 84 11 0 19 0.00 M M 8.6 24 320 M M M 32 330
27 90 64 77 4 0 12 0.00 M M 10.3 24 220 M M M 30 210
28 86 61 74 1 0 9 0.07 M M 11.6 30 10 M M M 37 10
29 88 62 75 2 0 10 0.00 M M 15.1 26 110 M M M 33 90
30 89 63 76 3 0 11 0.05 M M 11.1 23 60 M M M 30 80
31 94 61 78 5 0 13 0.00 M M 8.7 38 250 M M M 49 250
================================================================================
SM 2679 1803 12 245 0.69 M 325.8 M M
================================================================================
AV 86.4 58.2 10.5 FASTST M M M MAX(MPH)
MISC ----> 46 320 62 170
================================================================================
NOTES:
# LAST OF SEVERAL OCCURRENCES
COLUMN 17 PEAK WIND IN M.P.H.
PRELIMINARY LOCAL CLIMATOLOGICAL DATA (WS FORM: F-6) , PAGE 2
STATION: BUFFALO SD
MONTH: JULY
YEAR: 2023
LATITUDE: 45 35 N
LONGITUDE: 103 33 W
[TEMPERATURE DATA] [PRECIPITATION DATA] SYMBOLS USED IN COLUMN 16
AVERAGE MONTHLY: 72.3 TOTAL FOR MONTH: 0.69 1 = FOG OR MIST
DPTR FM NORMAL: 0.2 DPTR FM NORMAL: -1.47 2 = FOG REDUCING VISIBILITY
HIGHEST: 101 ON 23 GRTST 24HR 0.55 ON 3- 4 TO 1/4 MILE OR LESS
LOWEST: 46 ON 5 3 = THUNDER
SNOW, ICE PELLETS, HAIL 4 = ICE PELLETS
TOTAL MONTH: M 5 = HAIL
GRTST 24HR M ON M 6 = FREEZING RAIN OR DRIZZLE
GRTST DEPTH: M ON M 7 = DUSTSTORM OR SANDSTORM:
VSBY 1/2 MILE OR LESS
8 = SMOKE OR HAZE
[NO. OF DAYS WITH] [WEATHER - DAYS WITH] 9 = BLOWING SNOW
X = TORNADO
MAX 32 OR BELOW: 0 0.01 INCH OR MORE: 4
MAX 90 OR ABOVE: 9 0.10 INCH OR MORE: 1
MIN 32 OR BELOW: 0 0.50 INCH OR MORE: 1
MIN 0 OR BELOW: 0 1.00 INCH OR MORE: 0
[HDD (BASE 65) ]
TOTAL THIS MO. 12 CLEAR (SCALE 0-3) 0
DPTR FM NORMAL -1 PTCLDY (SCALE 4-7) 0
TOTAL FM JUL 1 12 CLOUDY (SCALE 8-10) 31
DPTR FM NORMAL 6
[CDD (BASE 65) ]
TOTAL THIS MO. 245
DPTR FM NORMAL 12 [PRESSURE DATA]
TOTAL FM JAN 1 400 HIGHEST SLP 30.23 ON 5
DPTR FM NORMAL 81 LOWEST SLP 29.73 ON 27
[REMARKS]
#FINAL-07-23#