000
CXUS53 KUNR 011030
CF62WX
PRELIMINARY LOCAL CLIMATOLOGICAL DATA (WS FORM: F-6)
STATION: BUFFALO SD
MONTH: NOVEMBER
YEAR: 2022
LATITUDE: 45 35 N
LONGITUDE: 103 33 W
TEMPERATURE IN F: :PCPN: SNOW: WIND :SUNSHINE: SKY :PK WND
================================================================================
1 2 3 4 5 6A 6B 7 8 9 10 11 12 13 14 15 16 17 18
12Z AVG MX 2MIN
DY MAX MIN AVG DEP HDD CDD WTR SNW DPTH SPD SPD DIR MIN PSBL S-S WX SPD DR
================================================================================
1 69 42 56 17 9 0 0.00 M M 8.7 23 160 M M M 28 160
2 75 39 57 19 8 0 0.00 M M 19.5 38 230 M M M 47 240
3 38 25 32 -6 33 0 0.00 M M 17.3 31 330 M M M 39 320
4 49 17 33 -4 32 0 0.00 M M 7.9 17 170 M M M 23 260
5 57 31 44 7 21 0 0.00 M M 18.4 41 280 M M M 59 280
6 37 13 25 -12 40 0 0.00 M M 22.3 43 300 M M M 54 300
7 41 11 26 -10 39 0 0.04 M M 21.2 39 130 M M M 52 130
8 40 17 29 -7 36 0 0.00 M M 16.5 28 310 M M M 34 320
9 23 16 20 -15 45 0 0.03 M M 11.3 18 30 M M M 24 30
10 21 6 14 -21 51 0 0.15 M M 19.1 30 310 M M M 39 300
11 21 -4 9 -26 56 0 0.00 M M 4.1 16 290 M M M 19 290
12 27 -5 11 -23 54 0 0.00 M M 3.5 10 140 M M M 15 140
13 22 12 17 -17 48 0 0.01 M M 9.5 24 310 M M M 30 320
14 29 20 25 -8 40 0 0.00 M M 13.9 28 320 M M M 36 320
15 21 14 18 -15 47 0 0.01 M M 9.0 15 20 M M M 18 330
16 32 17 25 -8 40 0 0.02 M M 20.8 39 320 M M M 50 320
17 23 6 15 -17 50 0 0.00 M M 26.9 43 320 M M M 56 310
18 25 -2 12 -20 53 0 0.00 M M 24.0 44 320 M M M 57 310
19 29 16 23 -9 42 0 0.00 M M 18.5 30 320 M M M 44 320
20 40 20 30 -1 35 0 0.00 M M 18.4 30 300 M M M 36 300
21 40 26 33 2 32 0 0.00 M M 7.3 14 270 M M M M M
22 50 26 38 8 27 0 0.00 M M 9.4 17 240 M M M 21 250
23 47 26 37 7 28 0 0.00 M M 14.5 26 320 M M M 35 320
24 35 31 33 3 32 0 0.00 M M 18.7 22 310 M M M 35 300
25 60 32 46 17 19 0 0.00 M M 12.0 23 260 M M M 31 260
26 45 23 34 5 31 0 0.00 M M 15.0 28 320 M M M 34 320
27 43 20 32 4 33 0 0.00 M M 8.1 23 310 M M M 30 310
28 37 15 26 -2 39 0 0.00 M M 20.7 32 290 M M 0 41 290
29 17 7 12 -16 53 0 0.00 M M 24.1 37 290 M M M 45 290
30 26 1 14 -13 51 0 0.00 M M 9.6 22 140 M M M 28 140
================================================================================
SM 1119 518 1124 0 0.26 M 450.2 M 0
================================================================================
AV 37.3 17.3 15.0 FASTST M M 0 MAX(MPH)
MISC ----> 44 320 59 280
================================================================================
NOTES:
# LAST OF SEVERAL OCCURRENCES
COLUMN 17 PEAK WIND IN M.P.H.
PRELIMINARY LOCAL CLIMATOLOGICAL DATA (WS FORM: F-6) , PAGE 2
STATION: BUFFALO SD
MONTH: NOVEMBER
YEAR: 2022
LATITUDE: 45 35 N
LONGITUDE: 103 33 W
[TEMPERATURE DATA] [PRECIPITATION DATA] SYMBOLS USED IN COLUMN 16
AVERAGE MONTHLY: 27.3 TOTAL FOR MONTH: 0.26 1 = FOG OR MIST
DPTR FM NORMAL: -5.6 DPTR FM NORMAL: -0.06 2 = FOG REDUCING VISIBILITY
HIGHEST: 75 ON 2 GRTST 24HR 0.18 ON 9-10 TO 1/4 MILE OR LESS
LOWEST: -5 ON 12 3 = THUNDER
SNOW, ICE PELLETS, HAIL 4 = ICE PELLETS
TOTAL MONTH: M 5 = HAIL
GRTST 24HR M ON M 6 = FREEZING RAIN OR DRIZZLE
GRTST DEPTH: M ON M 7 = DUSTSTORM OR SANDSTORM:
VSBY 1/2 MILE OR LESS
8 = SMOKE OR HAZE
[NO. OF DAYS WITH] [WEATHER - DAYS WITH] 9 = BLOWING SNOW
X = TORNADO
MAX 32 OR BELOW: 13 0.01 INCH OR MORE: 6
MAX 90 OR ABOVE: 0 0.10 INCH OR MORE: 1
MIN 32 OR BELOW: 28 0.50 INCH OR MORE: 0
MIN 0 OR BELOW: 3 1.00 INCH OR MORE: 0
[HDD (BASE 65) ]
TOTAL THIS MO. 1124 CLEAR (SCALE 0-3) 1
DPTR FM NORMAL 161 PTCLDY (SCALE 4-7) 0
TOTAL FM JUL 1 1674 CLOUDY (SCALE 8-10) 29
DPTR FM NORMAL -119
[CDD (BASE 65) ]
TOTAL THIS MO. 0
DPTR FM NORMAL 0 [PRESSURE DATA]
TOTAL FM JAN 1 841 HIGHEST SLP 30.61 ON 17
DPTR FM NORMAL 262 LOWEST SLP 29.16 ON 5
[REMARKS]
#FINAL-11-22#