000
CXUS54 KEWX 011010
CF63T5
PRELIMINARY LOCAL CLIMATOLOGICAL DATA (WS FORM: F-6)
STATION: LA GRANGE
MONTH: MARCH
YEAR: 2022
LATITUDE: 29 54 N
LONGITUDE: 96 57 W
TEMPERATURE IN F: :PCPN: SNOW: WIND :SUNSHINE: SKY :PK WND
================================================================================
1 2 3 4 5 6A 6B 7 8 9 10 11 12 13 14 15 16 17 18
12Z AVG MX 2MIN
DY MAX MIN AVG DEP HDD CDD WTR SNW DPTH SPD SPD DIR MIN PSBL S-S WX SPD DR
================================================================================
1 72 32 52 M 13 0 0.00 M M 2.3 8 210 M M 0 M M
2 74 38 56 M 9 0 0.00 M M 2.3 9 130 M M 0 M M
3 78 50 64 M 1 0 0.00 M M 2.6 8 200 M M 1 M M
4 81 59 70 M 0 5 0.00 M M 8.0 15 160 M M 7 1 24 170
5 82 64 73 M 0 8 0.00 M M 11.8 20 160 M M 8 29 170
6 83 70 77 M 0 12 0.00 M M 9.8 22 160 M M 9 28 180
7 74 46 60 M 5 0 0.00 M M 12.5 17 360 M M 10 31 10
8 49 41 45 M 20 0 0.37 M M 6.9 13 20 M M 7 20 20
9 62 39 51 M 14 0 0.00 M M 4.4 12 20 M M 0 16 10
10 74 36 55 M 10 0 0.00 M M 3.6 9 180 M M 3 M M
11 62 40 51 M 14 0 0.00 M M 13.2 23 340 M M 9 32 350
12 56 30 43 M 22 0 0.00 M M 4.6 16 360 M M 0 29 360
13 67 30 49 M 16 0 0.00 M M 7.2 15 170 M M 3 22 170
14 82 54 68 M 0 3 0.63 M M 9.4 20 200 M M 6 3 29 200
15 76 50 63 M 2 0 0.00 M M 7.0 17 340 M M 0 23 320
16 80 44 62 M 3 0 0.00 M M 4.5 10 150 M M 0 17 150
17 73 53 63 M 2 0 0.00 M M 6.6 17 170 M M 6 1 23 170
18 73 49 61 M 4 0 0.00 M M 9.9 22 340 M M 1 1 29 340
19 77 42 60 M 5 0 0.00 M M 1.8 8 210 M M 0 8 M M
20 78 42 60 M 5 0 0.00 M M 5.6 18 160 M M 2 24 160
21 75 61 68 M 0 3 0.17 M M 11.7 21 160 M M 10 30 160
22 74 48 61 M 4 0 0.35 M M 9.4 18 300 M M 3 29 300
23 71 44 58 M 7 0 0.00 M M 6.2 13 320 M M 1 23 350
24 74 41 58 M 7 0 0.00 M M 6.1 18 340 M M 0 24 310
25 84 42 63 M 2 0 0.00 M M 1.6 6 150 M M 0 M M
26 87 53 70 M 0 5 0.00 M M 7.4 14 170 M M 1 12 18 190
27 85 57 71 M 0 6 0.00 M M 8.9 16 160 M M 1 22 160
28 84 56 70 M 0 5 0.00 M M 9.7 17 180 M M 2 1 26 190
29 82 70 76 M 0 11 0.00 M M 14.8 29 190 M M 9 33 190
30 82 58 70 M 0 5 0.34 M M 11.2 21 170 M M 4 35 200
31 75 47 61 M 4 0 0.00 M M 2.6 9 30 M M 0 M M
================================================================================
SM 2326 1486 169 63 1.86 M 223.6 M 103
================================================================================
AV 75.0 47.9 7.2 FASTST M M 3 MAX(MPH)
MISC ----> 29 190 35 200
================================================================================
NOTES:
# LAST OF SEVERAL OCCURRENCES
COLUMN 17 PEAK WIND IN M.P.H.
PRELIMINARY LOCAL CLIMATOLOGICAL DATA (WS FORM: F-6) , PAGE 2
STATION: LA GRANGE
MONTH: MARCH
YEAR: 2022
LATITUDE: 29 54 N
LONGITUDE: 96 57 W
[TEMPERATURE DATA] [PRECIPITATION DATA] SYMBOLS USED IN COLUMN 16
AVERAGE MONTHLY: 61.5 TOTAL FOR MONTH: 1.86 1 = FOG OR MIST
DPTR FM NORMAL: 0.0 DPTR FM NORMAL: M 2 = FOG REDUCING VISIBILITY
HIGHEST: 87 ON 26 GRTST 24HR 0.63 ON 14-14 TO 1/4 MILE OR LESS
LOWEST: 30 ON 13,12 3 = THUNDER
SNOW, ICE PELLETS, HAIL 4 = ICE PELLETS
TOTAL MONTH: M 5 = HAIL
GRTST 24HR M ON M 6 = FREEZING RAIN OR DRIZZLE
GRTST DEPTH: M ON M 7 = DUSTSTORM OR SANDSTORM:
VSBY 1/2 MILE OR LESS
8 = SMOKE OR HAZE
[NO. OF DAYS WITH] [WEATHER - DAYS WITH] 9 = BLOWING SNOW
X = TORNADO
MAX 32 OR BELOW: 0 0.01 INCH OR MORE: 5
MAX 90 OR ABOVE: 0 0.10 INCH OR MORE: 5
MIN 32 OR BELOW: 3 0.50 INCH OR MORE: 1
MIN 0 OR BELOW: 0 1.00 INCH OR MORE: 0
[HDD (BASE 65) ]
TOTAL THIS MO. 169 CLEAR (SCALE 0-3) 19
DPTR FM NORMAL M PTCLDY (SCALE 4-7) 6
TOTAL FM JUL 1 1267 CLOUDY (SCALE 8-10) 6
DPTR FM NORMAL M
[CDD (BASE 65) ]
TOTAL THIS MO. 63
DPTR FM NORMAL M [PRESSURE DATA]
TOTAL FM JAN 1 77 HIGHEST SLP M ON M
DPTR FM NORMAL M LOWEST SLP M ON M
[REMARKS]
#FINAL-03-22#