000
CXUS56 KMFR 011000
CF6AAT
PRELIMINARY LOCAL CLIMATOLOGICAL DATA (WS FORM: F-6)
STATION: ALTURAS CA
MONTH: JULY
YEAR: 2020
LATITUDE: 41 29 N
LONGITUDE: 120 34 W
TEMPERATURE IN F: :PCPN: SNOW: WIND :SUNSHINE: SKY :PK WND
================================================================================
1 2 3 4 5 6A 6B 7 8 9 10 11 12 13 14 15 16 17 18
12Z AVG MX 2MIN
DY MAX MIN AVG DEP HDD CDD WTR SNW DPTH SPD SPD DIR MIN PSBL S-S WX SPD DR
================================================================================
1 78 37 58 -6 7 0 0.00 M M 5.4 18 320 M M 0 25 340
2 84 34 59 -5 6 0 T M M 4.5 22 280 M M 1 3 29 230
3 84 40 62 -2 3 0 0.00 M M 5.9 23 260 M M 0 8 30 260
4 84 39 62 -2 3 0 0.00 M M 5.3 22 250 M M 0 29 230
5 86 37 62 -3 3 0 0.00 M M 5.1 22 290 M M 0 29 280
6 88 39 64 -1 1 0 0.00 M M 9.4 31 270 M M 0 39 260
7 81 41 61 -4 4 0 0.00 M M 6.3 18 350 M M 0 24 350
8 86 39 63 -3 2 0 0.00 M M 3.1 14 320 M M 0 18 330
9 86 42 64 -2 1 0 0.00 M M 7.1 24 270 M M 0 33 270
10 91 44 68 2 0 3 0.00 M M 5.9 22 260 M M 0 8 32 250
11 92 41 67 1 0 2 0.00 M M 6.9 23 250 M M 0 29 280
12 92 41 67 1 0 2 0.00 M M 8.3 26 260 M M 0 35 280
13 90 49 70 4 0 5 0.00 M M 4.9 18 290 M M 0 26 280
14 90 46 68 1 0 3 0.00 M M 4.0 13 20 M M 0 18 30
15 93 49 71 4 0 6 0.00 M M 4.6 14 340 M M 0 18 10
16 97 46 72 5 0 7 0.00 M M 6.3 22 260 M M 0 29 280
17 94 50 72 5 0 7 0.00 M M 7.8 25 270 M M 0 31 280
18 95 48 72 5 0 7 0.00 M M 5.7 20 280 M M 1 25 280
19 97 46 72 5 0 7 0.00 M M 4.0 16 270 M M 0 22 270
20 97 49 73 6 0 8 0.00 M M 4.3 18 260 M M 0 24 260
21 96 50 73 6 0 8 0.00 M M 5.7 30 180 M M 2 8 39 180
22 92 53 73 6 0 8 0.00 M M 4.5 31 280 M M 1 38 39 270
23 87 47 67 -1 0 2 0.00 M M 5.6 18 310 M M 2 25 250
24 89 49 69 1 0 4 0.00 M M 3.8 17 270 M M 1 8 24 280
25 92 46 69 1 0 4 0.00 M M 4.2 18 260 M M 0 23 260
26 96 48 72 4 0 7 0.00 M M 4.2 24 200 M M 0 8 33 200
27 94 54 74 6 0 9 0.00 M M 6.3 29 330 M M 1 35 330
28 92 47 70 2 0 5 0.00 M M 4.0 20 300 M M 1 28 240
29 95 47 71 4 0 6 0.00 M M 5.4 22 270 M M 0 8 26 260
30 95 43 69 2 0 4 0.00 M M 5.8 23 270 M M 0 28 270
31 94 42 68 1 0 3 0.00 M M 4.5 21 270 M M 0 26 270
================================================================================
SM 2807 1383 30 117 T M 168.8 M 10
================================================================================
AV 90.6 44.6 5.4 FASTST M M 0 MAX(MPH)
MISC ----> # 31 270 # 39 260
================================================================================
NOTES:
# LAST OF SEVERAL OCCURRENCES
COLUMN 17 PEAK WIND IN M.P.H.
PRELIMINARY LOCAL CLIMATOLOGICAL DATA (WS FORM: F-6) , PAGE 2
STATION: ALTURAS CA
MONTH: JULY
YEAR: 2020
LATITUDE: 41 29 N
LONGITUDE: 120 34 W
[TEMPERATURE DATA] [PRECIPITATION DATA] SYMBOLS USED IN COLUMN 16
AVERAGE MONTHLY: 67.6 TOTAL FOR MONTH: T 1 = FOG OR MIST
DPTR FM NORMAL: 1.2 DPTR FM NORMAL: -0.34 2 = FOG REDUCING VISIBILITY
HIGHEST: 97 ON 20,19 GRTST 24HR T ON 2- 2 TO 1/4 MILE OR LESS
LOWEST: 34 ON 2 3 = THUNDER
SNOW, ICE PELLETS, HAIL 4 = ICE PELLETS
TOTAL MONTH: M 5 = HAIL
GRTST 24HR M ON M 6 = FREEZING RAIN OR DRIZZLE
GRTST DEPTH: M ON M 7 = DUSTSTORM OR SANDSTORM:
VSBY 1/2 MILE OR LESS
8 = SMOKE OR HAZE
[NO. OF DAYS WITH] [WEATHER - DAYS WITH] 9 = BLOWING SNOW
X = TORNADO
MAX 32 OR BELOW: 0 0.01 INCH OR MORE: 0
MAX 90 OR ABOVE: 20 0.10 INCH OR MORE: 0
MIN 32 OR BELOW: 0 0.50 INCH OR MORE: 0
MIN 0 OR BELOW: 0 1.00 INCH OR MORE: 0
[HDD (BASE 65) ]
TOTAL THIS MO. 30 CLEAR (SCALE 0-3) 31
DPTR FM NORMAL -11 PTCLDY (SCALE 4-7) 0
TOTAL FM JUL 1 30 CLOUDY (SCALE 8-10) 0
DPTR FM NORMAL -11
[CDD (BASE 65) ]
TOTAL THIS MO. 117
DPTR FM NORMAL 33 [PRESSURE DATA]
TOTAL FM JAN 1 172 HIGHEST SLP M ON M
DPTR FM NORMAL 77 LOWEST SLP 29.70 ON 22
[REMARKS]
#FINAL-07-20#