000
CXUS54 KSJT 020646
CF6ABI
PRELIMINARY LOCAL CLIMATOLOGICAL DATA (WS FORM: F-6)
STATION: ABILENE
MONTH: JANUARY
YEAR: 2023
LATITUDE: 32 25 N
LONGITUDE: 99 41 W
TEMPERATURE IN F: :PCPN: SNOW: WIND :SUNSHINE: SKY :PK WND
================================================================================
1 2 3 4 5 6A 6B 7 8 9 10 11 12 13 14 15 16 17 18
12Z AVG MX 2MIN
DY MAX MIN AVG DEP HDD CDD WTR SNW DPTH SPD SPD DIR MIN PSBL S-S WX SPD DR
================================================================================
1 79 48 64 18 1 0 0.00 0.0 0 9.9 18 180 M M 0 25 180
2 77 52 65 19 0 0 0.00 0.0 0 13.4 28 300 M M 4 18 38 290
3 62 44 53 7 12 0 0.00 0.0 0 10.0 24 260 M M 0 33 260
4 64 38 51 5 14 0 0.00 0.0 0 11.0 30 280 M M 0 39 270
5 64 30 47 1 18 0 0.00 0.0 0 4.5 12 160 M M 0 15 150
6 77 45 61 15 4 0 0.00 0.0 0 14.7 29 200 M M 0 42 200
7 63 40 52 6 13 0 0.00 0.0 0 7.9 18 350 M M 1 23 360
8 64 34 49 3 16 0 0.00 0.0 0 4.4 12 160 M M 1 16 160
9 77 48 63 17 2 0 0.00 0.0 0 9.8 21 230 M M 0 35 270
10 84 50 67 21 0 2 0.00 0.0 0 11.4 25 260 M M 0 33 250
11 83 49 66 20 0 1 0.00 0.0 0 14.2 31 250 M M 1 42 250
12 60 35 48 2 17 0 0.00 0.0 0 15.6 32 340 M M 0 45 330
13 64 29 47 1 18 0 0.00 0.0 0 3.7 10 150 M M 0 13 160
14 68 42 55 9 10 0 0.00 0.0 0 17.8 29 180 M M 0 41 190
15 68 51 60 14 5 0 0.00 0.0 0 17.9 26 190 M M 0 40 190
16 75 53 64 18 1 0 0.00 0.0 0 11.8 28 250 M M 0 40 270
17 74 49 62 16 3 0 0.00 0.0 0 6.1 13 200 M M 1 15 220
18 66 53 60 14 5 0 T 0.0 0 14.9 29 270 M M 3 40 250
19 60 34 47 1 18 0 0.00 0.0 0 6.0 21 280 M M 0 28 260
20 63 42 53 7 12 0 0.00 0.0 0 14.8 26 130 M M 1 34 120
21 63 40 52 6 13 0 0.00 0.0 0 14.4 25 330 M M 3 35 340
22 55 32 44 -3 21 0 0.00 0.0 0 9.3 18 330 M M 0 24 320
23 56 32 44 -3 21 0 0.00 0.0 0 14.6 25 130 M M 4 31 130
24 46 33 40 -7 25 0 0.73 T 0 11.6 29 90 M M 10 18 37 90
25 50 32 41 -6 24 0 0.00 0.0 0 11.6 24 340 M M 3 29 330
26 53 29 41 -6 24 0 0.00 0.0 0 5.8 13 320 M M 0 18 20
27 61 32 47 0 18 0 0.00 0.0 0 11.9 22 210 M M 0 30 200
28 67 43 55 8 10 0 0.00 0.0 0 15.2 26 200 M M 2 37 200
29 53 27 40 -7 25 0 T 0.0 0 11.9 24 350 M M 8 16 29 350
30 27 20 24 -24 41 0 T T 0 13.1 20 360 M M 10 168 27 350
31 26 20 23 -25 42 0 T T 0 10.8 20 350 M M 7 146 26 340
================================================================================
SM 1949 1206 433 3 0.73 T 350.0 M 59
================================================================================
AV 62.9 38.9 11.3 FASTST M M 2 MAX(MPH)
MISC ----> 32 340 45 330
================================================================================
NOTES:
# LAST OF SEVERAL OCCURRENCES
COLUMN 17 PEAK WIND IN M.P.H.
PRELIMINARY LOCAL CLIMATOLOGICAL DATA (WS FORM: F-6) , PAGE 2
STATION: ABILENE
MONTH: JANUARY
YEAR: 2023
LATITUDE: 32 25 N
LONGITUDE: 99 41 W
[TEMPERATURE DATA] [PRECIPITATION DATA] SYMBOLS USED IN COLUMN 16
AVERAGE MONTHLY: 50.9 TOTAL FOR MONTH: 0.73 1 = FOG OR MIST
DPTR FM NORMAL: 4.6 DPTR FM NORMAL: -0.37 2 = FOG REDUCING VISIBILITY
HIGHEST: 84 ON 10 GRTST 24HR 0.73 ON 24-24 TO 1/4 MILE OR LESS
LOWEST: 20 ON 31,30 3 = THUNDER
SNOW, ICE PELLETS, HAIL 4 = ICE PELLETS
TOTAL MONTH: T 5 = HAIL
GRTST 24HR T ON 24-24 6 = FREEZING RAIN OR DRIZZLE
GRTST DEPTH: 0 7 = DUSTSTORM OR SANDSTORM:
VSBY 1/2 MILE OR LESS
8 = SMOKE OR HAZE
[NO. OF DAYS WITH] [WEATHER - DAYS WITH] 9 = BLOWING SNOW
X = TORNADO
MAX 32 OR BELOW: 2 0.01 INCH OR MORE: 1
MAX 90 OR ABOVE: 0 0.10 INCH OR MORE: 1
MIN 32 OR BELOW: 10 0.50 INCH OR MORE: 1
MIN 0 OR BELOW: 0 1.00 INCH OR MORE: 0
[HDD (BASE 65) ]
TOTAL THIS MO. 433 CLEAR (SCALE 0-3) 24
DPTR FM NORMAL -150 PTCLDY (SCALE 4-7) 5
TOTAL FM JUL 1 1371 CLOUDY (SCALE 8-10) 2
DPTR FM NORMAL -164
[CDD (BASE 65) ]
TOTAL THIS MO. 3
DPTR FM NORMAL 1 [PRESSURE DATA]
TOTAL FM JAN 1 3 HIGHEST SLP 30.48 ON 26
DPTR FM NORMAL 1 LOWEST SLP 29.59 ON 2
[REMARKS]
#FINAL-01-23#