000
CXUS54 KFWD 070524
CF6ACT
PRELIMINARY LOCAL CLIMATOLOGICAL DATA (WS FORM: F-6)
STATION: WACO
MONTH: NOVEMBER
YEAR: 2022
LATITUDE: 31 37 N
LONGITUDE: 97 13 W
TEMPERATURE IN F: :PCPN: SNOW: WIND :SUNSHINE: SKY :PK WND
================================================================================
1 2 3 4 5 6A 6B 7 8 9 10 11 12 13 14 15 16 17 18
12Z AVG MX 2MIN
DY MAX MIN AVG DEP HDD CDD WTR SNW DPTH SPD SPD DIR MIN PSBL S-S WX SPD DR
================================================================================
1 78 54 66 4 0 1 0.00 0.0 0 6.4 16 170 M M 1 23 160
2 79 56 68 6 0 3 0.00 0.0 0 7.6 14 120 M M 5 128 17 150
3 83 68 76 14 0 11 0.00 0.0 0 13.2 24 170 M M 7 1 32 180
4 85 49 67 6 0 2 0.65 0.0 0 13.9 35 310 M M 8 138 47 290
5 68 47 58 -3 7 0 0.00 0.0 0 8.3 17 180 M M 0 25 180
6 85 52 69 9 0 4 0.00 0.0 0 10.1 20 190 M M 0 26 200
7 77 69 73 13 0 8 0.03 0.0 0 6.1 14 140 M M 7 128 16 130
8 80 63 72 12 0 7 0.00 0.0 0 5.2 15 180 M M 5 128 20 160
9 78 63 71 12 0 6 0.00 0.0 0 8.7 20 160 M M 4 1 24 150
10 76 62 69 10 0 4 0.00 0.0 0 8.8 17 180 M M 7 1 22 190
11 69 39 54 -5 11 0 0.62 0.0 0 13.8 24 340 M M 8 13 35 340
12 53 32 43 -15 22 0 0.00 0.0 0 9.8 20 340 M M 0 27 340
13 55 26 41 -17 24 0 0.00 0.0 0 4.8 13 140 M M 0 19 140
14 47 42 45 -13 20 0 0.38 0.0 0 9.8 20 340 M M 10 1 27 330
15 50 34 42 -15 23 0 0.00 0.0 0 9.3 20 320 M M 6 29 330
16 55 35 45 -12 20 0 0.00 0.0 0 3.1 9 20 M M 4 18 12 30
17 60 33 47 -10 18 0 0.00 0.0 0 4.5 10 180 M M 1 14 170
18 54 33 44 -12 21 0 0.00 0.0 0 5.8 17 40 M M 8 22 10
19 43 29 36 -20 29 0 T T 0 9.9 18 360 M M 8 4 25 20
20 50 25 38 -18 27 0 0.10 0.0 0 3.8 10 120 M M 5 16 90
21 44 40 42 -13 23 0 0.10 0.0 0 2.6 9 160 M M 10 1 11 170
22 57 43 50 -5 15 0 T 0.0 0 1.9 8 140 M M 10 1 11 170
23 59 51 55 0 10 0 0.10 0.0 0 2.9 12 180 M M 10 138 15 170
24 63 55 59 5 6 0 2.33 0.0 0 5.8 18 220 M M 10 123 24 230
25 55 53 54 0 11 0 0.04 0.0 0 10.5 18 20 M M 10 1 23 20
26 58 41 50 -4 15 0 1.20 0.0 0 10.7 26 270 M M 6 13 38 260
27 66 35 51 -3 14 0 0.00 0.0 0 5.0 12 340 M M 0 16 340
28 70 36 53 0 12 0 0.00 0.0 0 8.4 18 170 M M 1 24 180
29 83 45 64 11 1 0 0.00 0.0 0 10.9 32 340 M M 5 1 46 350
30 53 35 44 -9 21 0 0.00 0.0 0 11.5 22 340 M M 0 29 340
================================================================================
SM 1933 1345 350 46 5.55 T 233.1 M 156
================================================================================
AV 64.4 44.8 7.8 FASTST M M 5 MAX(MPH)
MISC ----> 35 310 47 290
================================================================================
NOTES:
# LAST OF SEVERAL OCCURRENCES
COLUMN 17 PEAK WIND IN M.P.H.
PRELIMINARY LOCAL CLIMATOLOGICAL DATA (WS FORM: F-6) , PAGE 2
STATION: WACO
MONTH: NOVEMBER
YEAR: 2022
LATITUDE: 31 37 N
LONGITUDE: 97 13 W
[TEMPERATURE DATA] [PRECIPITATION DATA] SYMBOLS USED IN COLUMN 16
AVERAGE MONTHLY: 54.6 TOTAL FOR MONTH: 5.55 1 = FOG OR MIST
DPTR FM NORMAL: -2.6 DPTR FM NORMAL: 2.84 2 = FOG REDUCING VISIBILITY
HIGHEST: 85 ON 6, 4 GRTST 24HR 2.33 ON 24-24 TO 1/4 MILE OR LESS
LOWEST: 25 ON 20 3 = THUNDER
SNOW, ICE PELLETS, HAIL 4 = ICE PELLETS
TOTAL MONTH: T 5 = HAIL
GRTST 24HR T ON 19-19 6 = FREEZING RAIN OR DRIZZLE
GRTST DEPTH: 0 7 = DUSTSTORM OR SANDSTORM:
VSBY 1/2 MILE OR LESS
8 = SMOKE OR HAZE
[NO. OF DAYS WITH] [WEATHER - DAYS WITH] 9 = BLOWING SNOW
X = TORNADO
MAX 32 OR BELOW: 0 0.01 INCH OR MORE: 10
MAX 90 OR ABOVE: 0 0.10 INCH OR MORE: 8
MIN 32 OR BELOW: 4 0.50 INCH OR MORE: 4
MIN 0 OR BELOW: 0 1.00 INCH OR MORE: 2
[HDD (BASE 65) ]
TOTAL THIS MO. 350 CLEAR (SCALE 0-3) 9
DPTR FM NORMAL 82 PTCLDY (SCALE 4-7) 13
TOTAL FM JUL 1 390 CLOUDY (SCALE 8-10) 8
DPTR FM NORMAL 55
[CDD (BASE 65) ]
TOTAL THIS MO. 46
DPTR FM NORMAL 12 [PRESSURE DATA]
TOTAL FM JAN 1 3602 HIGHEST SLP 30.53 ON 20
DPTR FM NORMAL 740 LOWEST SLP 29.64 ON 4
[REMARKS]
#FINAL-11-22#