000
CXUS54 KLZK 011230
CF6ADF
PRELIMINARY LOCAL CLIMATOLOGICAL DATA (WS FORM: F-6)
STATION: ARKADELPHIA AIRPORT
MONTH: APRIL
YEAR: 2023
LATITUDE: 34 9 N
LONGITUDE: 93 4 W
TEMPERATURE IN F: :PCPN: SNOW: WIND :SUNSHINE: SKY :PK WND
================================================================================
1 2 3 4 5 6A 6B 7 8 9 10 11 12 13 14 15 16 17 18
12Z AVG MX 2MIN
DY MAX MIN AVG DEP HDD CDD WTR SNW DPTH SPD SPD DIR MIN PSBL S-S WX SPD DR
================================================================================
1 74 46 60 2 5 0 0.00 M M 5.2 13 330 M M 0 20 310
2 77 43 60 2 5 0 0.92 M M 4.2 10 130 M M 3 13 M M
3 84 58 71 12 0 6 T M M 3.9 12 190 M M 7 1 M M
4 85 65 75 16 0 10 0.11 M M 7.9 20 200 M M 7 13 37 160
5 77 58 68 9 0 3 1.13 M M 7.7 16 310 M M 9 13 24 310
6 58 52 55 -5 10 0 T M M 8.1 15 20 M M 9 22 30
7 64 52 58 -2 7 0 0.00 M M 7.7 12 30 M M 9 18 70
8 71 52 62 2 3 0 0.00 M M 4.9 12 10 M M 5 M M
9 70 50 60 0 5 0 0.00 M M 3.5 6 80 M M 6 1 M M
10 75 50 63 3 2 0 0.00 M M 0.8 5 99 M M 3 M M
11 77 48 63 2 2 0 0.00 M M 1.5 5 180 M M 3 M M
12 78 45 62 1 3 0 0.00 M M 0.5 5 99 M M 1 M M
13 77 55 66 5 0 1 0.00 M M 2.1 10 320 M M 3 M M
14 82 51 67 6 0 2 0.00 M M 3.6 10 240 M M 0 18 160
15 85 55 70 8 0 5 T M M 6.8 18 330 M M 6 3 36 300
16 69 43 56 -6 9 0 0.00 M M 8.2 15 340 M M 0 31 330
17 78 36 57 -5 8 0 0.00 M M 2.3 9 230 M M 0 M M
18 81 43 62 0 3 0 0.00 M M 4.9 14 200 M M 0 21 210
19 84 51 68 5 0 3 0.00 M M 7.0 20 180 M M 1 26 180
20 78 62 70 7 0 5 0.51 M M 8.5 18 170 M M 8 3 23 180
21 72 50 61 -2 4 0 0.36 M M 6.1 16 20 M M 4 13 33 20
22 72 45 59 -4 6 0 T M M 5.2 15 360 M M 6 12 21 330
23 54 43 49 -15 16 0 T M M 4.9 12 20 M M 8 17 20
24 68 38 53 -11 12 0 0.00 M M 3.5 7 99 M M 2 1 M M
25 55 51 53 -11 12 0 0.22 M M 6.1 13 20 M M 10 M M
26 61 51 56 -8 9 0 0.78 M M 4.5 13 310 M M 10 13 M M
27 69 56 63 -2 2 0 0.03 M M 3.3 8 270 M M 9 M M
28 73 50 62 -3 3 0 0.26 M M 1.9 5 320 M M 5 1 M M
29 66 55 61 -4 4 0 1.57 M M 7.1 20 20 M M 7 1 30 10
30 75 48 62 -4 3 0 0.00 M M 5.7 20 290 M M 1 27 290
================================================================================
SM 2189 1502 133 35 5.89 M 147.2 M 142
================================================================================
AV 73.0 50.1 4.9 FASTST M M 5 MAX(MPH)
MISC ----> # 20 20 37 160
================================================================================
NOTES:
# LAST OF SEVERAL OCCURRENCES
COLUMN 17 PEAK WIND IN M.P.H.
PRELIMINARY LOCAL CLIMATOLOGICAL DATA (WS FORM: F-6) , PAGE 2
STATION: ARKADELPHIA AIRPORT
MONTH: APRIL
YEAR: 2023
LATITUDE: 34 9 N
LONGITUDE: 93 4 W
[TEMPERATURE DATA] [PRECIPITATION DATA] SYMBOLS USED IN COLUMN 16
AVERAGE MONTHLY: 61.5 TOTAL FOR MONTH: 5.89 1 = FOG OR MIST
DPTR FM NORMAL: -0.3 DPTR FM NORMAL: 1.27 2 = FOG REDUCING VISIBILITY
HIGHEST: 85 ON 4,15 GRTST 24HR 1.57 ON 29-29 TO 1/4 MILE OR LESS
LOWEST: 36 ON 17 3 = THUNDER
SNOW, ICE PELLETS, HAIL 4 = ICE PELLETS
TOTAL MONTH: M 5 = HAIL
GRTST 24HR M ON M 6 = FREEZING RAIN OR DRIZZLE
GRTST DEPTH: M ON M 7 = DUSTSTORM OR SANDSTORM:
VSBY 1/2 MILE OR LESS
8 = SMOKE OR HAZE
[NO. OF DAYS WITH] [WEATHER - DAYS WITH] 9 = BLOWING SNOW
X = TORNADO
MAX 32 OR BELOW: 0 0.01 INCH OR MORE: 10
MAX 90 OR ABOVE: 0 0.10 INCH OR MORE: 9
MIN 32 OR BELOW: 0 0.50 INCH OR MORE: 5
MIN 0 OR BELOW: 0 1.00 INCH OR MORE: 2
[HDD (BASE 65) ]
TOTAL THIS MO. 133 CLEAR (SCALE 0-3) 12
DPTR FM NORMAL -10 PTCLDY (SCALE 4-7) 11
TOTAL FM JUL 1 2112 CLOUDY (SCALE 8-10) 7
DPTR FM NORMAL -893
[CDD (BASE 65) ]
TOTAL THIS MO. 35
DPTR FM NORMAL -13 [PRESSURE DATA]
TOTAL FM JAN 1 59 HIGHEST SLP M ON M
DPTR FM NORMAL -1 LOWEST SLP M ON M
[REMARKS]
#FINAL-04-23#