000
CXUS54 KLZK 011130
CF6ADF
PRELIMINARY LOCAL CLIMATOLOGICAL DATA (WS FORM: F-6)
STATION: ARKADELPHIA AIRPORT
MONTH: JULY
YEAR: 2021
LATITUDE: 34 9 N
LONGITUDE: 93 4 W
TEMPERATURE IN F: :PCPN: SNOW: WIND :SUNSHINE: SKY :PK WND
================================================================================
1 2 3 4 5 6A 6B 7 8 9 10 11 12 13 14 15 16 17 18
12Z AVG MX 2MIN
DY MAX MIN AVG DEP HDD CDD WTR SNW DPTH SPD SPD DIR MIN PSBL S-S WX SPD DR
================================================================================
1 91 72 82 2 0 17 0.25 M M 3.1 10 270 M M 3 138 M M
2 84 65 75 -5 0 10 T M M 2.7 8 40 M M 6 128 M M
3 86 61 74 -6 0 9 0.00 M M 2.8 8 20 M M 0 M M
4 88 57 73 -7 0 8 0.00 M M 1.4 6 20 M M 0 M M
5 88 62 75 -5 0 10 0.00 M M 2.2 8 180 M M 1 8 M M
6 92 66 79 -1 0 14 0.15 M M 2.0 12 30 M M 1 138 20 30
7 93 78 86 6 0 21 0.00 M M 2.0 6 270 M M 2 18 M M
8 95 74 85 5 0 20 0.00 M M 4.8 10 210 M M 4 18 M M
9 95 70 83 2 0 18 0.00 M M 6.6 14 200 M M 2 20 250
10 93 71 82 1 0 17 0.15 M M 6.0 15 220 M M 5 138 30 20
11 86 70 78 -3 0 13 1.41 M M 8.2 15 340 M M 7 13 30 330
12 89 73 81 0 0 16 0.00 M M 3.6 10 260 M M 2 18 18 250
13 93 74 84 3 0 19 0.00 M M 3.8 10 270 M M 1 8 M M
14 94 75 85 4 0 20 0.00 M M 3.4 9 180 M M 0 18 M M
15 94 75 85 4 0 20 0.10 M M 5.2 15 170 M M 3 22 170
16 92 74 83 2 0 18 0.13 M M 4.4 14 240 M M 7 138 20 350
17 93 75 84 3 0 19 0.00 M M 3.1 14 30 M M 5 18 21 30
18 81 78 80 -1 0 15 0.74 M M 2.1 14 10 M M 6 123 M M
19 87 74 81 0 0 16 0.01 M M 2.8 7 99 M M 5 M M
20 89 70 80 -1 0 15 0.00 M M 5.9 14 20 M M 2 22 20
21 88 68 78 -3 0 13 T M M 4.1 12 20 M M 3 M M
22 94 73 84 3 0 19 T M M 1.6 7 230 M M 4 8 M M
23 95 79 87 6 0 22 0.00 M M 3.5 12 250 M M 2 128 M M
24 96 79 88 7 0 23 0.00 M M 2.5 8 210 M M 1 1 M M
25 98 80 89 8 0 24 T M M 1.5 12 290 M M 1 13 16 290
26 98 80 89 8 0 24 T M M 1.3 8 310 M M 2 38 M M
27 97 75 86 5 0 21 0.19 M M 1.9 16 180 M M 2 138 22 180
28 97 81 89 8 0 24 0.00 M M 1.0 5 99 M M 0 M M
29 97 79 88 7 0 23 0.00 M M 1.3 6 99 M M 0 8 M M
30 99 79 89 8 0 24 0.00 M M 1.2 6 99 M M 0 8 M M
31 100 78 89 8 0 24 M M M 2.7 9 240 M M 0 8 M M
================================================================================
SM 2862 2265 0 556 3.13 M 98.7 M 77
================================================================================
AV 92.3 73.1 3.2 FASTST M M 2 MAX(MPH)
MISC ----> 16 180 30 20
================================================================================
NOTES:
# LAST OF SEVERAL OCCURRENCES
COLUMN 17 PEAK WIND IN M.P.H.
PRELIMINARY LOCAL CLIMATOLOGICAL DATA (WS FORM: F-6) , PAGE 2
STATION: ARKADELPHIA AIRPORT
MONTH: JULY
YEAR: 2021
LATITUDE: 34 9 N
LONGITUDE: 93 4 W
[TEMPERATURE DATA] [PRECIPITATION DATA] SYMBOLS USED IN COLUMN 16
AVERAGE MONTHLY: 82.7 TOTAL FOR MONTH: 3.13 1 = FOG OR MIST
DPTR FM NORMAL: 1.8 DPTR FM NORMAL: -1.24 2 = FOG REDUCING VISIBILITY
HIGHEST: 100 ON 31 GRTST 24HR 1.41 ON 11-11 TO 1/4 MILE OR LESS
LOWEST: 57 ON 4 3 = THUNDER
SNOW, ICE PELLETS, HAIL 4 = ICE PELLETS
TOTAL MONTH: M 5 = HAIL
GRTST 24HR M ON M 6 = FREEZING RAIN OR DRIZZLE
GRTST DEPTH: M ON M 7 = DUSTSTORM OR SANDSTORM:
VSBY 1/2 MILE OR LESS
8 = SMOKE OR HAZE
[NO. OF DAYS WITH] [WEATHER - DAYS WITH] 9 = BLOWING SNOW
X = TORNADO
MAX 32 OR BELOW: 0 0.01 INCH OR MORE: 9
MAX 90 OR ABOVE: 21 0.10 INCH OR MORE: 8
MIN 32 OR BELOW: 0 0.50 INCH OR MORE: 2
MIN 0 OR BELOW: 0 1.00 INCH OR MORE: 1
[HDD (BASE 65) ]
TOTAL THIS MO. 0 CLEAR (SCALE 0-3) 22
DPTR FM NORMAL 0 PTCLDY (SCALE 4-7) 9
TOTAL FM JUL 1 0 CLOUDY (SCALE 8-10) 0
DPTR FM NORMAL 0
[CDD (BASE 65) ]
TOTAL THIS MO. 556
DPTR FM NORMAL 65 [PRESSURE DATA]
TOTAL FM JAN 1 1156 HIGHEST SLP M ON M
DPTR FM NORMAL 57 LOWEST SLP M ON M
[REMARKS]
#FINAL-07-21#