000
CXUS54 KLCH 010830
CF6AEX
PRELIMINARY LOCAL CLIMATOLOGICAL DATA (WS FORM: F-6)
STATION: ALEXANDRIA
MONTH: JULY
YEAR: 2022
LATITUDE: 31 19 N
LONGITUDE: 92 33 W
TEMPERATURE IN F: :PCPN: SNOW: WIND :SUNSHINE: SKY :PK WND
================================================================================
1 2 3 4 5 6A 6B 7 8 9 10 11 12 13 14 15 16 17 18
12Z AVG MX 2MIN
DY MAX MIN AVG DEP HDD CDD WTR SNW DPTH SPD SPD DIR MIN PSBL S-S WX SPD DR
================================================================================
1 82 74 78 -4 0 13 1.35 0.0 M 7.5 17 190 M M 6 38 22 190
2 92 77 85 3 0 20 0.03 0.0 M 6.9 21 270 M M 4 3 30 260
3 97 76 87 5 0 22 0.00 0.0 M 4.9 12 160 M M 2 16 150
4 98 76 87 5 0 22 0.00 0.0 M 3.5 14 150 M M 1 18 150
5 98 77 88 6 0 23 0.00 0.0 M 5.7 15 140 M M 1 20 150
6 96 78 87 5 0 22 0.03 0.0 M 5.1 21 190 M M 3 3 31 190
7 95 77 86 4 0 21 0.00 0.0 M 3.9 16 180 M M 1 22 180
8 100 77 89 7 0 24 0.00 0.0 M 4.6 10 150 M M 0 14 150
9 102 80 91 9 0 26 0.00 0.0 M 5.7 16 280 M M 1 3 19 280
10 104 82 93 10 0 28 0.10 0.0 M 6.0 22 330 M M 4 35 320
11 100 79 90 7 0 25 0.00 0.0 M 3.3 14 120 M M 4 16 120
12 103 78 91 8 0 26 0.00 0.0 0 3.7 14 110 M M 1 20 130
13 101 75 88 5 0 23 0.09 0.0 0 5.4 24 310 M M 1 3 33 310
14 95 74 85 2 0 20 0.14 0.0 M 5.2 17 100 M M 2 3 24 110
15 97 73 85 2 0 20 0.00 0.0 M 4.6 16 180 M M 1 24 180
16 99 74 87 4 0 22 0.00 0.0 M 3.5 10 250 M M 1 14 250
17 100 77 89 6 0 24 0.00 0.0 M 4.9 13 180 M M 0 18 180
18 99 80 90 7 0 25 0.00 0.0 M 7.6 16 200 M M 1 23 210
19 99 79 89 6 0 24 0.00 0.0 M 8.7 16 190 M M 0 25 210
20 100 79 90 7 0 25 0.00 0.0 M 7.7 16 220 M M 1 25 220
21 94 81 88 5 0 23 T 0.0 M 6.0 16 290 M M 1 3 21 280
22 91 74 83 0 0 18 0.35 0.0 M 3.5 26 180 M M 3 138 38 180
23 98 73 86 3 0 21 0.52 0.0 M 4.7 28 160 M M 1 138 42 160
24 97 76 87 4 0 22 0.00 0.0 M 4.8 17 200 M M 0 13 27 170
25 100 75 88 5 0 23 0.00 0.0 M 6.2 23 150 M M 1 27 150
26 95 76 86 3 0 21 0.17 0.0 M 6.6 18 240 M M 2 38 26 240
27 94 76 85 2 0 20 0.07 0.0 M 6.6 17 240 M M 1 13 25 230
28 93 75 84 1 0 19 0.01 0.0 M 5.3 17 170 M M 1 3 23 170
29 98 75 87 4 0 22 0.00 0.0 M 6.4 22 130 M M 1 13 27 130
30 91 76 84 1 0 19 0.11 0.0 M 5.1 17 190 M M 1 13 23 200
31 98 75 87 4 0 22 0.00 0.0 M 7.5 23 150 M M 1 29 160
================================================================================
SM 3006 2374 0 685 2.97 0.0 171.1 M 48
================================================================================
AV 97.0 76.6 5.5 FASTST M M 2 MAX(MPH)
MISC ----> 28 160 42 160
================================================================================
NOTES:
# LAST OF SEVERAL OCCURRENCES
COLUMN 17 PEAK WIND IN M.P.H.
PRELIMINARY LOCAL CLIMATOLOGICAL DATA (WS FORM: F-6) , PAGE 2
STATION: ALEXANDRIA
MONTH: JULY
YEAR: 2022
LATITUDE: 31 19 N
LONGITUDE: 92 33 W
[TEMPERATURE DATA] [PRECIPITATION DATA] SYMBOLS USED IN COLUMN 16
AVERAGE MONTHLY: 86.8 TOTAL FOR MONTH: 2.97 1 = FOG OR MIST
DPTR FM NORMAL: 4.0 DPTR FM NORMAL: -1.63 2 = FOG REDUCING VISIBILITY
HIGHEST: 104 ON 10 GRTST 24HR 1.35 ON 30- 1 TO 1/4 MILE OR LESS
LOWEST: 73 ON 23,15 3 = THUNDER
SNOW, ICE PELLETS, HAIL 4 = ICE PELLETS
TOTAL MONTH: 0.0 INCH 5 = HAIL
GRTST 24HR 0.0 6 = FREEZING RAIN OR DRIZZLE
GRTST DEPTH: 0 7 = DUSTSTORM OR SANDSTORM:
VSBY 1/2 MILE OR LESS
8 = SMOKE OR HAZE
[NO. OF DAYS WITH] [WEATHER - DAYS WITH] 9 = BLOWING SNOW
X = TORNADO
MAX 32 OR BELOW: 0 0.01 INCH OR MORE: 12
MAX 90 OR ABOVE: 30 0.10 INCH OR MORE: 7
MIN 32 OR BELOW: 0 0.50 INCH OR MORE: 2
MIN 0 OR BELOW: 0 1.00 INCH OR MORE: 1
[HDD (BASE 65) ]
TOTAL THIS MO. 0 CLEAR (SCALE 0-3) 27
DPTR FM NORMAL 0 PTCLDY (SCALE 4-7) 4
TOTAL FM JUL 1 0 CLOUDY (SCALE 8-10) 0
DPTR FM NORMAL 0
[CDD (BASE 65) ]
TOTAL THIS MO. 685
DPTR FM NORMAL 133 [PRESSURE DATA]
TOTAL FM JAN 1 1954 HIGHEST SLP 30.15 ON 31
DPTR FM NORMAL 459 LOWEST SLP 29.76 ON 11
[REMARKS]
#FINAL-07-22#