000
CXUS54 KLCH 010930
CF6AEX
PRELIMINARY LOCAL CLIMATOLOGICAL DATA (WS FORM: F-6)
STATION: ALEXANDRIA
MONTH: DECEMBER
YEAR: 2021
LATITUDE: 31 19 N
LONGITUDE: 92 33 W
TEMPERATURE IN F: :PCPN: SNOW: WIND :SUNSHINE: SKY :PK WND
================================================================================
1 2 3 4 5 6A 6B 7 8 9 10 11 12 13 14 15 16 17 18
12Z AVG MX 2MIN
DY MAX MIN AVG DEP HDD CDD WTR SNW DPTH SPD SPD DIR MIN PSBL S-S WX SPD DR
================================================================================
1 76 43 60 7 5 0 0.00 0.0 M 4.7 16 210 M M 0 1 22 210
2 78 52 65 12 0 0 0.00 0.0 M 2.8 12 260 M M 3 12 16 270
3 77 57 67 14 0 2 T 0.0 M 4.4 13 230 M M 5 128 17 210
4 82 61 72 19 0 7 0.00 0.0 M 3.5 8 150 M M 5 1 11 350
5 78 55 67 15 0 2 0.00 0.0 M 6.2 14 170 M M 4 128 18 170
6 73 50 62 10 3 0 1.27 M M 9.5 21 30 M M 10 1 31 30
7 50 44 47 -5 18 0 T M M 5.3 13 50 M M 10 18 18 60
8 66 48 57 5 8 0 0.03 M M 4.5 9 110 M M 5 1 13 360
9 76 50 63 11 2 0 0.00 0.0 M 8.3 14 190 M M 9 18 20 180
10 82 70 76 24 0 11 T 0.0 M 12.7 28 200 M M 9 1 40 200
11 76 46 61 10 4 0 0.25 M M 11.7 30 320 M M 8 1 36 320
12 60 34 47 -4 18 0 0.00 0.0 M 4.1 12 50 M M 0 17 50
13 69 39 54 3 11 0 0.00 0.0 M 1.1 7 130 M M 3 8 10 130
14 78 58 68 17 0 3 T 0.0 M 6.6 14 180 M M 9 18 18 170
15 78 67 73 22 0 8 0.00 0.0 M 10.5 18 170 M M 8 18 24 170
16 81 65 73 22 0 8 0.09 0.0 M 9.1 18 170 M M 7 1 25 160
17 76 63 70 19 0 5 0.00 0.0 M 6.8 15 140 M M 5 1 20 160
18 77 52 65 15 0 0 1.31 0.0 M 7.6 32 360 M M 10 12 46 10
19 52 41 47 -3 18 0 T M M 9.3 17 20 M M 6 1 27 10
20 46 40 43 -7 22 0 0.10 M M 5.6 9 30 M M 9 1 13 360
21 59 38 49 -1 16 0 0.00 0.0 M 4.8 12 290 M M 4 18 15 290
22 65 34 50 0 15 0 0.00 0.0 M 1.4 10 110 M M 0 18 13 100
23 70 40 55 5 10 0 0.00 0.0 M 7.4 17 190 M M 1 1 25 190
24 78 53 66 16 0 1 0.00 0.0 M 11.6 24 190 M M 2 12 33 190
25 80 65 73 23 0 8 0.00 0.0 M 9.1 17 240 M M 7 23 240
26 79 64 72 22 0 7 0.00 0.0 M 8.0 18 200 M M 7 1 25 210
27 79 65 72 22 0 7 0.00 0.0 M 9.7 18 200 M M 9 27 200
28 82 62 72 22 0 7 0.00 0.0 M 11.1 24 230 M M 5 1 37 220
29 83 69 76 27 0 11 0.00 0.0 M 8.6 24 220 M M 5 1 35 180
30 83 69 76 27 0 11 0.00 0.0 M 4.7 13 130 M M 4 128 16 240
31 84 71 78 29 0 13 0.00 0.0 M 10.5 22 200 M M 7 18 29 200
================================================================================
SM 2273 1665 150 111 3.05 0.0 221.2 M 176
================================================================================
AV 73.3 53.7 7.1 FASTST M M 6 MAX(MPH)
MISC ----> 32 360 46 10
================================================================================
NOTES:
# LAST OF SEVERAL OCCURRENCES
COLUMN 17 PEAK WIND IN M.P.H.
PRELIMINARY LOCAL CLIMATOLOGICAL DATA (WS FORM: F-6) , PAGE 2
STATION: ALEXANDRIA
MONTH: DECEMBER
YEAR: 2021
LATITUDE: 31 19 N
LONGITUDE: 92 33 W
[TEMPERATURE DATA] [PRECIPITATION DATA] SYMBOLS USED IN COLUMN 16
AVERAGE MONTHLY: 63.5 TOTAL FOR MONTH: 3.05 1 = FOG OR MIST
DPTR FM NORMAL: 12.6 DPTR FM NORMAL: -2.23 2 = FOG REDUCING VISIBILITY
HIGHEST: 84 ON 31 GRTST 24HR 1.31 ON 18-18 TO 1/4 MILE OR LESS
LOWEST: 34 ON 22,12 3 = THUNDER
SNOW, ICE PELLETS, HAIL 4 = ICE PELLETS
TOTAL MONTH: 0.0 INCH 5 = HAIL
GRTST 24HR 0.0 6 = FREEZING RAIN OR DRIZZLE
GRTST DEPTH: M ON M 7 = DUSTSTORM OR SANDSTORM:
VSBY 1/2 MILE OR LESS
8 = SMOKE OR HAZE
[NO. OF DAYS WITH] [WEATHER - DAYS WITH] 9 = BLOWING SNOW
X = TORNADO
MAX 32 OR BELOW: 0 0.01 INCH OR MORE: 6
MAX 90 OR ABOVE: 0 0.10 INCH OR MORE: 4
MIN 32 OR BELOW: 0 0.50 INCH OR MORE: 2
MIN 0 OR BELOW: 0 1.00 INCH OR MORE: 2
[HDD (BASE 65) ]
TOTAL THIS MO. 150 CLEAR (SCALE 0-3) 7
DPTR FM NORMAL -299 PTCLDY (SCALE 4-7) 16
TOTAL FM JUL 1 446 CLOUDY (SCALE 8-10) 8
DPTR FM NORMAL -327
[CDD (BASE 65) ]
TOTAL THIS MO. 111
DPTR FM NORMAL 99 [PRESSURE DATA]
TOTAL FM JAN 1 2916 HIGHEST SLP 30.37 ON 12
DPTR FM NORMAL 297 LOWEST SLP 29.68 ON 28
[REMARKS]
#FINAL-12-21#