000
CXUS54 KFWD 072153
CF6AFW
PRELIMINARY LOCAL CLIMATOLOGICAL DATA (WS FORM: F-6)
STATION: FORT WORTH ALLIANCE
MONTH: AUGUST
YEAR: 2022
LATITUDE: 32 58 N
LONGITUDE: 97 19 W
TEMPERATURE IN F: :PCPN: SNOW: WIND :SUNSHINE: SKY :PK WND
================================================================================
1 2 3 4 5 6A 6B 7 8 9 10 11 12 13 14 15 16 17 18
12Z AVG MX 2MIN
DY MAX MIN AVG DEP HDD CDD WTR SNW DPTH SPD SPD DIR MIN PSBL S-S WX SPD DR
================================================================================
1 102 83 93 5 0 28 0.00 M M 12.0 24 170 M M 6 33 180
2 103 84 94 6 0 29 0.00 M M 14.8 22 170 M M 4 37 160
3 105 83 94 6 0 29 0.00 M M 15.7 23 170 M M 2 32 160
4 103 82 93 5 0 28 0.00 M M 11.4 18 180 M M 3 25 180
5 104 81 93 5 0 28 0.00 M M 11.4 25 160 M M 2 31 160
6 99 77 88 0 0 23 0.00 M M 12.9 23 150 M M 2 28 150
7 100 79 90 2 0 25 0.00 M M 12.8 21 160 M M 3 28 180
8 102 82 92 4 0 27 0.00 M M 10.2 20 180 M M 4 26 190
9 102 76 89 1 0 24 0.10 M M 9.3 26 10 M M 7 3 36 40
10 101 74 88 0 0 23 0.29 M M 7.0 28 20 M M 7 138 39 110
11 98 75 87 -1 0 22 0.00 M M 5.5 16 70 M M 5 31 80
12 97 75 86 -2 0 21 0.00 M M 8.0 16 70 M M 4 22 90
13 99 81 90 3 0 25 0.00 M M 6.5 15 100 M M 2 22 120
14 99 78 89 2 0 24 0.00 M M 7.7 16 180 M M 2 25 120
15 101 79 90 3 0 25 0.00 M M 8.6 18 170 M M 7 25 170
16 101 82 92 5 0 27 0.00 M M 7.9 16 150 M M 8 21 170
17 103 76 90 3 0 25 T M M 9.5 29 160 M M 6 3 35 160
18 86 73 80 -6 0 15 0.01 M M 6.0 14 360 M M 7 1 17 360
19 93 74 84 -2 0 19 0.00 M M 6.7 15 110 M M 7 19 80
20 94 75 85 -1 0 20 0.00 M M 11.3 22 160 M M 6 27 200
21 90 75 83 -3 0 18 0.39 M M 9.8 17 60 M M 9 13 21 60
22 80 73 77 -9 0 12 3.67 M M 7.8 23 60 M M 9 13 31 70
23 86 73 80 -6 0 15 0.24 M M 8.8 15 40 M M 9 1 29 70
24 91 75 83 -2 0 18 0.00 M M 6.8 15 50 M M 8 28 60
25 94 72 83 -2 0 18 0.00 M M 6.7 16 20 M M 4 31 40
26 94 74 84 -1 0 19 0.00 M M 5.4 14 30 M M 3 17 110
27 97 77 87 3 0 22 0.00 M M 7.5 17 170 M M 3 24 180
28 97 78 88 4 0 23 0.00 M M 13.4 22 150 M M 3 29 160
29 95 75 85 1 0 20 T M M 11.6 29 350 M M 7 36 350
30 88 75 82 -2 0 17 0.02 M M 6.1 17 130 M M 9 13 22 70
31 89 75 82 -1 0 17 0.00 M M 7.4 20 230 M M 9 29 220
================================================================================
SM 2993 2391 0 686 4.72 M 286.5 M 167
================================================================================
AV 96.5 77.1 9.2 FASTST M M 5 MAX(MPH)
MISC ----> # 29 160 39 110
================================================================================
NOTES:
# LAST OF SEVERAL OCCURRENCES
COLUMN 17 PEAK WIND IN M.P.H.
PRELIMINARY LOCAL CLIMATOLOGICAL DATA (WS FORM: F-6) , PAGE 2
STATION: FORT WORTH ALLIANCE
MONTH: AUGUST
YEAR: 2022
LATITUDE: 32 58 N
LONGITUDE: 97 19 W
[TEMPERATURE DATA] [PRECIPITATION DATA] SYMBOLS USED IN COLUMN 16
AVERAGE MONTHLY: 86.8 TOTAL FOR MONTH: 4.72 1 = FOG OR MIST
DPTR FM NORMAL: 0.3 DPTR FM NORMAL: 1.92 2 = FOG REDUCING VISIBILITY
HIGHEST: 105 ON 3 GRTST 24HR 3.67 ON 22-22 TO 1/4 MILE OR LESS
LOWEST: 72 ON 25 3 = THUNDER
SNOW, ICE PELLETS, HAIL 4 = ICE PELLETS
TOTAL MONTH: M 5 = HAIL
GRTST 24HR M ON M 6 = FREEZING RAIN OR DRIZZLE
GRTST DEPTH: M ON M 7 = DUSTSTORM OR SANDSTORM:
VSBY 1/2 MILE OR LESS
8 = SMOKE OR HAZE
[NO. OF DAYS WITH] [WEATHER - DAYS WITH] 9 = BLOWING SNOW
X = TORNADO
MAX 32 OR BELOW: 0 0.01 INCH OR MORE: 7
MAX 90 OR ABOVE: 26 0.10 INCH OR MORE: 5
MIN 32 OR BELOW: 0 0.50 INCH OR MORE: 1
MIN 0 OR BELOW: 0 1.00 INCH OR MORE: 1
[HDD (BASE 65) ]
TOTAL THIS MO. 0 CLEAR (SCALE 0-3) 7
DPTR FM NORMAL 0 PTCLDY (SCALE 4-7) 19
TOTAL FM JUL 1 0 CLOUDY (SCALE 8-10) 5
DPTR FM NORMAL 0
[CDD (BASE 65) ]
TOTAL THIS MO. 686
DPTR FM NORMAL 21 [PRESSURE DATA]
TOTAL FM JAN 1 2764 HIGHEST SLP M ON M
DPTR FM NORMAL 434 LOWEST SLP 29.68 ON 28
[REMARKS]
#FINAL-08-22#