000
CXUS53 KGRB 051604
CF6AIG
PRELIMINARY LOCAL CLIMATOLOGICAL DATA (WS FORM: F-6)
STATION: ANTIGO AWOS
MONTH: MAY
YEAR: 2022
LATITUDE: 45 9 N
LONGITUDE: 89 8 W
TEMPERATURE IN F: :PCPN: SNOW: WIND :SUNSHINE: SKY :PK WND
================================================================================
1 2 3 4 5 6A 6B 7 8 9 10 11 12 13 14 15 16 17 18
12Z AVG MX 2MIN
DY MAX MIN AVG DEP HDD CDD WTR SNW DPTH SPD SPD DIR MIN PSBL S-S WX SPD DR
================================================================================
1 50 40 45 -3 20 0 0.05 M M 11.6 20 230 M M 10 1 24 110
2 47 39 43 -5 22 0 M M M 7.2 12 290 M M 10 1 17 280
3 53 37 45 -4 20 0 M M M 8.7 14 40 M M 6 20 20
4 61 28 45 -4 20 0 M M M 3.5 9 150 M M 0 M M
5 63 31 47 -3 18 0 M M M 3.6 13 120 M M 0 M M
6 66 37 52 2 13 0 M M M 9.7 16 110 M M 0 24 80
7 66 39 53 3 12 0 M M M 7.9 13 130 M M 0 20 170
8 59 39 49 -1 16 0 M M M 12.5 22 140 M M 4 27 140
9 71 46 59 8 6 0 M M M 21.4 32 130 M M 6 43 140
10 80 58 69 18 0 4 M M M 5.4 14 190 M M 7 18 190
11 73 60 67 16 0 2 M M M 10.3 22 110 M M 8 18 23 80
12 87 60 74 22 0 9 1.76 M M 14.4 24 110 M M 5 1 35 240
13 87 60 74 22 0 9 0.01 M M 10.7 16 140 M M 3 23 150
14 80 53 67 15 0 2 0.01 M M 5.6 13 260 M M 2 33 310
15 71 46 59 6 6 0 M M M 8.0 14 310 M M 3 23 240
16 64 42 53 0 12 0 M M M 8.6 18 290 M M 6 28 290
17 66 36 51 -2 14 0 M M M 3.5 13 130 M M 1 18 0
18 61 46 54 0 11 0 0.40 M M 7.0 10 210 M M 10 28 230
19 68 45 57 3 8 0 0.41 M M 8.1 20 140 M M 6 1 37 140
20 63 49 56 2 9 0 0.65 M M 9.2 16 260 M M 6 1 24 290
21 59 43 51 -3 14 0 0.02 M M 6.1 13 310 M M 5 17 310
22 51 38 45 -10 20 0 0.02 M M 6.5 16 290 M M 8 24 290
23 60 32 46 -9 19 0 M M M 4.0 14 160 M M 1 1 18 160
24 64 37 51 -4 14 0 M M M 5.2 10 140 M M 1 18 140
25 53 45 49 -7 16 0 0.15 M M 10.0 18 80 M M 10 1 24 80
26 56 49 53 -3 12 0 0.04 M M 6.5 12 350 M M 10 1 18 10
27 68 44 56 0 9 0 M M M 4.9 12 20 M M 5 18 20
28 61 44 53 -3 12 0 0.04 M M 7.0 16 110 M M 6 22 110
29 72 52 62 5 3 0 M M M 10.4 17 160 M M 3 27 150
30 81 62 72 15 0 7 M M M 13.2 24 160 M M 0 32 160
31 77 61 69 12 0 4 M M M 16.3 28 230 M M 2 33 230
================================================================================
SM 2038 1398 326 37 3.56 M 266.8 M 144
================================================================================
AV 65.7 45.1 8.6 FASTST M M 5 MAX(MPH)
MISC ----> 32 130 43 140
================================================================================
NOTES:
# LAST OF SEVERAL OCCURRENCES
COLUMN 17 PEAK WIND IN M.P.H.
PRELIMINARY LOCAL CLIMATOLOGICAL DATA (WS FORM: F-6) , PAGE 2
STATION: ANTIGO AWOS
MONTH: MAY
YEAR: 2022
LATITUDE: 45 9 N
LONGITUDE: 89 8 W
[TEMPERATURE DATA] [PRECIPITATION DATA] SYMBOLS USED IN COLUMN 16
AVERAGE MONTHLY: 55.4 TOTAL FOR MONTH: 3.56 1 = FOG OR MIST
DPTR FM NORMAL: 2.5 DPTR FM NORMAL: 0.35 2 = FOG REDUCING VISIBILITY
HIGHEST: 87 ON 13,12 GRTST 24HR 1.76 ON 12-12 TO 1/4 MILE OR LESS
LOWEST: 28 ON 4 3 = THUNDER
SNOW, ICE PELLETS, HAIL 4 = ICE PELLETS
TOTAL MONTH: M 5 = HAIL
GRTST 24HR M ON M 6 = FREEZING RAIN OR DRIZZLE
GRTST DEPTH: M ON M 7 = DUSTSTORM OR SANDSTORM:
VSBY 1/2 MILE OR LESS
8 = SMOKE OR HAZE
[NO. OF DAYS WITH] [WEATHER - DAYS WITH] 9 = BLOWING SNOW
X = TORNADO
MAX 32 OR BELOW: 0 0.01 INCH OR MORE: 12
MAX 90 OR ABOVE: 0 0.10 INCH OR MORE: 5
MIN 32 OR BELOW: 3 0.50 INCH OR MORE: 2
MIN 0 OR BELOW: 0 1.00 INCH OR MORE: 1
[HDD (BASE 65) ]
TOTAL THIS MO. 326 CLEAR (SCALE 0-3) 13
DPTR FM NORMAL -59 PTCLDY (SCALE 4-7) 12
TOTAL FM JUL 1 8804 CLOUDY (SCALE 8-10) 6
DPTR FM NORMAL -156
[CDD (BASE 65) ]
TOTAL THIS MO. 37
DPTR FM NORMAL 29 [PRESSURE DATA]
TOTAL FM JAN 1 37 HIGHEST SLP M ON M
DPTR FM NORMAL 28 LOWEST SLP M ON M
[REMARKS]
#FINAL-05-22#