000
CXAK56 PAJK 011310
CF6AJN
PRELIMINARY LOCAL CLIMATOLOGICAL DATA (WS FORM: F-6)
STATION: JUNEAU
MONTH: JUNE
YEAR: 2021
LATITUDE: 58 22 N
LONGITUDE: 134 35 W
TEMPERATURE IN F: :PCPN: SNOW: WIND :SUNSHINE: SKY :PK WND
================================================================================
1 2 3 4 5 6A 6B 7 8 9 10 11 12 13 14 15 16 17 18
12Z AVG MX 2MIN
DY MAX MIN AVG DEP HDD CDD WTR SNW DPTH SPD SPD DIR MIN PSBL S-S WX SPD DR
================================================================================
1 64 51 58 5 7 0 0.13 0.0 0 6.1 17 110 M M 10 1 23 110
2 53 50 52 -1 13 0 1.28 0.0 0 5.6 14 120 M M 10 1 18 120
3 51 46 49 -4 16 0 0.32 0.0 0 15.4 29 120 M M 10 1 35 120
4 56 45 51 -2 14 0 0.09 0.0 0 5.5 15 230 M M 10 17 230
5 54 47 51 -2 14 0 0.29 0.0 0 5.0 14 120 M M 9 1 16 120
6 58 43 51 -3 14 0 0.29 0.0 0 4.7 14 240 M M 8 1 15 240
7 66 39 53 -1 12 0 0.00 0.0 0 6.2 16 230 M M 5 12 19 230
8 70 47 59 5 6 0 T 0.0 0 5.1 14 230 M M 3 18 230
9 70 43 57 3 8 0 0.01 0.0 0 5.7 18 110 M M 4 23 110
10 55 50 53 -1 12 0 0.01 0.0 0 6.4 15 90 M M 10 1 17 80
11 59 50 55 1 10 0 0.01 0.0 0 7.2 16 110 M M 10 18 80
12 63 49 56 2 9 0 0.03 0.0 0 4.9 13 100 M M 9 1 15 100
13 68 46 57 3 8 0 0.00 0.0 0 6.2 17 230 M M 7 20 230
14 71 49 60 5 5 0 T 0.0 0 8.3 21 110 M M 7 26 120
15 59 52 56 1 9 0 1.46 0.0 0 8.9 22 130 M M 10 1 27 130
16 62 46 54 -1 11 0 0.72 0.0 0 2.8 10 110 M M 9 1 13 110
17 71 43 57 2 8 0 0.00 0.0 0 7.1 14 230 M M 5 12 16 240
18 59 49 54 -1 11 0 0.06 0.0 0 8.5 23 120 M M 9 1 30 130
19 73 43 58 3 7 0 0.00 0.0 0 5.2 14 230 M M 3 12 16 220
20 62 49 56 1 9 0 0.52 0.0 0 10.8 22 120 M M 9 1 27 130
21 57 51 54 -1 11 0 0.15 0.0 0 4.2 12 310 M M 10 1 16 310
22 63 50 57 2 8 0 0.00 0.0 0 5.3 13 230 M M 9 17 250
23 65 50 58 3 7 0 0.40 0.0 0 8.9 24 110 M M 10 1 31 120
24 59 54 57 1 8 0 0.39 0.0 0 16.6 25 110 M M 10 1 34 120
25 60 54 57 1 8 0 0.17 0.0 0 10.1 23 120 M M 10 1 29 120
26 70 54 62 6 3 0 0.05 M M 4.6 14 240 M M 8 1 16 230
27 80 51 66 10 0 1 0.00 0.0 0 6.2 14 230 M M 3 1 16 240
28 83 51 67 11 0 2 0.00 0.0 0 5.1 13 240 M M 1 15 230
29 75 51 63 7 2 0 0.00 0.0 0 8.3 20 270 M M 7 25 270
30 63 54 59 3 6 0 T 0.0 0 5.8 14 280 M M 9 18 270
================================================================================
SM 1919 1457 256 3 6.38 0.0 210.7 M 234
================================================================================
AV 64.0 48.6 7.0 FASTST M M 8 MAX(MPH)
MISC ----> 29 120 35 120
================================================================================
NOTES:
# LAST OF SEVERAL OCCURRENCES
COLUMN 17 PEAK WIND IN M.P.H.
PRELIMINARY LOCAL CLIMATOLOGICAL DATA (WS FORM: F-6) , PAGE 2
STATION: JUNEAU
MONTH: JUNE
YEAR: 2021
LATITUDE: 58 22 N
LONGITUDE: 134 35 W
[TEMPERATURE DATA] [PRECIPITATION DATA] SYMBOLS USED IN COLUMN 16
AVERAGE MONTHLY: 56.3 TOTAL FOR MONTH: 6.38 1 = FOG OR MIST
DPTR FM NORMAL: 1.7 DPTR FM NORMAL: 2.56 2 = FOG REDUCING VISIBILITY
HIGHEST: 83 ON 28 GRTST 24HR 1.46 ON 15-15 TO 1/4 MILE OR LESS
LOWEST: 39 ON 7 3 = THUNDER
SNOW, ICE PELLETS, HAIL 4 = ICE PELLETS
TOTAL MONTH: 0.0 INCH 5 = HAIL
GRTST 24HR 0.0 6 = FREEZING RAIN OR DRIZZLE
GRTST DEPTH: 0 7 = DUSTSTORM OR SANDSTORM:
VSBY 1/2 MILE OR LESS
8 = SMOKE OR HAZE
[NO. OF DAYS WITH] [WEATHER - DAYS WITH] 9 = BLOWING SNOW
X = TORNADO
MAX 32 OR BELOW: 0 0.01 INCH OR MORE: 19
MAX 90 OR ABOVE: 0 0.10 INCH OR MORE: 12
MIN 32 OR BELOW: 0 0.50 INCH OR MORE: 4
MIN 0 OR BELOW: 0 1.00 INCH OR MORE: 2
[HDD (BASE 65) ]
TOTAL THIS MO. 256 CLEAR (SCALE 0-3) 2
DPTR FM NORMAL -57 PTCLDY (SCALE 4-7) 10
TOTAL FM JUL 1 8112 CLOUDY (SCALE 8-10) 18
DPTR FM NORMAL -225
[CDD (BASE 65) ]
TOTAL THIS MO. 3
DPTR FM NORMAL 2 [PRESSURE DATA]
TOTAL FM JAN 1 3 HIGHEST SLP 30.30 ON 25
DPTR FM NORMAL 2 LOWEST SLP 29.54 ON 4
[REMARKS]
#FINAL-06-21#