000
CXUS54 KCRP 011300
CF6ALI
PRELIMINARY LOCAL CLIMATOLOGICAL DATA (WS FORM: F-6)
STATION: ALICE
MONTH: SEPTEMBER
YEAR: 2020
LATITUDE: 27 44 N
LONGITUDE: 98 1 W
TEMPERATURE IN F: :PCPN: SNOW: WIND :SUNSHINE: SKY :PK WND
================================================================================
1 2 3 4 5 6A 6B 7 8 9 10 11 12 13 14 15 16 17 18
12Z AVG MX 2MIN
DY MAX MIN AVG DEP HDD CDD WTR SNW DPTH SPD SPD DIR MIN PSBL S-S WX SPD DR
================================================================================
1 M M M M M M 0.00 0.0 M 17.3 18 160 M M 8 25 160
2 99 81 90 6 0 25 0.00 0.0 M 12.3 23 160 M M 2 30 160
3 101 80 91 7 0 26 0.00 0.0 0 10.2 22 120 M M 2 1 29 120
4 100 77 89 5 0 24 0.14 0.0 0 6.7 23 140 M M 2 13 30 130
5 90 74 82 -1 0 17 0.70 0.0 0 8.6 24 100 M M 4 138 34 80
6 93 74 84 1 0 19 0.00 0.0 0 5.6 26 190 M M 1 34 200
7 90 73 82 -1 0 17 0.00 0.0 0 4.9 12 140 M M 1 16 120
8 98 76 87 4 0 22 0.00 0.0 0 10.2 22 120 M M 1 28 130
9 99 77 88 6 0 23 0.01 0.0 0 10.4 22 120 M M 3 13 28 130
10 82 67 75 -7 0 10 0.11 0.0 0 10.7 17 340 M M 9 1 21 350
11 91 66 79 -3 0 14 T 0.0 0 9.4 15 350 M M 7 20 360
12 97 73 85 3 0 20 0.00 0.0 0 6.6 15 20 M M 3 19 360
13 100 74 87 5 0 22 0.16 0.0 0 9.3 25 20 M M 2 13 34 20
14 97 76 87 6 0 22 0.39 0.0 0 9.1 29 80 M M 4 13 36 80
15 92 76 84 3 0 19 T 0.0 0 7.3 13 10 M M 1 16 360
16 94 76 85 4 0 20 1.17 0.0 0 5.8 16 130 M M 2 138 20 130
17 92 72 82 2 0 17 1.66 0.0 0 7.7 20 360 M M 4 13 27 40
18 90 73 82 2 0 17 0.03 0.0 0 9.2 25 50 M M 1 33 40
19 89 68 79 -1 0 14 0.00 0.0 0 10.0 20 30 M M 0 24 350
20 88 64 76 -4 0 11 0.04 0.0 0 11.4 22 40 M M 2 18 29 40
21 77 71 74 -6 0 9 0.16 0.0 0 14.2 23 330 M M 10 18 33 330
22 91 71 81 2 0 16 T 0.0 0 11.5 21 330 M M 6 1 25 320
23 90 69 80 1 0 15 0.00 0.0 0 7.8 16 350 M M 2 20 320
24 90 67 79 0 0 14 0.00 0.0 0 5.0 12 360 M M 3 20 350
25 92 67 80 1 0 15 0.00 0.0 0 5.1 16 130 M M 4 1 21 130
26 95 72 84 6 0 19 0.00 0.0 0 8.5 17 130 M M 3 1 26 180
27 96 73 85 7 0 20 0.00 0.0 0 10.2 18 200 M M 2 1 20 180
28 83 71 77 -1 0 12 0.00 0.0 0 13.2 26 10 M M 9 36 10
29 85 56 71 -7 0 6 0.00 0.0 0 7.8 17 10 M M 2 23 330
30 88 54 71 -7 0 6 0.00 0.0 0 6.6 14 220 M M 0 18 200
================================================================================
SM 2669 2068 0 491 4.57 0.0 272.6 M 100
================================================================================
AV 92.0 71.3 9.1 FASTST M M 3 MAX(MPH)
MISC ----> # 29 80 # 36 80
================================================================================
NOTES:
# LAST OF SEVERAL OCCURRENCES
COLUMN 17 PEAK WIND IN M.P.H.
PRELIMINARY LOCAL CLIMATOLOGICAL DATA (WS FORM: F-6) , PAGE 2
STATION: ALICE
MONTH: SEPTEMBER
YEAR: 2020
LATITUDE: 27 44 N
LONGITUDE: 98 1 W
[TEMPERATURE DATA] [PRECIPITATION DATA] SYMBOLS USED IN COLUMN 16
AVERAGE MONTHLY: 81.7 TOTAL FOR MONTH: 4.57 1 = FOG OR MIST
DPTR FM NORMAL: 0.8 DPTR FM NORMAL: 0.63 2 = FOG REDUCING VISIBILITY
HIGHEST: 101 ON 3 GRTST 24HR 1.66 ON 17-17 TO 1/4 MILE OR LESS
LOWEST: 54 ON 30 3 = THUNDER
SNOW, ICE PELLETS, HAIL 4 = ICE PELLETS
TOTAL MONTH: 0.0 INCH 5 = HAIL
GRTST 24HR 0.0 6 = FREEZING RAIN OR DRIZZLE
GRTST DEPTH: 0 7 = DUSTSTORM OR SANDSTORM:
VSBY 1/2 MILE OR LESS
8 = SMOKE OR HAZE
[NO. OF DAYS WITH] [WEATHER - DAYS WITH] 9 = BLOWING SNOW
X = TORNADO
MAX 32 OR BELOW: 0 0.01 INCH OR MORE: 11
MAX 90 OR ABOVE: 22 0.10 INCH OR MORE: 8
MIN 32 OR BELOW: 0 0.50 INCH OR MORE: 3
MIN 0 OR BELOW: 0 1.00 INCH OR MORE: 2
[HDD (BASE 65) ]
TOTAL THIS MO. 0 CLEAR (SCALE 0-3) 20
DPTR FM NORMAL 0 PTCLDY (SCALE 4-7) 7
TOTAL FM JUL 1 0 CLOUDY (SCALE 8-10) 3
DPTR FM NORMAL 0
[CDD (BASE 65) ]
TOTAL THIS MO. 491
DPTR FM NORMAL 14 [PRESSURE DATA]
TOTAL FM JAN 1 3710 HIGHEST SLP 30.24 ON 29
DPTR FM NORMAL 463 LOWEST SLP 29.66 ON 27
[REMARKS]
#FINAL-09-20#