000
CXUS55 KPUB 011905
CF6ALS
PRELIMINARY LOCAL CLIMATOLOGICAL DATA (WS FORM: F-6)
STATION: ALAMOSA CO
MONTH: OCTOBER
YEAR: 2022
LATITUDE: 37 27 N
LONGITUDE: 105 52 W
TEMPERATURE IN F: :PCPN: SNOW: WIND :SUNSHINE: SKY :PK WND
================================================================================
1 2 3 4 5 6A 6B 7 8 9 10 11 12 13 14 15 16 17 18
12Z AVG MX 2MIN
DY MAX MIN AVG DEP HDD CDD WTR SNW DPTH SPD SPD DIR MIN PSBL S-S WX SPD DR
================================================================================
1 71 35 53 3 12 0 0.02 0.0 0 6.6 21 340 M M 5 3 32 170
2 56 46 51 1 14 0 0.21 0.0 0 6.3 14 310 M M 9 1 18 300
3 63 41 52 3 13 0 0.16 0.0 0 3.0 17 310 M M 7 1 23 330
4 66 33 50 1 15 0 0.00 0.0 0 5.0 23 270 M M 3 1 28 260
5 59 42 51 3 14 0 0.03 0.0 0 9.0 20 100 M M 8 27 120
6 65 30 48 0 17 0 0.00 0.0 0 3.9 15 110 M M 1 20 110
7 66 30 48 0 17 0 0.00 0.0 0 5.1 14 130 M M 1 20 140
8 66 32 49 2 16 0 0.00 0.0 0 5.9 17 210 M M 4 1 22 200
9 65 34 50 3 15 0 0.00 0.0 0 3.6 13 140 M M 3 12 19 140
10 66 25 46 0 19 0 0.00 0.0 0 5.0 18 250 M M 1 24 240
11 68 28 48 2 17 0 T 0.0 0 6.8 26 260 M M 2 35 260
12 70 25 48 3 17 0 0.00 0.0 0 3.4 12 30 M M 0 17 30
13 70 22 46 1 19 0 0.00 0.0 0 4.2 12 360 M M 0 16 360
14 70 22 46 1 19 0 0.00 0.0 0 2.7 12 300 M M 0 18 320
15 70 22 46 2 19 0 0.00 0.0 0 8.4 31 100 M M 0 8 43 110
16 57 31 44 0 21 0 0.00 0.0 0 8.4 26 100 M M 1 39 90
17 62 20 41 -2 24 0 0.00 0.0 0 3.3 12 120 M M 0 1 15 140
18 62 26 44 1 21 0 0.00 0.0 0 2.9 10 160 M M 4 12 12 290
19 69 20 45 2 20 0 0.00 0.0 0 2.5 10 120 M M 0 12 220
20 69 19 44 2 21 0 0.00 0.0 0 5.1 13 180 M M 0 16 180
21 68 22 45 3 20 0 0.00 0.0 0 5.7 18 250 M M 0 25 260
22 66 23 45 4 20 0 0.00 0.0 0 12.8 33 220 M M 0 8 47 220
23 53 22 38 -3 27 0 T 0.0 0 18.9 40 250 M M 4 8 63 210
24 44 16 30 -10 35 0 0.00 0.0 0 10.7 26 330 M M 3 36 320
25 53 11 32 -8 33 0 0.00 0.0 0 3.3 10 340 M M 0 13 350
26 57 16 37 -3 28 0 0.00 0.0 0 8.6 22 230 M M 2 30 250
27 47 18 33 -6 32 0 0.00 0.0 0 7.5 17 40 M M 5 3 23 110
28 53 11 32 -7 33 0 0.00 0.0 0 2.6 8 100 M M 0 10 320
29 57 9 33 -5 32 0 0.00 0.0 0 2.8 10 60 M M 0 13 160
30 54 17 36 -2 29 0 0.00 0.0 0 3.6 8 330 M M 2 12 340
31 58 13 36 -2 29 0 0.00 0.0 0 3.4 8 80 M M 0 11 30
================================================================================
SM 1920 761 668 0 0.42 0.0 181.0 M 65
================================================================================
AV 61.9 24.5 5.8 FASTST M M 2 MAX(MPH)
MISC ----> 40 250 63 210
================================================================================
NOTES:
COLUMN 17 PEAK WIND IN M.P.H.
PRELIMINARY LOCAL CLIMATOLOGICAL DATA (WS FORM: F-6) , PAGE 2
STATION: ALAMOSA CO
MONTH: OCTOBER
YEAR: 2022
LATITUDE: 37 27 N
LONGITUDE: 105 52 W
[TEMPERATURE DATA] [PRECIPITATION DATA] SYMBOLS USED IN COLUMN 16
AVERAGE MONTHLY: 43.2 TOTAL FOR MONTH: 0.42 1 = FOG OR MIST
DPTR FM NORMAL: -0.6 DPTR FM NORMAL: -0.23 2 = FOG REDUCING VISIBILITY
HIGHEST: 71 ON 1 GRTST 24HR 0.37 ON 2-3 TO 1/4 MILE OR LESS
LOWEST: 9 ON 29 3 = THUNDER
SNOW, ICE PELLETS, HAIL 4 = ICE PELLETS
TOTAL MONTH: 0.0 INCH 5 = HAIL
GRTST 24HR 0.0 6 = FREEZING RAIN OR DRIZZLE
GRTST DEPTH: 0 7 = DUSTSTORM OR SANDSTORM:
VSBY 1/2 MILE OR LESS
8 = SMOKE OR HAZE
[NO. OF DAYS WITH] [WEATHER - DAYS WITH] 9 = BLOWING SNOW
X = TORNADO
MAX 32 OR BELOW: 0 0.01 INCH OR MORE: 4
MAX 90 OR ABOVE: 0 0.10 INCH OR MORE: 2
MIN 32 OR BELOW: 25 0.50 INCH OR MORE: 0
MIN 0 OR BELOW: 0 1.00 INCH OR MORE: 0
[HDD (BASE 65) ]
TOTAL THIS MO. 668 CLEAR (SCALE 0-3) 23
DPTR FM NORMAL 11 PTCLDY (SCALE 4-7) 6
TOTAL FM JUL 1 879 CLOUDY (SCALE 8-10) 2
DPTR FM NORMAL -161
[CDD (BASE 65) ]
TOTAL THIS MO. 0
DPTR FM NORMAL 0 [PRESSURE DATA]
TOTAL FM JAN 1 134 HIGHEST SLP 30.52 ON 28
DPTR FM NORMAL 63 LOWEST SLP 29.37 ON 23
[REMARKS]
#FINAL-10-22#