000
CXUS55 KPUB 050444 RRA
CLAALS
CLIMATE REPORT
NATIONAL WEATHER SERVICE
944 PM MST TUE JAN 04 2022
...................................
...THE ALAMOSA CO CLIMATE SUMMARY FOR THE YEAR OF 2021...
CLIMATE NORMAL PERIOD 1991 TO 2020
CLIMATE RECORD PERIOD 1932 TO 2022
WEATHER OBSERVED NORMAL DEPART
VALUE DATE(S) VALUE FROM
NORMAL
................................................
TEMPERATURE (F)
RECORD
HIGH 96 07/05/1989
LOW -50 01/28/1948
HIGHEST 94 07/10
06/16
LOWEST -14 01/27
AVG. MAXIMUM 63.5 60.3 3.2
AVG. MINIMUM 25.0 24.3 0.7
MEAN 44.2 42.3 1.9
DAYS MAX >= 90 4
DAYS MAX <= 32 13
DAYS MIN <= 32 231
DAYS MIN <= 0 32
PRECIPITATION (INCHES)
RECORD
MAXIMUM 11.55 1969
MINIMUM 3.40 1956
TOTALS 5.66 7.39 -1.73
DAILY AVG. 0.02 0.02 -0.00
DAYS >= .01 56
DAYS >= .10 15
DAYS >= .50 2
DAYS >= 1.00 0
GREATEST
24 HR. TOTAL 1.03 05/17 TO 05/18
SNOWFALL (INCHES)
RECORDS
MAXIMUM 97.5 1973
MINIMUM 6.4 1934
TOTALS 17.8 MM MM
SINCE 7/1 0.8 MM MM
SNOWDEPTH AVG. T
DAYS >= TRACE 38 MM MM
DAYS >= 1.0 5 MM MM
GREATEST
SNOW DEPTH 3 02/18
03/15
24 HR TOTAL 3.9 03/14 TO 03/15
DEGREE DAYS
HEATING TOTAL 7615 8321 -706
SINCE 7/1 2998 3533 -535
COOLING TOTAL 155 71 84
SINCE 1/1 155 71 84
FREEZE DATES
RECORD
EARLIEST 08/21/1980
LATEST 06/29/1945
EARLIEST 10/01
LATEST 06/15
................................................
WIND (MPH)
AVERAGE WIND SPEED 7.3
RESULTANT WIND SPEED/DIRECTION 2/200
HIGHEST WIND SPEED/DIRECTION 48/250 DATE 12/15
HIGHEST GUST SPEED/DIRECTION 68/250 DATE 12/15
SKY COVER
POSSIBLE SUNSHINE (PERCENT) MM
AVERAGE SKY COVER 0.18
NUMBER OF DAYS FAIR 299
NUMBER OF DAYS PC 55
NUMBER OF DAYS CLOUDY 9
AVERAGE RH (PERCENT) 53
WEATHER CONDITIONS. NUMBER OF DAYS WITH
THUNDERSTORM 34 MIXED PRECIP 0
HEAVY RAIN 11 RAIN 21
LIGHT RAIN 70 FREEZING RAIN 0
LT FREEZING RAIN 0 HAIL 0
HEAVY SNOW 2 SNOW 10
LIGHT SNOW 37 SLEET 0
FOG 67 FOG W/VIS <= 1/4 MILE 24
HAZE 36
- INDICATES NEGATIVE NUMBERS.
R INDICATES RECORD WAS SET OR TIED.
MM INDICATES DATA IS MISSING.
T INDICATES TRACE AMOUNT.
$$