000
CXUS56 KPDT 011810
CF6ALW
PRELIMINARY LOCAL CLIMATOLOGICAL DATA (WS FORM: F-6)
STATION: WALLA WALLA WA
MONTH: AUGUST
YEAR: 2022
LATITUDE: 46 5 N
LONGITUDE: 118 17 W
TEMPERATURE IN F: :PCPN: SNOW: WIND :SUNSHINE: SKY :PK WND
================================================================================
1 2 3 4 5 6A 6B 7 8 9 10 11 12 13 14 15 16 17 18
12Z AVG MX 2MIN
DY MAX MIN AVG DEP HDD CDD WTR SNW DPTH SPD SPD DIR MIN PSBL S-S WX SPD DR
================================================================================
1 94 72 83 5 0 18 T M M 9.3 18 200 M M 1 24 170
2 95 72 84 6 0 19 0.00 M M 13.8 24 230 M M 0 31 230
3 96 68 82 4 0 17 0.00 M M 9.7 18 190 M M 0 24 190
4 84 61 73 -5 0 8 0.00 M M 10.7 23 260 M M 0 31 250
5 84 54 69 -9 0 4 0.00 M M 6.2 15 280 M M 0 20 280
6 89 55 72 -6 0 7 0.00 M M 6.3 13 220 M M 0 19 230
7 96 58 77 -1 0 12 0.00 M M 5.0 10 280 M M 0 17 270
8 104 66 85 8 0 20 0.00 M M 5.7 14 70 M M 0 16 90
9 100 71 86 9 0 21 0.13 M M 7.3 25 220 M M 2 38 33 230
10 96 67 82 5 0 17 0.52 M M 8.2 26 120 M M 2 3 37 120
11 90 63 77 0 0 12 0.00 M M 5.8 15 190 M M 0 18 210
12 94 68 81 5 0 16 0.00 M M 8.4 21 190 M M 0 25 190
13 84 62 73 -3 0 8 0.00 M M 11.2 21 190 M M 0 26 190
14 88 57 73 -3 0 8 0.00 M M 5.9 13 240 M M 0 17 270
15 94 58 76 0 0 11 0.00 M M 5.0 12 260 M M 0 14 260
16 98 65 82 7 0 17 0.00 M M 7.1 13 90 M M 0 16 300
17 105 63 84 9 0 19 0.00 M M 4.9 12 90 M M 0 17 260
18 95 65 80 5 0 15 0.00 M M 6.3 13 230 M M 0 15 230
19 94 77 86 12 0 21 0.00 M M 8.3 16 210 M M 0 22 240
20 95 71 83 9 0 18 0.00 M M 8.1 14 190 M M 0 18 230
21 95 69 82 8 0 17 0.00 M M 7.8 15 220 M M 0 22 200
22 94 67 81 7 0 16 0.01 M M 6.9 25 210 M M 1 3 37 220
23 94 68 81 8 0 16 0.00 M M 6.3 14 220 M M 0 20 220
24 95 65 80 7 0 15 0.00 M M 5.3 12 90 M M 0 16 330
25 92 64 78 5 0 13 0.00 M M 6.5 12 110 M M 0 15 190
26 93 68 81 8 0 16 0.00 M M 13.3 22 230 M M 1 30 240
27 78 59 69 -3 0 4 0.00 M M 15.6 29 250 M M 2 38 260
28 79 53 66 -6 0 1 0.00 M M 5.2 12 80 M M 0 15 230
29 91 55 73 1 0 8 0.00 M M 4.6 10 160 M M 0 13 320
30 96 62 79 8 0 14 0.00 M M 4.9 9 90 M M 0 14 290
31 96 64 80 9 0 15 0.00 M M 8.1 15 190 M M 0 19 190
================================================================================
SM 2878 1987 0 423 0.66 M 237.7 M 9
================================================================================
AV 92.8 64.1 7.7 FASTST M M 0 MAX(MPH)
MISC ----> 29 250 38 260
================================================================================
NOTES:
# LAST OF SEVERAL OCCURRENCES
COLUMN 17 PEAK WIND IN M.P.H.
PRELIMINARY LOCAL CLIMATOLOGICAL DATA (WS FORM: F-6) , PAGE 2
STATION: WALLA WALLA WA
MONTH: AUGUST
YEAR: 2022
LATITUDE: 46 5 N
LONGITUDE: 118 17 W
[TEMPERATURE DATA] [PRECIPITATION DATA] SYMBOLS USED IN COLUMN 16
AVERAGE MONTHLY: 78.5 TOTAL FOR MONTH: 0.66 1 = FOG OR MIST
DPTR FM NORMAL: 3.3 DPTR FM NORMAL: 0.26 2 = FOG REDUCING VISIBILITY
HIGHEST: 105 ON 17 GRTST 24HR 0.52 ON 10-10 TO 1/4 MILE OR LESS
LOWEST: 53 ON 28 3 = THUNDER
SNOW, ICE PELLETS, HAIL 4 = ICE PELLETS
TOTAL MONTH: M 5 = HAIL
GRTST 24HR M ON M 6 = FREEZING RAIN OR DRIZZLE
GRTST DEPTH: M ON M 7 = DUSTSTORM OR SANDSTORM:
VSBY 1/2 MILE OR LESS
8 = SMOKE OR HAZE
[NO. OF DAYS WITH] [WEATHER - DAYS WITH] 9 = BLOWING SNOW
X = TORNADO
MAX 32 OR BELOW: 0 0.01 INCH OR MORE: 3
MAX 90 OR ABOVE: 24 0.10 INCH OR MORE: 2
MIN 32 OR BELOW: 0 0.50 INCH OR MORE: 1
MIN 0 OR BELOW: 0 1.00 INCH OR MORE: 0
[HDD (BASE 65) ]
TOTAL THIS MO. 0 CLEAR (SCALE 0-3) 31
DPTR FM NORMAL -5 PTCLDY (SCALE 4-7) 0
TOTAL FM JUL 1 0 CLOUDY (SCALE 8-10) 0
DPTR FM NORMAL -4
[CDD (BASE 65) ]
TOTAL THIS MO. 423
DPTR FM NORMAL 103 [PRESSURE DATA]
TOTAL FM JAN 1 890 HIGHEST SLP 30.12 ON 13
DPTR FM NORMAL 63 LOWEST SLP 29.70 ON 3
[REMARKS]
#FINAL-08-22#