000
CXUS54 KBMX 031526
CLMANB
CLIMATE REPORT
NATIONAL WEATHER SERVICE BIRMINGHAM AL
1026 AM CDT MON JUL 03 2023
...................................
...THE ANNISTON CLIMATE SUMMARY FOR THE MONTH OF JUNE 2023...
CLIMATE NORMAL PERIOD 1991 TO 2020
CLIMATE RECORD PERIOD 1903 TO 2023
WEATHER OBSERVED NORMAL DEPART LAST YEAR`S
VALUE DATE(S) VALUE FROM VALUE DATE(S)
NORMAL
................................................................
TEMPERATURE (F)
RECORD
HIGH 104 06/30/2012
06/28/1931
08/29/2000
LOW 42 06/01/1972
HIGHEST 93 06/30 MM MM 97 06/15
LOWEST 58 06/10 MM MM 60 06/10
AVG. MAXIMUM 86.3 87.6 -1.3 90.2
AVG. MINIMUM 65.1 67.2 -2.1 67.8
MEAN 75.7 79.0
DAYS MAX >= 90 8 11.4 -3.4 15
DAYS MAX <= 32 0 0.0 0.0 0
DAYS MIN <= 32 0 0.0 0.0 0
DAYS MIN <= 0 0 0.0 0.0 0
PRECIPITATION (INCHES)
RECORD
MAXIMUM 10.55 2021
MINIMUM 0.00 1988
TOTALS 3.07 4.37 -1.30 3.32
DAILY AVG. 0.11 0.15 -0.04
DAYS >= .01 11 11.5 -0.5
DAYS >= .10 6 7.5 -1.5
DAYS >= .50 2 3.2 -1.2
DAYS >= 1.00 1 1.2 -0.2
DEGREE DAYS
COOLING TOTAL 330 372 -42 425
SINCE 1/1 602 641 -39 MM
................................................................
WIND (MPH)
AVERAGE WIND SPEED 4.2
HIGHEST WIND SPEED/DIRECTION 28/290 DATE 06/25
HIGHEST GUST SPEED/DIRECTION 46/280 DATE 06/25
AVERAGE RH (PERCENT) 72
WEATHER CONDITIONS. NUMBER OF DAYS WITH
THUNDERSTORM 11 MIXED PRECIP 0
HEAVY RAIN 7 RAIN 6
LIGHT RAIN 12 FREEZING RAIN 0
LT FREEZING RAIN 0 HAIL 0
HEAVY SNOW 0 SNOW 0
LIGHT SNOW 0 SLEET 0
FOG 17 FOG W/VIS <= 1/4 MILE 2
HAZE 3
- INDICATES NEGATIVE NUMBERS.
R INDICATES RECORD WAS SET OR TIED.
MM INDICATES DATA IS MISSING.
T INDICATES TRACE AMOUNT.
$$