000
CXAK56 PAFC 011343
CF6ANC
PRELIMINARY LOCAL CLIMATOLOGICAL DATA (WS FORM: F-6)
STATION: ANCHORAGE AK
MONTH: JANUARY
YEAR: 2021
LATITUDE: 61 10 N
LONGITUDE: 150 2 W
TEMPERATURE IN F: :PCPN: SNOW: WIND :SUNSHINE: SKY :PK WND
================================================================================
1 2 3 4 5 6A 6B 7 8 9 10 11 12 13 14 15 16 17 18
12Z AVG MX 2MIN
DY MAX MIN AVG DEP HDD CDD WTR SNW DPTH SPD SPD DIR MIN PSBL S-S WX SPD DR
================================================================================
1 13 1 7 -11 58 0 0.00 0.0 16 4.3 10 90 M M 1 2 17 140
2 11 -3 4 -14 61 0 T T 16 2.4 8 70 M M 4 12 12 30
3 12 1 7 -11 58 0 0.05 0.8 16 5.3 10 360 M M 9 128 14 170
4 19 8 14 -4 51 0 T T 17 7.8 16 20 M M 8 1 20 20
5 24 14 19 2 46 0 0.00 0.0 17 7.3 17 360 M M 7 22 160
6 24 11 18 1 47 0 0.00 0.0 17 6.1 15 320 M M 7 18 320
7 38 17 28 11 37 0 0.00 0.0 17 6.0 21 150 M M 6 32 150
8 37 25 31 14 34 0 T T 17 4.1 17 300 M M 8 30 300
9 37 24 31 14 34 0 0.00 0.0 17 11.4 28 150 M M 10 39 150
10 36 28 32 15 33 0 T T 17 6.8 25 10 M M 9 31 20
11 36 23 30 13 35 0 0.00 0.0 16 6.8 21 150 M M 7 30 170
12 29 19 24 7 41 0 0.02 0.4 16 2.8 8 70 M M 8 1 14 350
13 28 18 23 6 42 0 0.00 0.0 17 2.3 8 350 M M 7 15 30
14 33 21 27 10 38 0 0.00 0.0 17 7.1 17 350 M M 8 24 340
15 33 22 28 11 37 0 T 0.1 17 5.3 14 200 M M 8 1 20 200
16 34 20 27 10 38 0 T T 17 5.6 14 350 M M 8 17 350
17 41 30 36 19 29 0 0.01 0.1 17 5.4 22 150 M M 8 43 160
18 39 31 35 18 30 0 0.44 0.3 17 9.1 22 30 M M 9 1 29 30
19 34 24 29 12 36 0 0.07 0.1 16 9.4 21 180 M M 8 1 32 190
20 30 22 26 9 39 0 T T 17 4.3 12 50 M M 7 14 40
21 39 21 30 13 35 0 0.00 0.0 17 4.2 26 160 M M 8 36 160
22 38 27 33 16 32 0 T T 16 4.4 22 150 M M 9 16 30 150
23 34 29 32 15 33 0 T 0.2 16 4.8 13 300 M M 9 14 16 320
24 35 21 28 11 37 0 0.06 0.8 17 6.1 15 200 M M 8 12 19 200
25 28 11 20 3 45 0 0.00 0.0 17 4.6 12 360 M M 5 12 17 40
26 17 2 10 -7 55 0 0.00 0.0 17 0.9 7 310 M M 1 9 360
27 15 1 8 -9 57 0 T T 17 3.3 9 10 M M 7 1 11 360
28 19 14 17 0 48 0 0.02 0.2 17 7.5 13 360 M M 10 1 16 30
29 25 14 20 3 45 0 0.00 0.0 17 6.4 15 360 M M 7 19 10
30 23 6 15 -3 50 0 0.00 0.0 17 5.3 16 360 M M 2 21 360
31 14 3 9 -9 56 0 0.00 0.0 17 5.5 12 10 M M 1 1 15 10
================================================================================
SM 875 505 1317 0 0.67 3.0 172.6 M 214
================================================================================
AV 28.2 16.3 5.6 FASTST M M 7 MAX(MPH)
MISC ----> 28 150 43 160
================================================================================
NOTES:
# LAST OF SEVERAL OCCURRENCES
COLUMN 17 PEAK WIND IN M.P.H.
PRELIMINARY LOCAL CLIMATOLOGICAL DATA (WS FORM: F-6) , PAGE 2
STATION: ANCHORAGE AK
MONTH: JANUARY
YEAR: 2021
LATITUDE: 61 10 N
LONGITUDE: 150 2 W
[TEMPERATURE DATA] [PRECIPITATION DATA] SYMBOLS USED IN COLUMN 16
AVERAGE MONTHLY: 22.3 TOTAL FOR MONTH: 0.67 1 = FOG OR MIST
DPTR FM NORMAL: 5.2 DPTR FM NORMAL: -0.06 2 = FOG REDUCING VISIBILITY
HIGHEST: 41 ON 17 GRTST 24HR 1.33 ON 5- 6 TO 1/4 MILE OR LESS
LOWEST: -3 ON 2 3 = THUNDER
SNOW, ICE PELLETS, HAIL 4 = ICE PELLETS
TOTAL MONTH: 3.0 INCHES 5 = HAIL
GRTST 24HR 0.8 ON 3- 3 6 = FREEZING RAIN OR DRIZZLE
GRTST DEPTH: 17 ON 31,29 7 = DUSTSTORM OR SANDSTORM:
VSBY 1/2 MILE OR LESS
8 = SMOKE OR HAZE
[NO. OF DAYS WITH] [WEATHER - DAYS WITH] 9 = BLOWING SNOW
X = TORNADO
MAX 32 OR BELOW: 16 0.01 INCH OR MORE: 7
MAX 90 OR ABOVE: 0 0.10 INCH OR MORE: 1
MIN 32 OR BELOW: 31 0.50 INCH OR MORE: 0
MIN 0 OR BELOW: 1 1.00 INCH OR MORE: 0
[HDD (BASE 65) ]
TOTAL THIS MO. 1317 CLEAR (SCALE 0-3) 4
DPTR FM NORMAL -168 PTCLDY (SCALE 4-7) 16
TOTAL FM JUL 1 5504 CLOUDY (SCALE 8-10) 11
DPTR FM NORMAL -569
[CDD (BASE 65) ]
TOTAL THIS MO. 0
DPTR FM NORMAL 0 [PRESSURE DATA]
TOTAL FM JAN 1 0 HIGHEST SLP 30.23 ON 21
DPTR FM NORMAL 0 LOWEST SLP 28.67 ON 5
[REMARKS]
#FINAL-01-21#