000
CXUS52 KGSP 010917
CF6AND
PRELIMINARY LOCAL CLIMATOLOGICAL DATA (WS FORM: F-6)
STATION: ANDERSON SC
MONTH: NOVEMBER
YEAR: 2023
LATITUDE: 34 30 N
LONGITUDE: 82 43 W
TEMPERATURE IN F: :PCPN: SNOW: WIND :SUNSHINE: SKY :PK WND
================================================================================
1 2 3 4 5 6A 6B 7 8 9 10 11 12 13 14 15 16 17 18
12Z AVG MX 2MIN
DY MAX MIN AVG DEP HDD CDD WTR SNW DPTH SPD SPD DIR MIN PSBL S-S WX SPD DR
================================================================================
1 55 35 45 -11 20 0 0.00 M M 6.5 17 60 M M 2 25 30
2 56 29 43 -13 22 0 0.00 M M 2.6 15 80 M M 0 18 70
3 64 29 47 -9 18 0 0.00 M M 1.3 7 140 M M 0 12 150
4 74 29 52 -3 13 0 0.00 M M 1.3 8 180 M M 0 11 150
5 77 37 57 2 8 0 0.00 M M 1.7 9 240 M M 0 12 250
6 77 41 59 4 6 0 0.00 M M 2.0 14 220 M M 0 18 270
7 80 43 62 8 3 0 0.00 M M 3.9 14 220 M M 0 17 240
8 82 46 64 10 1 0 0.00 M M 2.7 14 210 M M 0 8 17 210
9 82 55 69 15 0 4 T M M 6.4 15 230 M M 0 23 230
10 71 52 62 9 3 0 0.03 M M 7.0 21 60 M M 5 1 24 60
11 53 49 51 -2 14 0 0.18 M M 7.3 15 70 M M 10 1 21 60
12 62 42 52 -1 13 0 0.00 M M 6.1 16 70 M M 6 21 70
13 66 37 52 0 13 0 0.00 M M 2.1 9 240 M M 0 12 240
14 69 42 56 4 9 0 0.00 M M 4.9 17 70 M M 0 23 80
15 60 50 55 3 10 0 0.00 M M 7.7 15 70 M M 6 20 40
16 71 52 62 10 3 0 0.00 M M 7.0 14 110 M M 7 17 60
17 70 54 62 11 3 0 0.01 M M 5.4 13 80 M M 9 1 16 70
18 76 54 65 14 0 0 0.00 M M 3.3 14 60 M M 4 12 17 70
19 65 49 57 6 8 0 0.00 M M 5.3 15 70 M M 5 19 60
20 66 52 59 8 6 0 T M M 9.2 16 80 M M 9 22 100
21 57 49 53 3 12 0 0.64 M M 7.3 26 320 M M 10 1 32 310
22 65 40 53 3 12 0 0.00 M M 7.9 24 280 M M 5 12 29 290
23 59 33 46 -4 19 0 0.00 M M 1.9 10 200 M M 0 13 190
24 64 39 52 2 13 0 0.00 M M 2.6 12 80 M M 1 1 14 80
25 56 38 47 -2 18 0 0.00 M M 7.2 21 80 M M 1 26 80
26 46 38 42 -7 23 0 0.02 M M 4.7 14 70 M M 9 1 17 60
27 57 40 49 0 16 0 0.00 M M 9.8 15 280 M M 0 20 280
28 56 29 43 -6 22 0 0.00 M M 7.4 18 250 M M 0 24 250
29 52 22 37 -11 28 0 0.00 M M 3.5 14 220 M M 0 17 230
30 60 28 44 -4 21 0 0.00 M M 2.6 12 170 M M 0 15 190
================================================================================
SM 1948 1233 357 4 0.88 M 148.6 M 89
================================================================================
AV 64.9 41.1 5.0 FASTST M M 3 MAX(MPH)
MISC ----> 26 320 32 310
================================================================================
NOTES:
# LAST OF SEVERAL OCCURRENCES
COLUMN 17 PEAK WIND IN M.P.H.
PRELIMINARY LOCAL CLIMATOLOGICAL DATA (WS FORM: F-6) , PAGE 2
STATION: ANDERSON SC
MONTH: NOVEMBER
YEAR: 2023
LATITUDE: 34 30 N
LONGITUDE: 82 43 W
[TEMPERATURE DATA] [PRECIPITATION DATA] SYMBOLS USED IN COLUMN 16
AVERAGE MONTHLY: 53.0 TOTAL FOR MONTH: 0.88 1 = FOG OR MIST
DPTR FM NORMAL: 1.1 DPTR FM NORMAL: -2.72 2 = FOG REDUCING VISIBILITY
HIGHEST: 82 ON 9, 8 GRTST 24HR 0.64 ON 21-21 TO 1/4 MILE OR LESS
LOWEST: 22 ON 29 3 = THUNDER
SNOW, ICE PELLETS, HAIL 4 = ICE PELLETS
TOTAL MONTH: M 5 = HAIL
GRTST 24HR M ON M 6 = FREEZING RAIN OR DRIZZLE
GRTST DEPTH: M ON M 7 = DUSTSTORM OR SANDSTORM:
VSBY 1/2 MILE OR LESS
8 = SMOKE OR HAZE
[NO. OF DAYS WITH] [WEATHER - DAYS WITH] 9 = BLOWING SNOW
X = TORNADO
MAX 32 OR BELOW: 0 0.01 INCH OR MORE: 5
MAX 90 OR ABOVE: 0 0.10 INCH OR MORE: 2
MIN 32 OR BELOW: 6 0.50 INCH OR MORE: 1
MIN 0 OR BELOW: 0 1.00 INCH OR MORE: 0
[HDD (BASE 65) ]
TOTAL THIS MO. 357 CLEAR (SCALE 0-3) 18
DPTR FM NORMAL -40 PTCLDY (SCALE 4-7) 7
TOTAL FM JUL 1 460 CLOUDY (SCALE 8-10) 5
DPTR FM NORMAL -83
[CDD (BASE 65) ]
TOTAL THIS MO. 4
DPTR FM NORMAL -1 [PRESSURE DATA]
TOTAL FM JAN 1 1795 HIGHEST SLP 30.55 ON 2
DPTR FM NORMAL -11 LOWEST SLP 29.77 ON 18
[REMARKS]
#FINAL-11-23#