000
CXUS56 KMTR 011100
CF6APC
PRELIMINARY LOCAL CLIMATOLOGICAL DATA (WS FORM: F-6)
STATION: NAPA AIRPORT
MONTH: JANUARY
YEAR: 2022
LATITUDE: 38 13 N
LONGITUDE: 122 17 W
TEMPERATURE IN F: :PCPN: SNOW: WIND :SUNSHINE: SKY :PK WND
================================================================================
1 2 3 4 5 6A 6B 7 8 9 10 11 12 13 14 15 16 17 18
12Z AVG MX 2MIN
DY MAX MIN AVG DEP HDD CDD WTR SNW DPTH SPD SPD DIR MIN PSBL S-S WX SPD DR
================================================================================
1 51 29 40 -7 25 0 0.00 M M 3.9 10 20 M M 0 12 210
2 53 30 42 -5 23 0 0.00 M M 5.5 15 100 M M 2 8 22 80
3 55 43 49 2 16 0 0.13 M M 9.3 22 180 M M 10 1 29 180
4 58 49 54 7 11 0 0.09 M M 6.0 10 270 M M 9 1 15 160
5 56 48 52 5 13 0 0.00 M M 3.2 9 220 M M 9 1 11 210
6 54 50 52 5 13 0 0.00 M M 2.7 8 210 M M 9 12 12 210
7 57 41 49 2 16 0 0.02 M M 6.6 18 200 M M 7 12 21 210
8 58 35 47 0 18 0 0.00 M M 2.6 7 60 M M 4 12 12 220
9 57 37 47 0 18 0 0.00 M M 10.4 22 90 M M 0 12 28 90
10 63 40 52 5 13 0 0.00 M M 4.6 16 80 M M 2 21 90
11 61 35 48 1 17 0 0.00 M M 3.1 12 100 M M 0 14 100
12 62 37 50 3 15 0 0.00 M M 6.8 20 90 M M 0 18 24 80
13 58 37 48 1 17 0 0.00 M M 2.3 7 200 M M 0 128 9 210
14 62 34 48 1 17 0 T M M 3.9 20 80 M M 5 128 23 90
15 57 42 50 3 15 0 T M M 9.7 20 90 M M 0 18 25 90
16 60 41 51 4 14 0 0.00 M M 6.9 15 100 M M 0 18 19 80
17 59 39 49 1 16 0 0.00 M M 2.9 8 110 M M 3 10 120
18 55 34 45 -3 20 0 0.00 M M 2.5 12 270 M M 3 12 15 270
19 57 37 47 -1 18 0 0.00 M M 2.5 8 200 M M 5 12 10 350
20 65 37 51 3 14 0 0.00 M M 3.2 15 130 M M 4 12 18 130
21 68 34 51 3 14 0 0.00 M M 17.5 36 10 M M 2 12 45 30
22 73 45 59 11 6 0 0.00 M M 13.3 37 360 M M 0 46 10
23 63 36 50 2 15 0 0.00 M M 6.3 18 100 M M 0 18 23 100
24 60 32 46 -2 19 0 0.00 M M 1.9 8 200 M M 0 128 12 190
25 57 32 45 -3 20 0 0.00 M M 3.9 9 190 M M 2 12 11 180
26 62 33 48 0 17 0 0.00 M M 5.2 16 90 M M 3 12 21 90
27 64 31 48 0 17 0 0.00 M M 3.6 10 110 M M 0 1 13 120
28 64 37 51 3 14 0 0.00 M M 8.6 21 90 M M 0 26 90
29 61 31 46 -3 19 0 0.00 M M 3.4 8 20 M M 0 10 220
30 57 27 42 -7 23 0 0.00 M M 2.5 7 150 M M 2 12 13 210
31 60 34 47 -2 18 0 0.00 M M 1.8 8 330 M M 0 12 10 200
================================================================================
SM 1847 1147 511 0 0.24 M 166.6 M 81
================================================================================
AV 59.6 37.0 5.4 FASTST M M 3 MAX(MPH)
MISC ----> 37 360 46 10
================================================================================
NOTES:
# LAST OF SEVERAL OCCURRENCES
COLUMN 17 PEAK WIND IN M.P.H.
PRELIMINARY LOCAL CLIMATOLOGICAL DATA (WS FORM: F-6) , PAGE 2
STATION: NAPA AIRPORT
MONTH: JANUARY
YEAR: 2022
LATITUDE: 38 13 N
LONGITUDE: 122 17 W
[TEMPERATURE DATA] [PRECIPITATION DATA] SYMBOLS USED IN COLUMN 16
AVERAGE MONTHLY: 48.3 TOTAL FOR MONTH: 0.24 1 = FOG OR MIST
DPTR FM NORMAL: 0.7 DPTR FM NORMAL: -3.93 2 = FOG REDUCING VISIBILITY
HIGHEST: 73 ON 22 GRTST 24HR 0.13 ON 3- 3 TO 1/4 MILE OR LESS
LOWEST: 27 ON 30 3 = THUNDER
SNOW, ICE PELLETS, HAIL 4 = ICE PELLETS
TOTAL MONTH: M 5 = HAIL
GRTST 24HR M ON M 6 = FREEZING RAIN OR DRIZZLE
GRTST DEPTH: M ON M 7 = DUSTSTORM OR SANDSTORM:
VSBY 1/2 MILE OR LESS
8 = SMOKE OR HAZE
[NO. OF DAYS WITH] [WEATHER - DAYS WITH] 9 = BLOWING SNOW
X = TORNADO
MAX 32 OR BELOW: 0 0.01 INCH OR MORE: 3
MAX 90 OR ABOVE: 0 0.10 INCH OR MORE: 1
MIN 32 OR BELOW: 7 0.50 INCH OR MORE: 0
MIN 0 OR BELOW: 0 1.00 INCH OR MORE: 0
[HDD (BASE 65) ]
TOTAL THIS MO. 511 CLEAR (SCALE 0-3) 20
DPTR FM NORMAL -30 PTCLDY (SCALE 4-7) 7
TOTAL FM JUL 1 1637 CLOUDY (SCALE 8-10) 4
DPTR FM NORMAL -50
[CDD (BASE 65) ]
TOTAL THIS MO. 0
DPTR FM NORMAL 0 [PRESSURE DATA]
TOTAL FM JAN 1 0 HIGHEST SLP 30.44 ON 10
DPTR FM NORMAL 0 LOWEST SLP 29.90 ON 7
[REMARKS]
#FINAL-01-22#