000
CXUS54 KLCH 010830
CF6ARA
PRELIMINARY LOCAL CLIMATOLOGICAL DATA (WS FORM: F-6)
STATION: NEW IBERIA
MONTH: MARCH
YEAR: 2020
LATITUDE: 30 1 N
LONGITUDE: 91 53 W
TEMPERATURE IN F: :PCPN: SNOW: WIND :SUNSHINE: SKY :PK WND
================================================================================
1 2 3 4 5 6A 6B 7 8 9 10 11 12 13 14 15 16 17 18
12Z AVG MX 2MIN
DY MAX MIN AVG DEP HDD CDD WTR SNW DPTH SPD SPD DIR MIN PSBL S-S WX SPD DR
================================================================================
1 73 45 59 0 6 0 T M 0 12.9 26 160 M M 4 37 170
2 77 63 70 11 0 5 T 0.0 0 12.7 21 190 M M 9 30 200
3 80 67 74 15 0 9 T 0.0 0 8.7 18 170 M M 7 1 24 170
4 77 56 67 7 0 2 0.17 0.0 0 13.6 31 50 M M 10 13 41 50
5 67 52 60 0 5 0 0.01 0.0 0 10.3 20 350 M M 7 1 27 350
6 69 47 58 -2 7 0 0.00 0.0 0 12.1 25 20 M M 0 34 20
7 65 44 55 -5 10 0 0.00 0.0 0 6.9 18 60 M M 0 26 60
8 73 46 60 0 5 0 0.00 0.0 0 9.0 20 150 M M 2 26 170
9 73 59 66 5 0 1 0.01 0.0 0 14.4 23 150 M M M 32 160
10 76 64 70 9 0 5 0.07 0.0 0 6.7 14 170 M M 8 12 M M
11 79 63 71 10 0 6 0.00 0.0 0 7.7 18 210 M M 7 12 23 200
12 79 66 73 12 0 8 0.00 0.0 0 9.7 20 200 M M 7 1 26 190
13 81 65 73 12 0 8 0.00 0.0 0 8.6 17 180 M M 6 12 27 160
14 81 65 73 11 0 8 0.00 0.0 0 9.0 16 200 M M 5 1 21 210
15 84 66 75 13 0 10 0.00 0.0 0 5.2 15 150 M M 5 1 20 170
16 81 58 70 8 0 5 0.03 0.0 0 8.1 15 200 M M 4 1 22 140
17 76 66 71 9 0 6 0.33 0.0 0 5.2 13 80 M M 7 13 18 90
18 82 65 74 12 0 9 0.00 0.0 0 10.1 20 170 M M 5 1 27 190
19 81 72 77 14 0 12 T 0.0 0 14.8 24 170 M M 10 32 180
20 82 67 75 12 0 10 0.15 0.0 0 10.2 21 10 M M 8 1 29 360
21 70 63 67 4 0 2 T 0.0 0 11.0 16 20 M M 10 22 40
22 79 62 71 8 0 6 0.00 0.0 0 10.2 18 170 M M 9 1 25 170
23 83 70 77 14 0 12 0.00 0.0 0 10.1 17 180 M M 5 24 190
24 81 70 76 12 0 11 0.00 0.0 0 11.6 24 190 M M 6 1 33 180
25 86 64 75 11 0 10 0.00 0.0 0 5.3 14 180 M M 5 128 20 280
26 86 63 75 11 0 10 0.00 0.0 0 8.5 18 180 M M 3 12 24 180
27 84 72 78 14 0 13 0.00 0.0 0 12.6 20 180 M M 5 26 180
28 85 74 80 16 0 15 T 0.0 0 14.1 24 200 M M 9 1 34 190
29 79 66 73 9 0 8 T 0.0 0 9.5 18 330 M M 9 25 50
30 85 65 75 11 0 10 T 0.0 0 10.8 22 170 M M 3 28 150
31 79 54 67 2 0 2 0.05 0.0 0 14.4 26 330 M M 4 1 35 320
================================================================================
SM 2433 1919 33 203 0.82 0.0 314.0 M 179
================================================================================
AV 78.5 61.9 10.1 FASTST M M 6 MAX(MPH)
MISC ----> # 31 50 # 41 50
================================================================================
NOTES:
# LAST OF SEVERAL OCCURRENCES
COLUMN 17 PEAK WIND IN M.P.H.
PRELIMINARY LOCAL CLIMATOLOGICAL DATA (WS FORM: F-6) , PAGE 2
STATION: NEW IBERIA
MONTH: MARCH
YEAR: 2020
LATITUDE: 30 1 N
LONGITUDE: 91 53 W
[TEMPERATURE DATA] [PRECIPITATION DATA] SYMBOLS USED IN COLUMN 16
AVERAGE MONTHLY: 70.2 TOTAL FOR MONTH: 0.82 1 = FOG OR MIST
DPTR FM NORMAL: 8.3 DPTR FM NORMAL: -2.95 2 = FOG REDUCING VISIBILITY
HIGHEST: 86 ON 26,25 GRTST 24HR 0.33 ON 17-17 TO 1/4 MILE OR LESS
LOWEST: 44 ON 7 3 = THUNDER
SNOW, ICE PELLETS, HAIL 4 = ICE PELLETS
TOTAL MONTH: 0.0 INCH 5 = HAIL
GRTST 24HR 0.0 6 = FREEZING RAIN OR DRIZZLE
GRTST DEPTH: 0 7 = DUSTSTORM OR SANDSTORM:
VSBY 1/2 MILE OR LESS
8 = SMOKE OR HAZE
[NO. OF DAYS WITH] [WEATHER - DAYS WITH] 9 = BLOWING SNOW
X = TORNADO
MAX 32 OR BELOW: 0 0.01 INCH OR MORE: 8
MAX 90 OR ABOVE: 0 0.10 INCH OR MORE: 3
MIN 32 OR BELOW: 0 0.50 INCH OR MORE: 0
MIN 0 OR BELOW: 0 1.00 INCH OR MORE: 0
[HDD (BASE 65) ]
TOTAL THIS MO. 33 CLEAR (SCALE 0-3) 5
DPTR FM NORMAL -115 PTCLDY (SCALE 4-7) 17
TOTAL FM JUL 1 1074 CLOUDY (SCALE 8-10) 8
DPTR FM NORMAL -290
[CDD (BASE 65) ]
TOTAL THIS MO. 203
DPTR FM NORMAL 151 [PRESSURE DATA]
TOTAL FM JAN 1 266 HIGHEST SLP 30.48 ON 7
DPTR FM NORMAL 183 LOWEST SLP 29.72 ON 4
[REMARKS]
#FINAL-03-20#