000
CXUS54 KLCH 011725
CLMARA
CLIMATE REPORT
NATIONAL WEATHER SERVICE LAKE CHARLES, LA
1225 PM CDT SAT JUL 01 2023
...................................
...THE NEW IBERIA CLIMATE SUMMARY FOR THE MONTH OF JUNE 2023...
CLIMATE NORMAL PERIOD: 1991 TO 2020
CLIMATE RECORD PERIOD: 1948 TO 2023
WEATHER OBSERVED NORMAL DEPART LAST YEAR`S
VALUE DATE(S) VALUE FROM VALUE DATE(S)
NORMAL
................................................................
TEMPERATURE (F)
RECORD
HIGH 103 06/02/2011
LOW 53 06/03/1956
HIGHEST 101 06/30 MM MM 97 06/22
06/24
06/26
LOWEST 66 06/06 MM MM 71 06/02
06/03
06/10
AVG. MAXIMUM 94.2 90.2 4.0 93.0
AVG. MINIMUM 75.2 72.5 2.7 74.3
MEAN 84.7 81.4 3.3 83.6
DAYS MAX >= 90 28 18.9 9.1 28
DAYS MAX <= 32 0 0.0 0.0 0
DAYS MIN <= 32 0 0.0 0.0 0
DAYS MIN <= 0 0 0.0 0.0 0
PRECIPITATION (INCHES)
RECORD
MAXIMUM 16.02 1978
MINIMUM 0.61 2006
TOTALS 5.77 6.46 -0.69 3.66
DAILY AVG. 0.19 0.22 -0.03 0.12
DAYS >= .01 10 13.1 -3.1 11
DAYS >= .10 7 8.7 -1.7 7
DAYS >= .50 3 4.1 -1.1 3
DAYS >= 1.00 2 2.2 -0.2 1
GREATEST
24 HR. TOTAL 2.84 06/08 TO 06/09
SNOWFALL (INCHES)
RECORDS
TOTAL 0.0 5
TOTALS MM MM MM MM
SINCE 7/1 MM MM MM MM
SNOWDEPTH AVG. MM MM
DAYS >= 1.0 MM MM MM MM
GREATEST
SNOW DEPTH MM MM MM
24 HR TOTAL MM
DEGREE DAYS
HEATING TOTAL 0 0 0 0
SINCE 7/1 1085 1363 -278 MM
COOLING TOTAL 597 490 107 564
SINCE 1/1 1407 1095 312 MM
................................................................
WIND (MPH)
AVERAGE WIND SPEED 6.3
HIGHEST WIND SPEED/DIRECTION 44/290 DATE 06/08
HIGHEST GUST SPEED/DIRECTION 69/290 DATE 06/08
SKY COVER
POSSIBLE SUNSHINE (PERCENT) MM
AVERAGE SKY COVER 0.22
NUMBER OF DAYS FAIR 25
NUMBER OF DAYS PC 5
NUMBER OF DAYS CLOUDY 0
AVERAGE RH (PERCENT) 70
WEATHER CONDITIONS. NUMBER OF DAYS WITH
THUNDERSTORM 13 MIXED PRECIP 0
HEAVY RAIN 6 RAIN 5
LIGHT RAIN 13 FREEZING RAIN 0
LT FREEZING RAIN 0 HAIL 0
HEAVY SNOW 0 SNOW 0
LIGHT SNOW 0 SLEET 0
FOG 20 FOG W/VIS <= 1/4 MILE 0
HAZE 8
- INDICATES NEGATIVE NUMBERS.
R INDICATES RECORD WAS SET OR TIED.
MM INDICATES DATA IS MISSING.
T INDICATES TRACE AMOUNT.
$$