000
CXUS54 KHGX 011410
CF6ARM
PRELIMINARY LOCAL CLIMATOLOGICAL DATA (WS FORM: F-6)
STATION: Wharton
MONTH: APRIL
YEAR: 2022
LATITUDE: 29 15 N
LONGITUDE: 96 9 W
TEMPERATURE IN F: :PCPN: SNOW: WIND :SUNSHINE: SKY :PK WND
================================================================================
1 2 3 4 5 6A 6B 7 8 9 10 11 12 13 14 15 16 17 18
12Z AVG MX 2MIN
DY MAX MIN AVG DEP HDD CDD WTR SNW DPTH SPD SPD DIR MIN PSBL S-S WX SPD DR
================================================================================
1 80 50 65 M 0 0 M 0.0 0 7.5 14 120 M M 1 21 90
2 84 59 72 M 0 7 0.00 0.0 0 5.2 10 20 M M 5 1 10 360
3 82 59 71 M 0 6 0.00 0.0 0 7.0 13 140 M M 5 12 21 130
4 78 67 73 M 0 8 M 0.0 M 10.1 15 130 M M 10 21 130
5 86 69 78 M 0 13 M 0.0 M 8.9 13 160 M M 6 18 18 200
6 80 57 69 M 0 4 M 0.0 0 15.4 27 360 M M 4 1 33 360
7 75 45 60 M 5 0 0.00 0.0 0 10.9 22 320 M M 0 29 320
8 77 43 60 M 5 0 0.00 0.0 0 8.1 18 330 M M 1 8 24 330
9 83 44 64 M 1 0 0.00 0.0 0 9.2 22 170 M M 0 29 190
10 80 63 72 M 0 7 0.00 0.0 0 17.8 32 170 M M 5 41 170
11 84 67 76 M 0 11 M 0.0 0 13.5 20 170 M M 10 1 28 170
12 80 71 76 M 0 11 0.04 0.0 0 16.3 24 170 M M 10 3 32 170
13 85 69 77 M 0 12 M 0.0 0 12.8 21 190 M M 7 18 27 200
14 83 60 72 M 0 7 M 0.0 0 11.1 16 100 M M 3 27 80
15 82 63 73 M 0 8 M 0.0 0 8.5 17 170 M M 8 1 21 150
16 82 71 77 M 0 12 M 0.0 0 8.2 15 160 M M 8 8 18 170
17 85 64 75 M 0 10 M 0.0 0 6.2 14 160 M M 7 1 18 160
18 83 61 72 M 0 7 0.00 0.0 0 7.0 14 10 M M 1 1 23 30
19 78 56 67 M 0 2 0.00 0.0 0 11.6 20 120 M M 7 25 120
20 82 69 76 M 0 11 0.00 0.0 0 15.1 24 190 M M 9 32 170
21 86 71 79 M 0 14 0.00 0.0 0 12.6 20 140 M M 9 1 24 140
22 84 69 77 M 0 12 M 0.0 0 14.5 22 130 M M 7 27 130
23 83 69 76 M 0 11 M 0.0 M 14.8 22 160 M M 6 32 150
24 86 67 77 M 0 12 0.00 0.0 0 13.3 22 140 M M 6 32 150
25 88 64 76 M 0 11 0.39 0.0 M 9.4 21 10 M M 8 3 32 190
26 77 62 70 M 0 5 M 0.0 M 6.7 15 10 M M 8 18 10
27 83 60 72 M 0 7 0.00 0.0 0 6.2 13 140 M M 3 20 90
28 84 64 74 M 0 9 0.00 0.0 0 9.5 18 150 M M 4 1 22 150
29 85 66 76 M 0 11 0.00 0.0 0 11.5 22 160 M M 7 31 160
30 89 70 80 M 0 15 M 0.0 0 8.0 15 160 M M 7 22 150
================================================================================
SM 2474 1869 11 243 0.43 0.0 316.9 M 172
================================================================================
AV 82.5 62.3 10.6 FASTST M M 6 MAX(MPH)
MISC ----> 32 170 41 170
================================================================================
NOTES:
# LAST OF SEVERAL OCCURRENCES
COLUMN 17 PEAK WIND IN M.P.H.
PRELIMINARY LOCAL CLIMATOLOGICAL DATA (WS FORM: F-6) , PAGE 2
STATION: Wharton
MONTH: APRIL
YEAR: 2022
LATITUDE: 29 15 N
LONGITUDE: 96 9 W
[TEMPERATURE DATA] [PRECIPITATION DATA] SYMBOLS USED IN COLUMN 16
AVERAGE MONTHLY: 72.4 TOTAL FOR MONTH: 0.43 1 = FOG OR MIST
DPTR FM NORMAL: 0.0 DPTR FM NORMAL: M 2 = FOG REDUCING VISIBILITY
HIGHEST: 89 ON 30 GRTST 24HR 0.39 ON 25-25 TO 1/4 MILE OR LESS
LOWEST: 43 ON 8 3 = THUNDER
SNOW, ICE PELLETS, HAIL 4 = ICE PELLETS
TOTAL MONTH: 0.0 INCH 5 = HAIL
GRTST 24HR 0.0 6 = FREEZING RAIN OR DRIZZLE
GRTST DEPTH: 0 7 = DUSTSTORM OR SANDSTORM:
VSBY 1/2 MILE OR LESS
8 = SMOKE OR HAZE
[NO. OF DAYS WITH] [WEATHER - DAYS WITH] 9 = BLOWING SNOW
X = TORNADO
MAX 32 OR BELOW: 0 0.01 INCH OR MORE: 2
MAX 90 OR ABOVE: 0 0.10 INCH OR MORE: 1
MIN 32 OR BELOW: 0 0.50 INCH OR MORE: 0
MIN 0 OR BELOW: 0 1.00 INCH OR MORE: 0
[HDD (BASE 65) ]
TOTAL THIS MO. 11 CLEAR (SCALE 0-3) 6
DPTR FM NORMAL M PTCLDY (SCALE 4-7) 17
TOTAL FM JUL 1 1267 CLOUDY (SCALE 8-10) 7
DPTR FM NORMAL M
[CDD (BASE 65) ]
TOTAL THIS MO. 243
DPTR FM NORMAL M [PRESSURE DATA]
TOTAL FM JAN 1 325 HIGHEST SLP M ON M
DPTR FM NORMAL M LOWEST SLP M ON M
[REMARKS]
#FINAL-04-22#