000
CXUS54 KHGX 011510
CF6ARM
PRELIMINARY LOCAL CLIMATOLOGICAL DATA (WS FORM: F-6)
STATION: Wharton
MONTH: FEBRUARY
YEAR: 2021
LATITUDE: 29 15 N
LONGITUDE: 96 9 W
TEMPERATURE IN F: :PCPN: SNOW: WIND :SUNSHINE: SKY :PK WND
================================================================================
1 2 3 4 5 6A 6B 7 8 9 10 11 12 13 14 15 16 17 18
12Z AVG MX 2MIN
DY MAX MIN AVG DEP HDD CDD WTR SNW DPTH SPD SPD DIR MIN PSBL S-S WX SPD DR
================================================================================
1 64 40 52 M 13 0 0.00 0.0 0 8.1 14 340 M M 0 20 340
2 67 39 53 M 12 0 0.00 0.0 0 4.6 10 140 M M 0 17 120
3 73 47 60 M 5 0 0.00 0.0 0 8.8 16 160 M M 4 24 160
4 77 59 68 M 0 3 0.00 0.0 0 12.6 23 210 M M 7 31 200
5 60 51 56 M 9 0 0.00 0.0 0 9.6 17 40 M M 10 25 40
6 66 49 58 M 7 0 0.00 0.0 0 5.8 13 300 M M 6 M M
7 68 40 54 M 11 0 0.00 0.0 0 7.4 14 140 M M 0 17 140
8 75 49 62 M 3 0 0.00 M 0 8.1 17 160 M M 6 1 22 160
9 77 61 69 M 0 4 0.00 0.0 0 3.5 10 90 M M 10 128 17 90
10 61 41 51 M 14 0 0.01 0.0 0 9.1 15 360 M M 10 1 21 360
11 41 35 38 M 27 0 0.00 0.0 0 17.1 23 350 M M 10 1 29 10
12 37 32 35 M 30 0 0.00 0.0 0 17.5 21 330 M M 10 1 30 360
13 34 32 33 M 32 0 0.00 0.0 0 13.9 20 360 M M 10 18 25 360
14 32 22 27 M 38 0 0.01 0.0 0 8.7 18 340 M M 10 1 24 340
15 24 18 21 M 44 0 0.01 M M 14.5 21 310 M M 3 25 320
16 32 13 23 M 42 0 M M M 5.3 10 350 M M 5 M M
17 35 31 33 M 32 0 0.11 0.0 0 10.6 17 340 M M 10 1 24 350
18 M M M M M M M M M M M M M M M M M
19 47 30 39 M 26 0 M M M 4.2 12 350 M M 0 9 350
20 61 26 44 M 21 0 M M M 5.1 14 150 M M 0 21 170
21 70 46 58 M 7 0 M M M 6.8 21 190 M M 7 1 28 170
22 74 48 61 M 4 0 0.00 0.0 0 5.0 12 350 M M 3 1 18 0
23 78 40 59 M 6 0 0.00 0.0 0 6.5 17 170 M M 2 12 21 170
24 76 57 67 M 0 2 0.00 0.0 0 8.4 17 200 M M 8 1 23 200
25 76 65 71 M 0 6 0.00 0.0 0 8.9 18 160 M M 10 1 23 160
26 80 55 68 M 0 3 0.00 0.0 0 9.5 21 180 M M 10 18 24 180
27 77 68 73 M 0 8 0.00 0.0 0 12.9 20 160 M M 10 1 27 170
28 81 69 75 M 0 10 0.00 0.0 0 12.1 21 170 M M 10 1 25 170
================================================================================
SM 1643 1163 383 36 0.14 0.0 244.7 M 171
================================================================================
AV 60.9 43.1 9.1 FASTST M M 6 MAX(MPH)
MISC ----> # 23 210 31 200
================================================================================
NOTES:
# LAST OF SEVERAL OCCURRENCES
COLUMN 17 PEAK WIND IN M.P.H.
PRELIMINARY LOCAL CLIMATOLOGICAL DATA (WS FORM: F-6) , PAGE 2
STATION: Wharton
MONTH: FEBRUARY
YEAR: 2021
LATITUDE: 29 15 N
LONGITUDE: 96 9 W
[TEMPERATURE DATA] [PRECIPITATION DATA] SYMBOLS USED IN COLUMN 16
AVERAGE MONTHLY: 52.0 TOTAL FOR MONTH: 0.14 1 = FOG OR MIST
DPTR FM NORMAL: 0.0 DPTR FM NORMAL: 0.14 2 = FOG REDUCING VISIBILITY
HIGHEST: 81 ON 28 GRTST 24HR 0.11 ON 17-17 TO 1/4 MILE OR LESS
LOWEST: 13 ON 16 3 = THUNDER
SNOW, ICE PELLETS, HAIL 4 = ICE PELLETS
TOTAL MONTH: 0.0 INCH 5 = HAIL
GRTST 24HR 0.0 6 = FREEZING RAIN OR DRIZZLE
GRTST DEPTH: 0 7 = DUSTSTORM OR SANDSTORM:
VSBY 1/2 MILE OR LESS
8 = SMOKE OR HAZE
[NO. OF DAYS WITH] [WEATHER - DAYS WITH] 9 = BLOWING SNOW
X = TORNADO
MAX 32 OR BELOW: 3 0.01 INCH OR MORE: 4
MAX 90 OR ABOVE: 0 0.10 INCH OR MORE: 1
MIN 32 OR BELOW: 8 0.50 INCH OR MORE: 0
MIN 0 OR BELOW: 0 1.00 INCH OR MORE: 0
[HDD (BASE 65) ]
TOTAL THIS MO. 383 CLEAR (SCALE 0-3) 6
DPTR FM NORMAL M PTCLDY (SCALE 4-7) 8
TOTAL FM JUL 1 1158 CLOUDY (SCALE 8-10) 14
DPTR FM NORMAL M
[CDD (BASE 65) ]
TOTAL THIS MO. 36
DPTR FM NORMAL M [PRESSURE DATA]
TOTAL FM JAN 1 51 HIGHEST SLP M ON M
DPTR FM NORMAL M LOWEST SLP M ON M
[REMARKS]
#FINAL-02-21#