000
CXUS54 KHGX 251637
CF6ARM
PRELIMINARY LOCAL CLIMATOLOGICAL DATA (WS FORM: F-6)
STATION: Wharton
MONTH: SEPTEMBER
YEAR: 2020
LATITUDE: 29 15 N
LONGITUDE: 96 9 W
TEMPERATURE IN F: :PCPN: SNOW: WIND :SUNSHINE: SKY :PK WND
================================================================================
1 2 3 4 5 6A 6B 7 8 9 10 11 12 13 14 15 16 17 18
12Z AVG MX 2MIN
DY MAX MIN AVG DEP HDD CDD WTR SNW DPTH SPD SPD DIR MIN PSBL S-S WX SPD DR
================================================================================
1 95 80 88 M 0 23 0.00 0.0 0 13.0 22 180 M M 7 1 31 170
2 97 79 88 M 0 23 0.00 0.0 0 10.7 17 180 M M 4 23 200
3 94 78 86 M 0 21 0.00 0.0 0 5.7 12 150 M M 2 M M
4 95 74 85 M 0 20 0.03 0.0 0 4.9 14 120 M M 3 3 18 120
5 93 74 84 M 0 19 0.00 0.0 0 4.4 15 360 M M 2 3 24 360
6 95 72 84 M 0 19 0.47 0.0 0 3.8 22 190 M M 2 3 41 190
7 92 72 82 M 0 17 0.00 0.0 0 3.2 12 130 M M 2 16 150
8 85 73 79 M 0 14 0.07 0.0 0 5.5 13 190 M M 2 3 17 190
9 92 74 83 M 0 18 0.00 0.0 0 8.8 15 140 M M 2 3 20 130
10 85 66 76 M 0 11 0.00 0.0 0 10.4 16 350 M M 6 20 350
11 90 68 79 M 0 14 0.00 0.0 0 9.1 13 360 M M 6 20 80
12 93 71 82 M 0 17 0.00 0.0 0 7.0 12 340 M M 1 20 10
13 93 73 83 M 0 18 0.18 0.0 0 5.5 13 360 M M 3 3 18 10
14 90 74 82 M 0 17 0.00 0.0 0 8.0 14 360 M M 3 21 360
15 92 73 83 M 0 18 0.00 0.0 0 7.3 15 340 M M 2 17 330
16 90 73 82 M 0 17 0.46 0.0 0 4.4 13 30 M M 4 3 23 30
17 89 73 81 M 0 16 0.03 0.0 0 5.3 10 360 M M 5 16 30
18 89 66 78 M 0 13 0.00 0.0 0 7.5 13 360 M M 0 17 40
19 86 65 76 M 0 11 0.00 0.0 0 8.9 16 350 M M 1 22 30
20 82 63 73 M 0 8 1.05 0.0 0 10.5 17 10 M M 6 1 23 360
21 76 69 73 M 0 8 4.86 0.0 0 13.2 17 20 M M 10 1 24 30
22 76 73 75 M 0 10 0.94 0.0 0 9.4 14 80 M M 10 1 21 70
23 78 69 74 M 0 9 0.02 0.0 0 10.0 15 320 M M 10 1 20 320
24 74 67 71 M 0 6 0.00 0.0 0 4.1 10 350 M M 10 1 M M
25 83 64 74 M 0 9 0.00 0.0 0 0.6 5 360 M M 3 1 M M
26 87 63 75 M 0 10 0.00 0.0 0 3.8 10 150 M M 2 1 M M
27 89 72 81 M 0 16 0.00 0.0 0 9.0 16 170 M M 3 1 20 170
28 78 65 72 M 0 7 T 0.0 0 11.4 21 360 M M 9 13 29 360
29 80 52 66 M 0 1 0.00 0.0 0 5.9 12 320 M M 0 20 360
30 85 51 68 M 0 3 0.00 0.0 0 2.8 9 200 M M 0 M M
================================================================================
SM 2623 2086 0 413 8.11 0.0 214.1 M 120
================================================================================
AV 87.4 69.5 7.1 FASTST M M 4 MAX(MPH)
MISC ----> # 22 190 41 190
================================================================================
NOTES:
# LAST OF SEVERAL OCCURRENCES
COLUMN 17 PEAK WIND IN M.P.H.
PRELIMINARY LOCAL CLIMATOLOGICAL DATA (WS FORM: F-6) , PAGE 2
STATION: Wharton
MONTH: SEPTEMBER
YEAR: 2020
LATITUDE: 29 15 N
LONGITUDE: 96 9 W
[TEMPERATURE DATA] [PRECIPITATION DATA] SYMBOLS USED IN COLUMN 16
AVERAGE MONTHLY: 78.5 TOTAL FOR MONTH: 8.11 1 = FOG OR MIST
DPTR FM NORMAL: 0.0 DPTR FM NORMAL: M 2 = FOG REDUCING VISIBILITY
HIGHEST: 97 ON 2 GRTST 24HR 4.86 ON 21-21 TO 1/4 MILE OR LESS
LOWEST: 51 ON 30 3 = THUNDER
SNOW, ICE PELLETS, HAIL 4 = ICE PELLETS
TOTAL MONTH: 0.0 INCH 5 = HAIL
GRTST 24HR 0.0 6 = FREEZING RAIN OR DRIZZLE
GRTST DEPTH: 0 7 = DUSTSTORM OR SANDSTORM:
VSBY 1/2 MILE OR LESS
8 = SMOKE OR HAZE
[NO. OF DAYS WITH] [WEATHER - DAYS WITH] 9 = BLOWING SNOW
X = TORNADO
MAX 32 OR BELOW: 0 0.01 INCH OR MORE: 10
MAX 90 OR ABOVE: 14 0.10 INCH OR MORE: 6
MIN 32 OR BELOW: 0 0.50 INCH OR MORE: 3
MIN 0 OR BELOW: 0 1.00 INCH OR MORE: 2
[HDD (BASE 65) ]
TOTAL THIS MO. 0 CLEAR (SCALE 0-3) 15
DPTR FM NORMAL M PTCLDY (SCALE 4-7) 10
TOTAL FM JUL 1 0 CLOUDY (SCALE 8-10) 5
DPTR FM NORMAL M
[CDD (BASE 65) ]
TOTAL THIS MO. 413
DPTR FM NORMAL M [PRESSURE DATA]
TOTAL FM JAN 1 2783 HIGHEST SLP M ON M
DPTR FM NORMAL M LOWEST SLP M ON M
[REMARKS]
#FINAL-09-20#