000
CXUS52 KFFC 011010
CF6ATL
PRELIMINARY LOCAL CLIMATOLOGICAL DATA (WS FORM: F-6)
STATION: ATLANTA
MONTH: APRIL
YEAR: 2022
LATITUDE: 33 39 N
LONGITUDE: 84 26 W
TEMPERATURE IN F: :PCPN: SNOW: WIND :SUNSHINE: SKY :PK WND
================================================================================
1 2 3 4 5 6A 6B 7 8 9 10 11 12 13 14 15 16 17 18
12Z AVG MX 2MIN
DY MAX MIN AVG DEP HDD CDD WTR SNW DPTH SPD SPD DIR MIN PSBL S-S WX SPD DR
================================================================================
1 67 48 58 -2 7 0 0.00 0.0 M 9.0 18 300 M M 2 25 300
2 69 48 59 -1 6 0 0.00 0.0 M 6.5 16 60 M M 4 20 50
3 70 48 59 -1 6 0 0.00 0.0 0 10.0 22 310 M M 1 30 300
4 76 48 62 2 3 0 0.00 0.0 M 5.2 14 80 M M 5 20 50
5 66 54 60 0 5 0 2.18 0.0 M 8.5 20 250 M M 7 13 31 250
6 73 61 67 6 0 2 0.89 0.0 M 6.3 21 270 M M 9 123 29 270
7 70 51 61 0 4 0 0.02 0.0 M 13.1 24 290 M M 5 3 37 300
8 59 45 52 -9 13 0 0.00 0.0 M 12.8 24 290 M M 5 36 280
9 57 41 49 -12 16 0 0.01 M M 10.6 25 300 M M 6 4 36 310
10 74 38 56 -6 9 0 0.00 0.0 0 4.6 13 220 M M 1 19 210
11 71 50 61 -1 4 0 0.00 0.0 M 6.1 14 180 M M 6 19 170
12 82 57 70 8 0 5 0.00 0.0 M 6.0 17 190 M M 7 28 150
13 77 64 71 9 0 6 0.00 0.0 M 8.8 20 180 M M 8 8 30 190
14 77 56 67 4 0 2 0.12 0.0 M 10.3 24 150 M M 7 13 34 340
15 77 48 63 0 2 0 0.00 0.0 M 8.2 18 90 M M 4 27 100
16 73 59 66 3 0 1 1.05 0.0 M 5.7 13 60 M M 10 1 20 180
17 73 60 67 3 0 2 T 0.0 0 4.6 13 300 M M 7 128 16 280
18 73 49 61 -3 4 0 0.01 M M 12.7 26 310 M M 7 34 290
19 64 42 53 -11 12 0 0.00 0.0 M 10.7 23 340 M M 0 33 350
20 72 45 59 -5 6 0 0.00 0.0 M 9.0 17 150 M M 5 24 140
21 76 55 66 1 0 1 0.00 0.0 M 6.8 13 160 M M 6 19 150
22 82 58 70 5 0 5 0.00 0.0 M 3.2 10 170 M M 1 8 16 160
23 81 60 71 6 0 6 0.00 0.0 M 8.0 18 150 M M 2 8 27 140
24 80 60 70 5 0 5 0.00 0.0 M 5.7 15 160 M M 5 24 150
25 84 62 73 7 0 8 0.00 0.0 0 5.4 15 210 M M 2 21 220
26 72 56 64 -2 1 0 0.09 0.0 M 9.2 24 300 M M 5 1 32 290
27 77 47 62 -4 3 0 0.00 0.0 M 7.6 14 320 M M 0 21 320
28 78 53 66 0 0 1 0.00 0.0 M 6.6 12 90 M M 4 8 17 20
29 80 57 69 2 0 4 0.00 0.0 0 5.8 15 180 M M 5 21 190
30 81 59 70 3 0 5 0.00 0.0 0 8.1 15 200 M M 5 23 180
================================================================================
SM 2211 1579 101 53 4.37 0.0 235.1 M 141
================================================================================
AV 73.7 52.6 7.8 FASTST M M 5 MAX(MPH)
MISC ----> 26 310 37 300
================================================================================
NOTES:
# LAST OF SEVERAL OCCURRENCES
COLUMN 17 PEAK WIND IN M.P.H.
PRELIMINARY LOCAL CLIMATOLOGICAL DATA (WS FORM: F-6) , PAGE 2
STATION: ATLANTA
MONTH: APRIL
YEAR: 2022
LATITUDE: 33 39 N
LONGITUDE: 84 26 W
[TEMPERATURE DATA] [PRECIPITATION DATA] SYMBOLS USED IN COLUMN 16
AVERAGE MONTHLY: 63.2 TOTAL FOR MONTH: 4.37 1 = FOG OR MIST
DPTR FM NORMAL: 0.0 DPTR FM NORMAL: 0.56 2 = FOG REDUCING VISIBILITY
HIGHEST: 84 ON 25 GRTST 24HR 2.18 ON 5- 5 TO 1/4 MILE OR LESS
LOWEST: 38 ON 10 3 = THUNDER
SNOW, ICE PELLETS, HAIL 4 = ICE PELLETS
TOTAL MONTH: 0.0 INCH 5 = HAIL
GRTST 24HR 0.0 6 = FREEZING RAIN OR DRIZZLE
GRTST DEPTH: 0 7 = DUSTSTORM OR SANDSTORM:
VSBY 1/2 MILE OR LESS
8 = SMOKE OR HAZE
[NO. OF DAYS WITH] [WEATHER - DAYS WITH] 9 = BLOWING SNOW
X = TORNADO
MAX 32 OR BELOW: 0 0.01 INCH OR MORE: 8
MAX 90 OR ABOVE: 0 0.10 INCH OR MORE: 4
MIN 32 OR BELOW: 0 0.50 INCH OR MORE: 3
MIN 0 OR BELOW: 0 1.00 INCH OR MORE: 2
[HDD (BASE 65) ]
TOTAL THIS MO. 101 CLEAR (SCALE 0-3) 8
DPTR FM NORMAL -19 PTCLDY (SCALE 4-7) 20
TOTAL FM JUL 1 2037 CLOUDY (SCALE 8-10) 2
DPTR FM NORMAL -469
[CDD (BASE 65) ]
TOTAL THIS MO. 53
DPTR FM NORMAL -11 [PRESSURE DATA]
TOTAL FM JAN 1 82 HIGHEST SLP 30.44 ON 21
DPTR FM NORMAL -2 LOWEST SLP 29.61 ON 5
[REMARKS]
#FINAL-04-22#