000
CXUS52 KFFC 061137
CLMATL
CLIMATE REPORT
NATIONAL WEATHER SERVICE PEACHTREE CITY GA
737 AM EDT TUE JUN 06 2023
...................................
...THE ATLANTA CLIMATE SUMMARY FOR THE MONTH OF MAY 2023...
CLIMATE NORMAL PERIOD: 1991 TO 2020
CLIMATE RECORD PERIOD: 1878 TO 2023
WEATHER OBSERVED NORMAL DEPART LAST YEAR`S
VALUE DATE(S) VALUE FROM VALUE DATE(S)
NORMAL
................................................................
TEMPERATURE (F)
RECORD
HIGH 97 05/29/1941
LOW 37 05/04/1971
HIGHEST 90 05/14 95 -5 90 05/19
LOWEST 48 05/02 37 11 53 05/09
05/03
AVG. MAXIMUM 78.4 81.1 -2.7 83.0
AVG. MINIMUM 62.2 61.3 0.9 64.7
MEAN 70.3 71.2 -0.9 73.9
DAYS MAX >= 90 1 2.0 -1.0 1
DAYS MAX <= 32 0 0.0 0.0 0
DAYS MIN <= 32 0 0.0 0.0 0
DAYS MIN <= 0 0 0.0 0.0 0
PRECIPITATION (INCHES)
RECORD
MAXIMUM 9.94 2003
MINIMUM 0.30 1914
TOTALS 1.57 3.56 -1.99 2.43
DAILY AVG. 0.05 0.11 -0.06 0.08
DAYS >= .01 7 9.4 -2.4 6
DAYS >= .10 4 6.1 -2.1 5
DAYS >= .50 1 2.7 -1.7 1
DAYS >= 1.00 0 1.0 -1.0 1
GREATEST
24 HR. TOTAL 1.15 04/30 TO 04/30 1.49 05/22 TO 05/23
DEGREE DAYS
HEATING TOTAL 21 22 -1 5
SINCE 7/1 1932 2526 -594 MM
COOLING TOTAL 194 214 -20 288
SINCE 1/1 309 298 11 MM
................................................................
WIND (MPH)
AVERAGE WIND SPEED 9.2
HIGHEST WIND SPEED/DIRECTION 32/330 DATE 05/16
HIGHEST GUST SPEED/DIRECTION 44/320 DATE 05/16
SKY COVER
POSSIBLE SUNSHINE (PERCENT) MM
AVERAGE SKY COVER 0.62
NUMBER OF DAYS FAIR 6
NUMBER OF DAYS PC 11
NUMBER OF DAYS CLOUDY 14
AVERAGE RH (PERCENT) 66
WEATHER CONDITIONS. NUMBER OF DAYS WITH
THUNDERSTORM 4 MIXED PRECIP 0
HEAVY RAIN 3 RAIN 4
LIGHT RAIN 12 FREEZING RAIN 0
LT FREEZING RAIN 0 HAIL 0
HEAVY SNOW 0 SNOW 0
LIGHT SNOW 0 SLEET 0
FOG 11 FOG W/VIS <= 1/4 MILE 1
HAZE 3
- INDICATES NEGATIVE NUMBERS.
R INDICATES RECORD WAS SET OR TIED.
MM INDICATES DATA IS MISSING.
T INDICATES TRACE AMOUNT.
$$