000
CXUS54 KMAF 011110
CF6ATS
PRELIMINARY LOCAL CLIMATOLOGICAL DATA (WS FORM: F-6)
STATION: ARTESIA
MONTH: APRIL
YEAR: 2022
LATITUDE: 32 54 N
LONGITUDE: 104 30 W
TEMPERATURE IN F: :PCPN: SNOW: WIND :SUNSHINE: SKY :PK WND
================================================================================
1 2 3 4 5 6A 6B 7 8 9 10 11 12 13 14 15 16 17 18
12Z AVG MX 2MIN
DY MAX MIN AVG DEP HDD CDD WTR SNW DPTH SPD SPD DIR MIN PSBL S-S WX SPD DR
================================================================================
1 79 39 59 M 6 0 0.00 M M 10.4 23 350 M M 0 35 350
2 82 39 61 M 4 0 0.00 M M 11.8 22 150 M M 0 29 160
3 88 48 68 M 0 3 0.00 M M 10.1 21 210 M M 0 29 210
4 72 48 60 M 5 0 0.00 M M 11.8 20 340 M M 0 27 360
5 91 50 71 M 0 6 0.00 M M 15.4 24 300 M M 0 32 300
6 73 43 58 M 7 0 0.00 M M 9.8 23 20 M M 0 32 320
7 66 34 50 M 15 0 0.00 M M 7.4 12 200 M M 0 21 190
8 68 36 52 M 13 0 0.00 M M 8.8 17 160 M M 0 21 160
9 88 37 63 M 2 0 0.00 M M 11.0 26 250 M M 0 36 250
10 86 63 75 M 0 10 0.00 M M 18.9 30 240 M M 0 45 240
11 84 52 68 M 0 3 0.00 M M 15.5 31 230 M M 0 40 230
12 84 59 72 M 0 7 0.00 M M 24.3 44 230 M M 0 8 58 240
13 72 48 60 M 5 0 0.00 M M 11.7 21 270 M M 0 32 270
14 81 37 59 M 6 0 0.00 M M 10.9 22 220 M M 0 31 230
15 91 46 69 M 0 4 0.00 M M 12.9 25 240 M M 0 37 240
16 73 50 62 M 3 0 0.00 M M 12.4 25 360 M M 0 31 350
17 88 45 67 M 0 2 0.00 M M 8.6 17 350 M M 0 23 350
18 81 46 64 M 1 0 0.00 M M 11.7 21 140 M M 0 29 120
19 86 50 68 M 0 3 0.00 M M 9.2 17 150 M M 0 21 140
20 93 55 74 M 0 9 0.00 M M 15.2 23 310 M M 0 37 280
21 93 55 74 M 0 9 0.00 M M 10.7 28 220 M M 0 36 220
22 95 63 79 M 0 14 0.00 M M 21.4 37 200 M M 0 1 45 220
23 82 55 69 M 0 4 0.00 M M 15.2 30 230 M M 0 39 230
24 77 46 62 M 3 0 0.00 M M 9.4 16 110 M M 0 3 28 110
25 72 55 64 M 1 0 0.00 M M 9.5 15 140 M M 3 22 120
26 73 43 58 M 7 0 0.00 M M 12.0 21 170 M M 0 28 170
27 86 57 72 M 0 7 0.00 M M 16.5 22 150 M M 3 29 150
28 90 48 69 M 0 4 0.00 M M 12.8 26 220 M M 0 38 230
29 90 55 73 M 0 8 0.00 M M 12.5 20 300 M M 0 26 260
30 81 50 66 M 0 1 0.00 M M 10.5 17 290 M M 0 8 23 150
================================================================================
SM 2465 1452 78 94 0.00 M 378.3 M 6
================================================================================
AV 82.2 48.4 12.6 FASTST M M 0 MAX(MPH)
MISC ----> 44 230 58 240
================================================================================
NOTES:
# LAST OF SEVERAL OCCURRENCES
COLUMN 17 PEAK WIND IN M.P.H.
PRELIMINARY LOCAL CLIMATOLOGICAL DATA (WS FORM: F-6) , PAGE 2
STATION: ARTESIA
MONTH: APRIL
YEAR: 2022
LATITUDE: 32 54 N
LONGITUDE: 104 30 W
[TEMPERATURE DATA] [PRECIPITATION DATA] SYMBOLS USED IN COLUMN 16
AVERAGE MONTHLY: 65.3 TOTAL FOR MONTH: 0.00 1 = FOG OR MIST
DPTR FM NORMAL: 0.0 DPTR FM NORMAL: M 2 = FOG REDUCING VISIBILITY
HIGHEST: 95 ON 22 GRTST 24HR 0.00 ON 1- 1 TO 1/4 MILE OR LESS
LOWEST: 34 ON 7 3 = THUNDER
SNOW, ICE PELLETS, HAIL 4 = ICE PELLETS
TOTAL MONTH: M 5 = HAIL
GRTST 24HR M ON M 6 = FREEZING RAIN OR DRIZZLE
GRTST DEPTH: M ON M 7 = DUSTSTORM OR SANDSTORM:
VSBY 1/2 MILE OR LESS
8 = SMOKE OR HAZE
[NO. OF DAYS WITH] [WEATHER - DAYS WITH] 9 = BLOWING SNOW
X = TORNADO
MAX 32 OR BELOW: 0 0.01 INCH OR MORE: 0
MAX 90 OR ABOVE: 7 0.10 INCH OR MORE: 0
MIN 32 OR BELOW: 0 0.50 INCH OR MORE: 0
MIN 0 OR BELOW: 0 1.00 INCH OR MORE: 0
[HDD (BASE 65) ]
TOTAL THIS MO. 78 CLEAR (SCALE 0-3) 29
DPTR FM NORMAL M PTCLDY (SCALE 4-7) 1
TOTAL FM JUL 1 2664 CLOUDY (SCALE 8-10) 0
DPTR FM NORMAL M
[CDD (BASE 65) ]
TOTAL THIS MO. 94
DPTR FM NORMAL M [PRESSURE DATA]
TOTAL FM JAN 1 101 HIGHEST SLP M ON M
DPTR FM NORMAL M LOWEST SLP M ON M
[REMARKS]
#FINAL-04-22#