000
CXUS54 KBMX 050446
CF6AUO
PRELIMINARY LOCAL CLIMATOLOGICAL DATA (WS FORM: F-6)
STATION: AUBURN AWOS
MONTH: SEPTEMBER
YEAR: 2022
LATITUDE: 32 34 N
LONGITUDE: 85 30 W
TEMPERATURE IN F: :PCPN: SNOW: WIND :SUNSHINE: SKY :PK WND
================================================================================
1 2 3 4 5 6A 6B 7 8 9 10 11 12 13 14 15 16 17 18
12Z AVG MX 2MIN
DY MAX MIN AVG DEP HDD CDD WTR SNW DPTH SPD SPD DIR MIN PSBL S-S WX SPD DR
================================================================================
1 92 69 81 M 0 16 0.00 0.0 0 4.7 10 150 M M 3 M M
2 88 71 80 M 0 15 0.00 0.0 0 6.3 12 90 M M 5 M M
3 87 72 80 M 0 15 0.10 0.0 M 6.1 16 200 M M 6 3 22 230
4 86 72 79 M 0 14 0.69 0.0 0 5.6 13 150 M M 8 3 27 150
5 87 72 80 M 0 15 0.03 0.0 0 5.4 13 200 M M 7 17 230
6 87 75 81 M 0 16 0.00 0.0 0 3.6 8 300 M M 3 M M
7 87 72 80 M 0 15 T 0.0 0 5.3 10 320 M M 1 M M
8 86 68 77 M 0 12 T 0.0 0 5.8 10 20 M M 2 M M
9 76 69 73 M 0 8 0.14 0.0 0 9.4 13 60 M M 8 1 20 70
10 80 68 74 M 0 9 0.35 0.0 0 6.3 10 90 M M 9 1 M M
11 82 71 77 M 0 12 0.25 0.0 0 4.6 9 170 M M 6 M M
12 83 65 74 M 0 9 0.01 0.0 0 4.2 9 290 M M 4 M M
13 81 56 69 M 0 4 0.00 0.0 0 5.5 12 50 M M 0 M M
14 84 58 71 M 0 6 0.00 0.0 0 5.8 10 360 M M 0 M M
15 84 63 74 M 0 9 0.00 0.0 0 6.4 12 90 M M 1 16 90
16 84 63 74 M 0 9 0.00 0.0 0 5.6 9 60 M M 2 M M
17 85 64 75 M 0 10 0.00 0.0 0 5.8 12 70 M M 3 M M
18 86 64 75 M 0 10 0.00 0.0 0 6.1 12 20 M M 1 17 20
19 87 66 77 M 0 12 0.00 0.0 0 7.2 13 360 M M 1 M M
20 88 64 76 M 0 11 0.12 0.0 0 3.5 7 10 M M 3 3 M M
21 92 69 81 M 0 16 0.00 0.0 0 5.1 10 360 M M 0 8 M M
22 94 67 81 M 0 16 0.00 0.0 0 7.3 15 300 M M 0 18 300
23 82 60 71 M 0 6 0.00 0.0 0 7.9 13 60 M M 0 17 20
24 83 59 71 M 0 6 0.00 0.0 0 5.0 8 150 M M 0 M M
25 86 59 73 M 0 8 0.00 0.0 0 3.7 14 300 M M 0 M M
26 85 63 74 M 0 9 0.00 0.0 0 7.8 17 310 M M 0 25 310
27 78 54 66 M 0 1 0.00 0.0 0 8.8 14 360 M M 0 18 30
28 77 53 65 M 0 0 0.00 0.0 0 10.7 15 30 M M 0 24 360
29 75 50 63 M 2 0 0.00 0.0 0 10.9 21 30 M M 1 31 40
30 80 55 68 M 0 3 0.00 0.0 0 8.6 14 360 M M 6 22 360
================================================================================
SM 2532 1931 2 292 1.69 0.0 189.0 M 80
================================================================================
AV 84.4 64.4 6.3 FASTST M M 3 MAX(MPH)
MISC ----> 21 30 31 40
================================================================================
NOTES:
# LAST OF SEVERAL OCCURRENCES
COLUMN 17 PEAK WIND IN M.P.H.
PRELIMINARY LOCAL CLIMATOLOGICAL DATA (WS FORM: F-6) , PAGE 2
STATION: AUBURN AWOS
MONTH: SEPTEMBER
YEAR: 2022
LATITUDE: 32 34 N
LONGITUDE: 85 30 W
[TEMPERATURE DATA] [PRECIPITATION DATA] SYMBOLS USED IN COLUMN 16
AVERAGE MONTHLY: 74.4 TOTAL FOR MONTH: 1.69 1 = FOG OR MIST
DPTR FM NORMAL: 0.0 DPTR FM NORMAL: M 2 = FOG REDUCING VISIBILITY
HIGHEST: 94 ON 22 GRTST 24HR 0.69 ON 4- 4 TO 1/4 MILE OR LESS
LOWEST: 50 ON 29 3 = THUNDER
SNOW, ICE PELLETS, HAIL 4 = ICE PELLETS
TOTAL MONTH: 0.0 INCH 5 = HAIL
GRTST 24HR 0.0 6 = FREEZING RAIN OR DRIZZLE
GRTST DEPTH: 0 7 = DUSTSTORM OR SANDSTORM:
VSBY 1/2 MILE OR LESS
8 = SMOKE OR HAZE
[NO. OF DAYS WITH] [WEATHER - DAYS WITH] 9 = BLOWING SNOW
X = TORNADO
MAX 32 OR BELOW: 0 0.01 INCH OR MORE: 8
MAX 90 OR ABOVE: 3 0.10 INCH OR MORE: 6
MIN 32 OR BELOW: 0 0.50 INCH OR MORE: 1
MIN 0 OR BELOW: 0 1.00 INCH OR MORE: 0
[HDD (BASE 65) ]
TOTAL THIS MO. 2 CLEAR (SCALE 0-3) 19
DPTR FM NORMAL M PTCLDY (SCALE 4-7) 8
TOTAL FM JUL 1 2 CLOUDY (SCALE 8-10) 3
DPTR FM NORMAL M
[CDD (BASE 65) ]
TOTAL THIS MO. 292
DPTR FM NORMAL M [PRESSURE DATA]
TOTAL FM JAN 1 1906 HIGHEST SLP M ON M
DPTR FM NORMAL M LOWEST SLP M ON M
[REMARKS]
#FINAL-09-22#