000
CXUS54 KBMX 011110
CF6AUO
PRELIMINARY LOCAL CLIMATOLOGICAL DATA (WS FORM: F-6)
STATION: AUBURN AWOS
MONTH: JUNE
YEAR: 2020
LATITUDE: 32 34 N
LONGITUDE: 85 30 W
TEMPERATURE IN F: :PCPN: SNOW: WIND :SUNSHINE: SKY :PK WND
================================================================================
1 2 3 4 5 6A 6B 7 8 9 10 11 12 13 14 15 16 17 18
12Z AVG MX 2MIN
DY MAX MIN AVG DEP HDD CDD WTR SNW DPTH SPD SPD DIR MIN PSBL S-S WX SPD DR
================================================================================
1 86 65 76 M 0 11 0.00 0.0 0 8.2 12 90 M M 3 18 110
2 85 67 76 M 0 11 0.00 0.0 0 6.2 9 190 M M 1 M M
3 87 67 77 M 0 12 0.00 0.0 0 4.3 9 190 M M 1 M M
4 87 70 79 M 0 14 T 0.0 0 6.1 10 300 M M 4 3 M M
5 90 70 80 M 0 15 0.00 0.0 0 6.1 13 210 M M 3 3 M M
6 84 69 77 M 0 12 0.08 0.0 0 3.9 16 170 M M 2 1 M M
7 83 70 77 M 0 12 T 0.0 0 8.3 13 80 M M 7 12 17 130
8 89 74 82 M 0 17 0.02 0.0 0 11.3 16 160 M M 6 25 170
9 84 72 78 M 0 13 0.34 0.0 0 7.7 10 170 M M 6 138 M M
10 86 72 79 M 0 14 0.35 0.0 0 7.6 12 200 M M 6 13 M M
11 85 66 76 M 0 11 0.00 0.0 0 7.4 14 350 M M 2 18 330
12 88 62 75 M 0 10 0.00 0.0 0 7.6 12 10 M M 1 M M
13 88 65 77 M 0 12 0.00 0.0 0 7.5 14 100 M M 1 18 100
14 86 67 77 M 0 12 0.02 0.0 0 5.5 12 20 M M 2 3 M M
15 84 63 74 M 0 9 0.02 0.0 0 6.2 12 50 M M 1 8 32 340
16 78 60 69 M 0 4 0.00 0.0 0 8.1 15 60 M M 2 17 60
17 78 58 68 M 0 3 0.00 0.0 0 3.8 9 310 M M 5 M M
18 85 64 75 M 0 10 0.00 0.0 0 1.9 7 280 M M 6 8 M M
19 89 67 78 M 0 13 0.00 0.0 0 3.5 7 280 M M 3 8 M M
20 91 68 80 M 0 15 0.00 0.0 0 3.6 9 120 M M 1 M M
21 92 70 81 M 0 16 0.34 0.0 0 4.3 14 180 M M 3 3 30 190
22 87 70 79 M 0 14 0.03 0.0 0 6.4 10 240 M M 3 13 M M
23 87 68 78 M 0 13 0.46 0.0 0 9.5 14 230 M M 7 13 18 230
24 M M M M M M 0.63 M 0 6.2 12 170 M M 6 138 M M
25 83 67 75 M 0 10 0.34 0.0 0 5.4 10 220 M M 5 13 M M
26 85 67 76 M 0 11 0.01 0.0 0 4.5 10 320 M M 0 M M
27 84 72 78 M 0 13 0.00 0.0 0 4.3 10 250 M M 1 8 M M
28 90 70 80 M 0 15 0.18 0.0 0 6.5 12 280 M M 4 13 18 280
29 90 70 80 M 0 15 0.00 0.0 0 4.0 8 270 M M 4 12 M M
30 90 71 81 M 0 16 0.01 0.0 0 3.9 8 300 M M 1 3 M M
================================================================================
SM 2501 1961 0 353 2.83 0.0 179.8 M 97
================================================================================
AV 86.2 67.6 6.0 FASTST M M 3 MAX(MPH)
MISC ----> # 16 170 # 32 340
================================================================================
NOTES:
# LAST OF SEVERAL OCCURRENCES
COLUMN 17 PEAK WIND IN M.P.H.
PRELIMINARY LOCAL CLIMATOLOGICAL DATA (WS FORM: F-6) , PAGE 2
STATION: AUBURN AWOS
MONTH: JUNE
YEAR: 2020
LATITUDE: 32 34 N
LONGITUDE: 85 30 W
[TEMPERATURE DATA] [PRECIPITATION DATA] SYMBOLS USED IN COLUMN 16
AVERAGE MONTHLY: 76.9 TOTAL FOR MONTH: 2.83 1 = FOG OR MIST
DPTR FM NORMAL: M DPTR FM NORMAL: M 2 = FOG REDUCING VISIBILITY
HIGHEST: 92 ON 21 GRTST 24HR 0.63 ON 24-24 TO 1/4 MILE OR LESS
LOWEST: 58 ON 17 3 = THUNDER
SNOW, ICE PELLETS, HAIL 4 = ICE PELLETS
TOTAL MONTH: 0.0 INCH 5 = HAIL
GRTST 24HR 0.0 6 = FREEZING RAIN OR DRIZZLE
GRTST DEPTH: 0 7 = DUSTSTORM OR SANDSTORM:
VSBY 1/2 MILE OR LESS
8 = SMOKE OR HAZE
[NO. OF DAYS WITH] [WEATHER - DAYS WITH] 9 = BLOWING SNOW
X = TORNADO
MAX 32 OR BELOW: 0 0.01 INCH OR MORE: 14
MAX 90 OR ABOVE: 6 0.10 INCH OR MORE: 7
MIN 32 OR BELOW: 0 0.50 INCH OR MORE: 1
MIN 0 OR BELOW: 0 1.00 INCH OR MORE: 0
[HDD (BASE 65) ]
TOTAL THIS MO. 0 CLEAR (SCALE 0-3) 18
DPTR FM NORMAL M PTCLDY (SCALE 4-7) 12
TOTAL FM JUL 1 1870 CLOUDY (SCALE 8-10) 0
DPTR FM NORMAL M
[CDD (BASE 65) ]
TOTAL THIS MO. 353
DPTR FM NORMAL M [PRESSURE DATA]
TOTAL FM JAN 1 661 HIGHEST SLP M ON M
DPTR FM NORMAL M LOWEST SLP M ON M
[REMARKS]
#FINAL-06-20#