000
CXUS54 KEWX 011010
CF6BAZ
PRELIMINARY LOCAL CLIMATOLOGICAL DATA (WS FORM: F-6)
STATION: NEW BRAUNFELS
MONTH: JUNE
YEAR: 2023
LATITUDE: 29 43 N
LONGITUDE: 98 3 W
TEMPERATURE IN F: :PCPN: SNOW: WIND :SUNSHINE: SKY :PK WND
================================================================================
1 2 3 4 5 6A 6B 7 8 9 10 11 12 13 14 15 16 17 18
12Z AVG MX 2MIN
DY MAX MIN AVG DEP HDD CDD WTR SNW DPTH SPD SPD DIR MIN PSBL S-S WX SPD DR
================================================================================
1 90 69 80 0 0 15 T M M 7.2 18 140 M M 4 1 23 160
2 90 68 79 -2 0 14 T M M 7.6 18 140 M M 3 1 24 170
3 89 64 77 -4 0 12 0.40 M M 7.2 39 10 M M 4 3 50 20
4 84 68 76 -5 0 11 1.85 0.0 0 5.8 21 190 M M 3 13 27 190
5 89 68 79 -2 0 14 0.28 M M 5.5 18 60 M M 6 13 25 60
6 87 65 76 -5 0 11 T 0.0 0 2.7 10 340 M M 2 3 14 60
7 89 68 79 -3 0 14 0.01 0.0 0 2.7 9 150 M M 0 13 150
8 89 70 80 -2 0 15 0.18 M M 3.9 30 350 M M 1 13 43 350
9 97 68 83 1 0 18 0.00 M M 4.6 14 170 M M 0 18 21 180
10 95 72 84 2 0 19 0.00 M M 10.1 18 210 M M 0 25 210
11 97 77 87 5 0 22 0.00 M M 9.7 22 220 M M 4 28 210
12 96 76 86 4 0 21 M M M 9.6 18 230 M M 3 24 240
13 95 78 87 5 0 22 0.00 M M 10.7 20 170 M M 6 18 27 160
14 95 78 87 5 0 22 0.00 M M 9.1 18 180 M M 6 8 24 190
15 99 78 89 6 0 24 0.00 M M 8.5 21 170 M M 5 18 26 180
16 101 80 91 8 0 26 0.00 M M 9.9 16 200 M M 4 8 22 210
17 97 79 88 5 0 23 0.00 M M 9.0 16 150 M M 2 18 24 230
18 102 79 91 8 0 26 0.00 M M 10.0 21 210 M M 4 18 27 200
19 104 78 91 8 0 26 0.00 M M 7.7 17 200 M M 3 138 25 190
20 104 78 91 8 0 26 0.00 M M 7.4 14 210 M M 2 18 20 210
21 102 76 89 6 0 24 0.02 M M 8.1 30 320 M M 4 38 40 320
22 94 74 84 1 0 19 0.06 M M 7.4 25 290 M M 1 38 39 320
23 99 73 86 3 0 21 0.00 M M 7.9 20 140 M M 2 18 26 140
24 101 75 88 5 0 23 0.00 M M 10.6 21 200 M M 3 8 29 150
25 101 78 90 7 0 25 0.00 M M 10.4 18 190 M M 2 8 25 170
26 103 76 90 7 0 25 0.00 M M 10.4 18 180 M M 1 8 24 220
27 104 75 90 7 0 25 0.00 M M 8.9 18 160 M M 1 24 130
28 102 75 89 6 0 24 0.00 M M 11.5 20 160 M M 2 30 170
29 100 77 89 5 0 24 0.00 M M 10.8 23 140 M M 3 32 150
30 100 78 89 5 0 24 0.00 M M 12.4 21 160 M M 5 28 170
================================================================================
SM 2895 2218 0 615 2.80 0.0 247.3 M 86
================================================================================
AV 96.5 73.9 8.2 FASTST M M 3 MAX(MPH)
MISC ----> 39 10 50 20
================================================================================
NOTES:
# LAST OF SEVERAL OCCURRENCES
COLUMN 17 PEAK WIND IN M.P.H.
PRELIMINARY LOCAL CLIMATOLOGICAL DATA (WS FORM: F-6) , PAGE 2
STATION: NEW BRAUNFELS
MONTH: JUNE
YEAR: 2023
LATITUDE: 29 43 N
LONGITUDE: 98 3 W
[TEMPERATURE DATA] [PRECIPITATION DATA] SYMBOLS USED IN COLUMN 16
AVERAGE MONTHLY: 85.2 TOTAL FOR MONTH: 2.80 1 = FOG OR MIST
DPTR FM NORMAL: 2.8 DPTR FM NORMAL: -0.64 2 = FOG REDUCING VISIBILITY
HIGHEST: 104 ON 27,20 GRTST 24HR 2.06 ON 3- 4 TO 1/4 MILE OR LESS
LOWEST: 64 ON 3 3 = THUNDER
SNOW, ICE PELLETS, HAIL 4 = ICE PELLETS
TOTAL MONTH: 0.0 INCH 5 = HAIL
GRTST 24HR 0.0 6 = FREEZING RAIN OR DRIZZLE
GRTST DEPTH: 0 7 = DUSTSTORM OR SANDSTORM:
VSBY 1/2 MILE OR LESS
8 = SMOKE OR HAZE
[NO. OF DAYS WITH] [WEATHER - DAYS WITH] 9 = BLOWING SNOW
X = TORNADO
MAX 32 OR BELOW: 0 0.01 INCH OR MORE: 7
MAX 90 OR ABOVE: 24 0.10 INCH OR MORE: 4
MIN 32 OR BELOW: 0 0.50 INCH OR MORE: 1
MIN 0 OR BELOW: 0 1.00 INCH OR MORE: 1
[HDD (BASE 65) ]
TOTAL THIS MO. 0 CLEAR (SCALE 0-3) 16
DPTR FM NORMAL 0 PTCLDY (SCALE 4-7) 14
TOTAL FM JUL 1 1202 CLOUDY (SCALE 8-10) 0
DPTR FM NORMAL -245
[CDD (BASE 65) ]
TOTAL THIS MO. 615
DPTR FM NORMAL 93 [PRESSURE DATA]
TOTAL FM JAN 1 1331 HIGHEST SLP 29.97 ON 30
DPTR FM NORMAL 162 LOWEST SLP 29.58 ON 3
[REMARKS]
#FINAL-06-23#