000
CXUS51 KOKX 011844
CF6BDR
PRELIMINARY LOCAL CLIMATOLOGICAL DATA (WS FORM: F-6)
STATION: BRIDGEPORT CT
MONTH: DECEMBER
YEAR: 2021
LATITUDE: 41 10 N
LONGITUDE: 73 8 W
TEMPERATURE IN F: :PCPN: SNOW: WIND :SUNSHINE: SKY :PK WND
================================================================================
1 2 3 4 5 6A 6B 7 8 9 10 11 12 13 14 15 16 17 18
12Z AVG MX 2MIN
DY MAX MIN AVG DEP HDD CDD WTR SNW DPTH SPD SPD DIR MIN PSBL S-S WX SPD DR
================================================================================
1 49 36 43 2 22 0 0.00 0.0 0 6.3 16 310 M M 3 20 310
2 55 40 48 7 17 0 0.07 0.0 0 9.0 26 300 M M 8 41 290
3 47 32 40 0 25 0 0.00 0.0 0 11.4 28 290 M M 1 40 280
4 47 27 37 -3 28 0 0.00 0.0 0 7.2 16 210 M M 4 19 230
5 48 34 41 1 24 0 0.00 0.0 0 6.3 15 130 M M 2 20 120
6 56 44 50 10 15 0 0.48 0.0 0 13.1 33 300 M M 10 1 42 300
7 44 35 40 1 25 0 0.00 0.0 0 7.1 30 290 M M 0 43 290
8 38 32 35 -4 30 0 0.05 T 0 8.9 15 360 M M 8 1 18 360
9 38 29 34 -5 31 0 0.00 0.0 0 5.3 13 320 M M 3 18 310
10 49 35 42 4 23 0 0.00 0.0 0 3.5 10 160 M M 7 13 140
11 58 39 49 11 16 0 0.25 0.0 0 12.7 29 200 M M 10 123 36 210
12 56 40 48 10 17 0 0.00 0.0 0 11.7 28 310 M M 1 35 300
13 50 38 44 6 21 0 0.00 0.0 0 11.0 20 220 M M 0 26 230
14 54 31 43 6 22 0 0.00 0.0 0 5.3 14 10 M M 0 19 10
15 49 29 39 2 26 0 0.04 0.0 0 6.5 15 20 M M 4 18 20
16 56 48 52 15 13 0 0.00 0.0 0 7.3 15 220 M M 4 20 230
17 59 39 49 12 16 0 0.00 0.0 0 8.8 22 290 M M 0 31 290
18 44 39 42 6 23 0 0.12 0.0 0 8.1 16 70 M M 8 1 20 70
19 40 26 33 -3 32 0 0.04 0.0 0 11.9 23 330 M M 4 1 31 330
20 37 21 29 -7 36 0 0.00 0.0 M 8.1 21 230 M M 0 27 230
21 41 30 36 0 29 0 0.00 0.0 0 5.6 14 270 M M 2 19 270
22 48 33 41 6 24 0 0.12 0.0 0 11.1 23 300 M M 6 1 31 290
23 36 24 30 -5 35 0 T T 0 7.2 18 300 M M 2 26 290
24 33 26 30 -5 35 0 0.08 0.2 T 7.9 14 30 M M 8 1 18 30
25 43 30 37 2 28 0 0.24 0.0 T 4.6 12 50 M M 9 1 13 60
26 48 34 41 7 24 0 T 0.0 0 7.7 22 340 M M 4 27 330
27 37 30 34 0 31 0 0.13 0.0 0 5.2 13 340 M M 5 1 16 320
28 48 34 41 7 24 0 0.03 0.0 0 5.8 14 300 M M 7 1 19 300
29 42 38 40 6 25 0 0.03 0.0 0 5.5 10 50 M M 10 1 14 30
30 46 41 44 10 21 0 T 0.0 0 3.1 9 10 M M 10 1 11 360
31 49 44 47 14 18 0 0.05 0.0 0 3.5 13 180 M M 10 12 17 180
================================================================================
SM 1445 1058 756 0 1.73 0.2 236.7 M 150
================================================================================
AV 46.6 34.1 7.6 FASTST M M 5 MAX(MPH)
MISC ----> 33 300 43 290
================================================================================
NOTES:
# LAST OF SEVERAL OCCURRENCES
COLUMN 17 PEAK WIND IN M.P.H.
PRELIMINARY LOCAL CLIMATOLOGICAL DATA (WS FORM: F-6) , PAGE 2
STATION: BRIDGEPORT CT
MONTH: DECEMBER
YEAR: 2021
LATITUDE: 41 10 N
LONGITUDE: 73 8 W
[TEMPERATURE DATA] [PRECIPITATION DATA] SYMBOLS USED IN COLUMN 16
AVERAGE MONTHLY: 40.4 TOTAL FOR MONTH: 1.73 1 = FOG OR MIST
DPTR FM NORMAL: 3.4 DPTR FM NORMAL: -2.25 2 = FOG REDUCING VISIBILITY
HIGHEST: 59 ON 17 GRTST 24HR 0.48 ON 6- 6 TO 1/4 MILE OR LESS
LOWEST: 21 ON 20 3 = THUNDER
SNOW, ICE PELLETS, HAIL 4 = ICE PELLETS
TOTAL MONTH: 0.2 INCH 5 = HAIL
GRTST 24HR 0.2 ON 24-24 6 = FREEZING RAIN OR DRIZZLE
GRTST DEPTH: T 7 = DUSTSTORM OR SANDSTORM:
VSBY 1/2 MILE OR LESS
8 = SMOKE OR HAZE
[NO. OF DAYS WITH] [WEATHER - DAYS WITH] 9 = BLOWING SNOW
X = TORNADO
MAX 32 OR BELOW: 0 0.01 INCH OR MORE: 14
MAX 90 OR ABOVE: 0 0.10 INCH OR MORE: 6
MIN 32 OR BELOW: 13 0.50 INCH OR MORE: 0
MIN 0 OR BELOW: 0 1.00 INCH OR MORE: 0
[HDD (BASE 65) ]
TOTAL THIS MO. 756 CLEAR (SCALE 0-3) 12
DPTR FM NORMAL -112 PTCLDY (SCALE 4-7) 12
TOTAL FM JUL 1 1511 CLOUDY (SCALE 8-10) 7
DPTR FM NORMAL -255
[CDD (BASE 65) ]
TOTAL THIS MO. 0
DPTR FM NORMAL 0 [PRESSURE DATA]
TOTAL FM JAN 1 1101 HIGHEST SLP 30.69 ON 15
DPTR FM NORMAL 147 LOWEST SLP 29.46 ON 25
[REMARKS]
#FINAL-12-21#