000
CXUS51 KOKX 010910
CF6BDR
PRELIMINARY LOCAL CLIMATOLOGICAL DATA (WS FORM: F-6)
STATION: BRIDGEPORT CT
MONTH: SEPTEMBER
YEAR: 2023
LATITUDE: 41 10 N
LONGITUDE: 73 8 W
TEMPERATURE IN F: :PCPN: SNOW: WIND :SUNSHINE: SKY :PK WND
================================================================================
1 2 3 4 5 6A 6B 7 8 9 10 11 12 13 14 15 16 17 18
12Z AVG MX 2MIN
DY MAX MIN AVG DEP HDD CDD WTR SNW DPTH SPD SPD DIR MIN PSBL S-S WX SPD DR
================================================================================
1 73 57 65 -7 0 0 0.00 0.0 0 8.8 15 20 M M 0 19 10
2 77 57 67 -5 0 2 T 0.0 0 9.0 16 200 M M 0 20 200
3 87 67 77 5 0 12 0.00 0.0 0 5.9 16 210 M M 1 19 200
4 86 68 77 6 0 12 0.00 0.0 0 3.8 13 220 M M 0 15 200
5 87 71 79 8 0 14 0.00 0.0 0 4.7 10 220 M M 1 13 340
6 89 73 81 10 0 16 0.00 0.0 0 5.3 14 220 M M 1 16 210
7 93 72 83 13 0 18 0.00 0.0 0 4.8 14 190 M M 0 19 190
8 86 73 80 10 0 15 0.01 0.0 0 5.6 15 320 M M 7 3 19 300
9 83 75 79 9 0 14 0.01 0.0 M 4.6 12 190 M M 6 1 14 200
10 80 70 75 5 0 10 1.67 0.0 0 5.8 16 270 M M 6 13 20 250
11 80 70 75 6 0 10 0.10 0.0 0 6.3 13 20 M M 4 3 16 30
12 79 69 74 5 0 9 0.00 0.0 0 6.6 15 210 M M 4 18 200
13 79 69 74 5 0 9 0.24 0.0 0 5.1 16 200 M M 5 13 22 320
14 78 60 69 1 0 4 0.00 0.0 0 10.1 16 340 M M 2 23 350
15 71 57 64 -4 1 0 0.00 0.0 0 14.0 24 360 M M 0 32 20
16 75 57 66 -2 0 1 0.00 0.0 0 9.5 21 310 M M 0 29 300
17 77 51 64 -3 1 0 0.01 0.0 0 5.0 14 210 M M 2 19 160
18 69 60 65 -2 0 0 1.61 0.0 0 7.0 22 360 M M 9 13 29 330
19 74 57 66 -1 0 1 0.00 0.0 0 8.1 17 300 M M 1 24 310
20 74 52 63 -3 2 0 0.00 0.0 0 5.7 15 310 M M 0 21 320
21 71 53 62 -4 3 0 0.00 0.0 0 6.2 13 150 M M 0 15 30
22 70 56 63 -3 2 0 0.00 0.0 0 12.6 21 80 M M 1 26 100
23 61 57 59 -6 6 0 0.09 0.0 0 17.4 25 40 M M 9 1 33 40
24 63 59 61 -4 4 0 0.28 0.0 0 14.4 21 40 M M 10 1 27 40
25 61 55 58 -6 7 0 0.44 0.0 0 15.8 23 40 M M 10 1 30 20
26 63 51 57 -7 8 0 0.10 0.0 0 12.2 22 20 M M 6 30 40
27 65 47 56 -8 9 0 0.00 0.0 0 9.4 16 50 M M 0 21 40
28 68 51 60 -3 5 0 T 0.0 0 11.8 21 90 M M 7 25 90
29 62 55 59 -4 6 0 3.35 0.0 0 14.8 25 30 M M 10 13 32 20
30 65 54 60 -2 5 0 0.37 0.0 0 9.0 18 360 M M 9 1 24 360
================================================================================
SM 2246 1823 59 147 8.28 0.0 259.3 M 111
================================================================================
AV 74.9 60.8 8.6 FASTST M M 4 MAX(MPH)
MISC ----> # 25 40 33 40
================================================================================
NOTES:
# LAST OF SEVERAL OCCURRENCES
COLUMN 17 PEAK WIND IN M.P.H.
PRELIMINARY LOCAL CLIMATOLOGICAL DATA (WS FORM: F-6) , PAGE 2
STATION: BRIDGEPORT CT
MONTH: SEPTEMBER
YEAR: 2023
LATITUDE: 41 10 N
LONGITUDE: 73 8 W
[TEMPERATURE DATA] [PRECIPITATION DATA] SYMBOLS USED IN COLUMN 16
AVERAGE MONTHLY: 67.8 TOTAL FOR MONTH: 8.28 1 = FOG OR MIST
DPTR FM NORMAL: 0.2 DPTR FM NORMAL: 4.32 2 = FOG REDUCING VISIBILITY
HIGHEST: 93 ON 7 GRTST 24HR 3.35 ON 28-29 TO 1/4 MILE OR LESS
LOWEST: 47 ON 27 3 = THUNDER
SNOW, ICE PELLETS, HAIL 4 = ICE PELLETS
TOTAL MONTH: 0.0 INCH 5 = HAIL
GRTST 24HR 0.0 6 = FREEZING RAIN OR DRIZZLE
GRTST DEPTH: 0 7 = DUSTSTORM OR SANDSTORM:
VSBY 1/2 MILE OR LESS
8 = SMOKE OR HAZE
[NO. OF DAYS WITH] [WEATHER - DAYS WITH] 9 = BLOWING SNOW
X = TORNADO
MAX 32 OR BELOW: 0 0.01 INCH OR MORE: 13
MAX 90 OR ABOVE: 1 0.10 INCH OR MORE: 9
MIN 32 OR BELOW: 0 0.50 INCH OR MORE: 3
MIN 0 OR BELOW: 0 1.00 INCH OR MORE: 3
[HDD (BASE 65) ]
TOTAL THIS MO. 59 CLEAR (SCALE 0-3) 16
DPTR FM NORMAL 14 PTCLDY (SCALE 4-7) 8
TOTAL FM JUL 1 59 CLOUDY (SCALE 8-10) 6
DPTR FM NORMAL 14
[CDD (BASE 65) ]
TOTAL THIS MO. 147
DPTR FM NORMAL 24 [PRESSURE DATA]
TOTAL FM JAN 1 901 HIGHEST SLP M ON M
DPTR FM NORMAL -39 LOWEST SLP 29.67 ON 18
[REMARKS]
#FINAL-09-23#