000
CXAK56 PAFC 011029
CF6BET
PRELIMINARY LOCAL CLIMATOLOGICAL DATA (WS FORM: F-6)
STATION: BETHEL
MONTH: MAY
YEAR: 2022
LATITUDE: 60 46 N
LONGITUDE: 161 48 W
TEMPERATURE IN F: :PCPN: SNOW: WIND :SUNSHINE: SKY :PK WND
================================================================================
1 2 3 4 5 6A 6B 7 8 9 10 11 12 13 14 15 16 17 18
12Z AVG MX 2MIN
DY MAX MIN AVG DEP HDD CDD WTR SNW DPTH SPD SPD DIR MIN PSBL S-S WX SPD DR
================================================================================
1 58 33 46 8 19 0 0.00 M M 7.9 16 40 M M 3 24 30
2 54 29 42 4 23 0 T M M 8.7 22 330 M M 4 28 340
3 42 27 35 -4 30 0 0.00 M M 15.9 23 340 M M 1 28 320
4 43 22 33 -6 32 0 0.00 M M 8.2 13 310 M M 0 18 340
5 52 26 39 -1 26 0 0.00 M M 9.6 17 310 M M 1 22 330
6 46 28 37 -3 28 0 0.00 M M 11.5 18 290 M M 5 12 22 290
7 38 26 32 -8 33 0 0.01 M M 11.7 23 210 M M 10 18 30 230
8 38 33 36 -5 29 0 0.03 M M 21.1 32 220 M M 10 1 41 210
9 42 32 37 -4 28 0 0.03 M M 16.0 24 310 M M 9 1 31 300
10 47 29 38 -3 27 0 T M M 9.2 18 240 M M 8 18 21 220
11 41 33 37 -5 28 0 0.08 M M 13.0 21 270 M M 10 12 26 270
12 48 30 39 -3 26 0 0.00 M M 12.4 20 330 M M 8 12 23 340
13 44 30 37 -5 28 0 T M M 16.0 24 340 M M 6 1 32 330
14 51 25 38 -4 27 0 T M M 10.5 20 240 M M 1 1 23 250
15 50 32 41 -2 24 0 0.19 M M 10.1 20 330 M M 8 1 23 330
16 51 33 42 -1 23 0 0.00 M M 16.5 25 330 M M 2 32 320
17 52 30 41 -2 24 0 0.00 M M 12.6 18 330 M M 1 24 300
18 55 31 43 -1 22 0 0.00 M M 9.9 16 330 M M 0 21 290
19 70 39 55 11 10 0 0.00 M M 7.3 16 140 M M 0 21 150
20 69 39 54 10 11 0 0.00 M M 12.0 25 90 M M 1 35 100
21 64 48 56 12 9 0 0.00 M M 12.9 24 100 M M 6 32 110
22 69 46 58 13 7 0 0.00 M M 8.9 17 90 M M 3 24 90
23 72 42 57 12 8 0 T M M 8.3 20 320 M M 3 1 24 320
24 61 43 52 7 13 0 0.02 M M 10.4 18 230 M M 5 1 26 220
25 64 38 51 5 14 0 0.00 M M 8.8 15 310 M M 6 1 20 300
26 66 39 53 7 12 0 0.00 M M 8.4 17 300 M M 0 23 320
27 60 40 50 4 15 0 0.00 M M 13.3 21 320 M M 2 12 28 320
28 54 38 46 -1 19 0 0.00 M M 11.5 21 320 M M 5 27 330
29 67 37 52 5 13 0 0.00 M M 8.7 15 230 M M 2 12 22 220
30 70 40 55 7 10 0 T M M 5.3 13 240 M M 5 12 17 230
31 69 50 60 12 5 0 0.00 M M 7.8 16 180 M M 1 19 190
================================================================================
SM 1707 1068 623 0 0.36 M 344.4 M 126
================================================================================
AV 55.1 34.5 11.1 FASTST M M 4 MAX(MPH)
MISC ----> 32 220 41 210
================================================================================
NOTES:
# LAST OF SEVERAL OCCURRENCES
COLUMN 17 PEAK WIND IN M.P.H.
PRELIMINARY LOCAL CLIMATOLOGICAL DATA (WS FORM: F-6) , PAGE 2
STATION: BETHEL
MONTH: MAY
YEAR: 2022
LATITUDE: 60 46 N
LONGITUDE: 161 48 W
[TEMPERATURE DATA] [PRECIPITATION DATA] SYMBOLS USED IN COLUMN 16
AVERAGE MONTHLY: 44.8 TOTAL FOR MONTH: 0.36 1 = FOG OR MIST
DPTR FM NORMAL: 1.8 DPTR FM NORMAL: -0.85 2 = FOG REDUCING VISIBILITY
HIGHEST: 72 ON 23 GRTST 24HR 0.19 ON 14-15 TO 1/4 MILE OR LESS
LOWEST: 22 ON 4 3 = THUNDER
SNOW, ICE PELLETS, HAIL 4 = ICE PELLETS
TOTAL MONTH: M 5 = HAIL
GRTST 24HR M ON M 6 = FREEZING RAIN OR DRIZZLE
GRTST DEPTH: M ON M 7 = DUSTSTORM OR SANDSTORM:
VSBY 1/2 MILE OR LESS
8 = SMOKE OR HAZE
[NO. OF DAYS WITH] [WEATHER - DAYS WITH] 9 = BLOWING SNOW
X = TORNADO
MAX 32 OR BELOW: 0 0.01 INCH OR MORE: 6
MAX 90 OR ABOVE: 0 0.10 INCH OR MORE: 1
MIN 32 OR BELOW: 14 0.50 INCH OR MORE: 0
MIN 0 OR BELOW: 0 1.00 INCH OR MORE: 0
[HDD (BASE 65) ]
TOTAL THIS MO. 623 CLEAR (SCALE 0-3) 13
DPTR FM NORMAL -57 PTCLDY (SCALE 4-7) 13
TOTAL FM JUL 1 11983 CLOUDY (SCALE 8-10) 5
DPTR FM NORMAL 111
[CDD (BASE 65) ]
TOTAL THIS MO. 0
DPTR FM NORMAL 0 [PRESSURE DATA]
TOTAL FM JAN 1 0 HIGHEST SLP M ON M
DPTR FM NORMAL 0 LOWEST SLP 29.19 ON 2
[REMARKS]
#FINAL-05-22#