000
CXUS51 KBGM 011808
CLSBGM
CLIMATE REPORT
NATIONAL WEATHER SERVICE BINGHAMTON, NY
108 PM EST WED DEC 01 2021
...................................
...THE BINGHAMTON NY CLIMATE SUMMARY FOR THE SEASON, FROM
9/1/2021 TO 11/30/2021...
CLIMATE NORMAL PERIOD 1991 TO 2020
CLIMATE RECORD PERIOD 1951 TO 2021
WEATHER OBSERVED NORMAL DEPART LAST YEAR`S
VALUE DATE(S) VALUE FROM VALUE DATE(S)
NORMAL
................................................................
TEMPERATURE (F)
RECORD
HIGH 96 09/03/1953
09/02/1953
LOW 0 11/23/2018
HIGHEST 77 09/14 56 21 82 09/08
09/18
LOWEST 19 11/24 40 -21 19 11/18
AVG. MAXIMUM 58.4 57.2 1.2 59.1
AVG. MINIMUM 43.3 40.6 2.7 42.6
MEAN 50.8 48.9 1.9 50.9
DAYS MAX >= 90 0 0.1 -0.1 0
DAYS MAX <= 32 5 3.6 1.4 1
DAYS MIN <= 32 24 23.8 0.2 22
DAYS MIN <= 0 0 0.0 0.0 0
PRECIPITATION (INCHES)
RECORD
MAXIMUM 23.75 2011
MINIMUM 3.62 1964
TOTALS 13.05 10.88 2.17 9.31
DAILY AVG. 0.14 0.12 0.02 0.10
DAYS >= .01 46 38.5 7.5 39
DAYS >= .10 23 20.3 2.7 23
DAYS >= .50 8 6.5 1.5 4
DAYS >= 1.00 4 2.4 1.6 2
GREATEST
24 HR. TOTAL 2.49 10/26 TO 10/26 1.70
SNOWFALL (INCHES)
RECORDS
TOTAL 33.9 1995
24 HR TOTAL 12.9 11/20/2016 TO 11/21/2016
SNOW DEPTH 15 11/22/2016
TOTALS 5.6 7.8 -2.2 3.4
SINCE 7/1 5.6 7.8 -2.2 3.4
SNOWDEPTH AVG. 0 0
DAYS >= TRACE 14 6.8 7.2 7
DAYS >= 1.0 2 2.7 -0.7 2
GREATEST
SNOW DEPTH 2 11/29 1 11/02
11/30
11/28
11/18
24 HR TOTAL 1.6 11/28 TO 11/28 1.6 11/17 TO 11/18
DEGREE DAYS
HEATING TOTAL 1287 1500 -213 1304
SINCE 7/1 1319 1557 -238 1321
COOLING TOTAL 21 36 -15 38
SINCE 1/1 515 384 131 573
FREEZE DATES
RECORD
EARLIEST 09/20/1993
LATEST 05/25/1956
EARLIEST 11/02
LATEST 05/01
................................................................
WIND (MPH)
AVERAGE WIND SPEED 7.3
RESULTANT WIND SPEED/DIRECTION 3/240
HIGHEST WIND SPEED/DIRECTION 25/300 DATE 09/23
HIGHEST GUST SPEED/DIRECTION 37/280 DATE 09/08
SKY COVER
POSSIBLE SUNSHINE (PERCENT) MM
AVERAGE SKY COVER 0.52
NUMBER OF DAYS FAIR 16
NUMBER OF DAYS PC 21
NUMBER OF DAYS CLOUDY 17
AVERAGE RH (PERCENT) 79
WEATHER CONDITIONS. NUMBER OF DAYS WITH
THUNDERSTORM 3 MIXED PRECIP 0
HEAVY RAIN 12 RAIN 20
LIGHT RAIN 46 FREEZING RAIN 0
LT FREEZING RAIN 1 HAIL 1
HEAVY SNOW 0 SNOW 2
LIGHT SNOW 13 SLEET 0
FOG 59 FOG W/VIS <= 1/4 MILE 15
HAZE 1
- INDICATES NEGATIVE NUMBERS.
R INDICATES RECORD WAS SET OR TIED.
MM INDICATES DATA IS MISSING.
T INDICATES TRACE AMOUNT.
&&
12TH WARMEST SEPTEMBER TO NOVEMBER
12TH GREATEST PRECIPITATION SEPTEMBER TO NOVEMBER
$$
TAC